{"version":"1.0","provider_name":"Pablo Carpintero","provider_url":"https:\/\/pablocarpintero.es\/es","author_name":"pablo","author_url":"https:\/\/pablocarpintero.es\/es\/author\/pablo\/","title":"Gaita de Ifanes (Miranda) - Pablo Carpintero","type":"rich","width":600,"height":338,"html":"<blockquote class=\"wp-embedded-content\" data-secret=\"Uab6HVZSIQ\"><a href=\"https:\/\/pablocarpintero.es\/es\/producto\/gaita-de-ifanes-miranda\/\">Gaita de Ifanes (Miranda)<\/a><\/blockquote><iframe sandbox=\"allow-scripts\" security=\"restricted\" src=\"https:\/\/pablocarpintero.es\/es\/producto\/gaita-de-ifanes-miranda\/embed\/#?secret=Uab6HVZSIQ\" width=\"600\" height=\"338\" title=\"\u00abGaita de Ifanes (Miranda)\u00bb \u2014 Pablo Carpintero\" data-secret=\"Uab6HVZSIQ\" frameborder=\"0\" marginwidth=\"0\" marginheight=\"0\" scrolling=\"no\" class=\"wp-embedded-content\"><\/iframe><script type=\"text\/javascript\">\n\/* <![CDATA[ *\/\n\/*! This file is auto-generated *\/\n!function(d,l){\"use strict\";l.querySelector&&d.addEventListener&&\"undefined\"!=typeof URL&&(d.wp=d.wp||{},d.wp.receiveEmbedMessage||(d.wp.receiveEmbedMessage=function(e){var t=e.data;if((t||t.secret||t.message||t.value)&&!\/[^a-zA-Z0-9]\/.test(t.secret)){for(var s,r,n,a=l.querySelectorAll('iframe[data-secret=\"'+t.secret+'\"]'),o=l.querySelectorAll('blockquote[data-secret=\"'+t.secret+'\"]'),c=new RegExp(\"^https?:$\",\"i\"),i=0;i<o.length;i++)o[i].style.display=\"none\";for(i=0;i<a.length;i++)s=a[i],e.source===s.contentWindow&&(s.removeAttribute(\"style\"),\"height\"===t.message?(1e3<(r=parseInt(t.value,10))?r=1e3:~~r<200&&(r=200),s.height=r):\"link\"===t.message&&(r=new URL(s.getAttribute(\"src\")),n=new URL(t.value),c.test(n.protocol))&&n.host===r.host&&l.activeElement===s&&(d.top.location.href=t.value))}},d.addEventListener(\"message\",d.wp.receiveEmbedMessage,!1),l.addEventListener(\"DOMContentLoaded\",function(){for(var e,t,s=l.querySelectorAll(\"iframe.wp-embedded-content\"),r=0;r<s.length;r++)(t=(e=s[r]).getAttribute(\"data-secret\"))||(t=Math.random().toString(36).substring(2,12),e.src+=\"#?secret=\"+t,e.setAttribute(\"data-secret\",t)),e.contentWindow.postMessage({message:\"ready\",secret:t},\"*\")},!1)))}(window,document);\n\/\/# sourceURL=https:\/\/pablocarpintero.es\/wp-includes\/js\/wp-embed.min.js\n\/* ]]> *\/\n<\/script>","thumbnail_url":"https:\/\/pablocarpintero.es\/wp-content\/uploads\/2021\/10\/Gaita-Mirandesa-de-Ifanes-policromada-e-tallada-Pablo-Carpintero.jpg","thumbnail_width":2144,"thumbnail_height":1424,"description":"No Museu da M\u00fasica Portuguesa Casa Verdades Faria en Estoril cons\u00e9rvase unha fermosa gaita mirandesa, tallada e policromada. Entre as tallas incisas do seu punteiro aparece a inscrici\u00f3n \u201cRodrigo 1948\u201d por canto \u00e9 moi posible que fose o artes\u00e1n Rodrigo dos Anjos Fernandes quen fixera este fermoso instrumento. Pos\u00fae unha escala propiamente Mirandesa, \u00e9 dicir, [&hellip;]"}

No Museu da Música Portuguesa Casa Verdades Faria en Estoril consérvase unha fermosa gaita mirandesa, tallada e policromada. Entre as tallas incisas do seu punteiro aparece a inscrición “Rodrigo 1948” por canto é moi posible que fose o artesán Rodrigo dos Anjos Fernandes quen fixera este fermoso instrumento. Posúe unha escala propiamente Mirandesa, é dicir, [&hellip;]
