{"id":1028,"date":"2021-11-12T11:58:37","date_gmt":"2021-11-12T11:58:37","guid":{"rendered":"https:\/\/pablocarpintero.es\/?post_type=product&#038;p=1028"},"modified":"2024-12-03T05:04:16","modified_gmt":"2024-12-03T05:04:16","slug":"pandeireta-afinable","status":"publish","type":"product","link":"https:\/\/pablocarpintero.es\/es\/producto\/pandeireta-afinable\/","title":{"rendered":"Pandereta afinable"},"content":{"rendered":"<p><span data-mce-type=\"bookmark\" style=\"display: inline-block; width: 0px; overflow: hidden; line-height: 0;\" class=\"mce_SELRES_start\"><\/span>Para solucionar el problema de la variaci\u00f3n de la tensi\u00f3n de los parches de las panderetas en ambientes demasiado secos o h\u00famedos, hemos desarrollado y patentado una pandereta en la que se puede modificar la tensi\u00f3n del parche. En este nuevo modelo es posible tensar y destensar la piel simplemente girando las sonajas que, a su vez, son perfectamente m\u00f3viles, es decir, no es necesario utilizar ninguna llave para modificar la tensi\u00f3n de la piel, lo que supone una ventaja notable sobre los anteriores sistemas en los que este proceso se realizaba con una llave Allen.<\/p>\n<p class=\"translation-block\">Fabricamos esta pandereta con las mismas sonajas y distribuci\u00f3n que el <a href=\"https:\/\/pablocarpintero.es\/es\/producto\/pandeireta-modelo-guillade\/\" target=\"_self\">modelo de Guillade<\/a>. La hacemos en madera de cipr\u00e9s, como nuestro <a href=\"https:\/\/pablocarpintero.es\/es\/producto\/pandeiretas-lixeiras\/\" target=\"_self\">modelo lixeiro<\/a>, para que el peso del sistema de afinaci\u00f3n no se note respecto al de una pandereta normal, resultando un instrumento que tiene exactamente el mismo peso que una pandereta normal.<\/p>\n<p><span class=\"Apple-converted-space\">En este v\u00eddeo explicamos detalladamente como funciona este nuevo instrumento. <\/span><\/p>\n<p>&nbsp;<\/p>\n<div  class='avia-video av-3989t0-db4e078d18baafb28d00ad1cc7bf6835 avia-video-16-9 av-no-preview-image avia-video-load-always av-lazyload-immediate av-lazyload-video-embed'  itemprop=\"video\" itemtype=\"https:\/\/schema.org\/VideoObject\"  data-original_url='https:\/\/www.youtube.com\/watch?v=7GmPLHLjFdI&amp;t=1s'><script type='text\/html' class='av-video-tmpl'><div class='avia-iframe-wrap'><iframe loading=\"lazy\" title=\"Pandeireta afinable\" width=\"1500\" height=\"844\" src=\"https:\/\/www.youtube.com\/embed\/7GmPLHLjFdI?start=1&feature=oembed&autoplay=0&loop=0&controls=1&mute=0\" frameborder=\"0\" allow=\"accelerometer; autoplay; clipboard-write; encrypted-media; gyroscope; picture-in-picture\" allowfullscreen><\/iframe><\/div><\/script><div class='av-click-to-play-overlay'><div class=\"avia_playpause_icon\"><\/div><\/div><\/div>\n<p><span class=\"Apple-converted-space\">\u00a0<\/span><\/p>","protected":false},"excerpt":{"rendered":"<p>\ufeffPara solucionar o problema da variaci\u00f3n da tensi\u00f3n dos parches das pandeiretas en contornas demasiados secas ou h\u00famidas, temos desenvolvido e patentado unha pandeireta na que a tensi\u00f3n do parche se pode modificar. Neste novo modelo \u00e9 posible tensar e destensar a pel simplemente xirando as ferre\u00f1as que, \u00e1 s\u00faa vez, son perfectamente m\u00f3biles, \u00e9 [&hellip;]<\/p>\n","protected":false},"featured_media":1024,"comment_status":"open","ping_status":"closed","template":"","meta":{"give_campaign_id":0,"_joinchat":[]},"product_brand":[],"product_cat":[18,38],"product_tag":[],"class_list":{"0":"post-1028","1":"product","2":"type-product","3":"status-publish","4":"has-post-thumbnail","6":"product_cat-instrumentos-musicales","7":"product_cat-pandeiretas","9":"first","10":"instock","11":"taxable","12":"shipping-taxable","13":"purchasable","14":"product-type-simple"},"yoast_head":"<!-- This site is optimized with the Yoast SEO plugin v27.2 - https:\/\/yoast.com\/product\/yoast-seo-wordpress\/ -->\n<title>Pandeireta afinable - Pablo Carpintero<\/title>\n<meta name=\"robots\" content=\"index, follow, max-snippet:-1, max-image-preview:large, max-video-preview:-1\" \/>\n<link rel=\"canonical\" href=\"https:\/\/pablocarpintero.es\/es\/producto\/pandeireta-afinable\/\" \/>\n<meta property=\"og:locale\" content=\"es_ES\" \/>\n<meta property=\"og:type\" content=\"article\" \/>\n<meta property=\"og:title\" content=\"Pandeireta afinable - Pablo Carpintero\" \/>\n<meta property=\"og:description\" content=\"\ufeffPara solucionar o problema da variaci\u00f3n da tensi\u00f3n dos parches das pandeiretas en contornas demasiados secas ou h\u00famidas, temos desenvolvido e patentado unha pandeireta na que a tensi\u00f3n do parche se pode modificar. Neste novo modelo \u00e9 posible tensar e destensar a pel simplemente xirando as ferre\u00f1as que, \u00e1 s\u00faa vez, son perfectamente m\u00f3biles, \u00e9 [&hellip;]\" \/>\n<meta property=\"og:url\" content=\"https:\/\/pablocarpintero.es\/es\/producto\/pandeireta-afinable\/\" \/>\n<meta property=\"og:site_name\" content=\"Pablo Carpintero\" \/>\n<meta property=\"article:modified_time\" content=\"2024-12-03T05:04:16+00:00\" \/>\n<meta property=\"og:image\" content=\"https:\/\/pablocarpintero.es\/wp-content\/uploads\/2021\/11\/Afinable.jpg\" \/>\n\t<meta property=\"og:image:width\" content=\"1760\" \/>\n\t<meta property=\"og:image:height\" content=\"1566\" \/>\n\t<meta property=\"og:image:type\" content=\"image\/jpeg\" \/>\n<meta name=\"twitter:card\" content=\"summary_large_image\" \/>\n<meta name=\"twitter:label1\" content=\"Tiempo de lectura\" \/>\n\t<meta name=\"twitter:data1\" content=\"1 minuto\" \/>\n<script type=\"application\/ld+json\" class=\"yoast-schema-graph\">{\"@context\":\"https:\/\/schema.org\",\"@graph\":[{\"@type\":\"WebPage\",\"@id\":\"https:\/\/pablocarpintero.es\/producto\/pandeireta-afinable\/\",\"url\":\"https:\/\/pablocarpintero.es\/producto\/pandeireta-afinable\/\",\"name\":\"Pandeireta afinable - Pablo Carpintero\",\"isPartOf\":{\"@id\":\"https:\/\/pablocarpintero.es\/#website\"},\"primaryImageOfPage\":{\"@id\":\"https:\/\/pablocarpintero.es\/producto\/pandeireta-afinable\/#primaryimage\"},\"image\":{\"@id\":\"https:\/\/pablocarpintero.es\/producto\/pandeireta-afinable\/#primaryimage\"},\"thumbnailUrl\":\"https:\/\/pablocarpintero.es\/wp-content\/uploads\/2021\/11\/Afinable.jpg\",\"datePublished\":\"2021-11-12T11:58:37+00:00\",\"dateModified\":\"2024-12-03T05:04:16+00:00\",\"breadcrumb\":{\"@id\":\"https:\/\/pablocarpintero.es\/producto\/pandeireta-afinable\/#breadcrumb\"},\"inLanguage\":\"es\",\"potentialAction\":[{\"@type\":\"ReadAction\",\"target\":[\"https:\/\/pablocarpintero.es\/producto\/pandeireta-afinable\/\"]}]},{\"@type\":\"ImageObject\",\"inLanguage\":\"es\",\"@id\":\"https:\/\/pablocarpintero.es\/producto\/pandeireta-afinable\/#primaryimage\",\"url\":\"https:\/\/pablocarpintero.es\/wp-content\/uploads\/2021\/11\/Afinable.jpg\",\"contentUrl\":\"https:\/\/pablocarpintero.es\/wp-content\/uploads\/2021\/11\/Afinable.jpg\",\"width\":1760,\"height\":1566},{\"@type\":\"BreadcrumbList\",\"@id\":\"https:\/\/pablocarpintero.es\/producto\/pandeireta-afinable\/#breadcrumb\",\"itemListElement\":[{\"@type\":\"ListItem\",\"position\":1,\"name\":\"Portada\",\"item\":\"https:\/\/pablocarpintero.es\/inicio\/\"},{\"@type\":\"ListItem\",\"position\":2,\"name\":\"Tienda\",\"item\":\"https:\/\/pablocarpintero.es\/tienda\/\"},{\"@type\":\"ListItem\",\"position\":3,\"name\":\"Pandeireta afinable\"}]},{\"@type\":\"WebSite\",\"@id\":\"https:\/\/pablocarpintero.es\/#website\",\"url\":\"https:\/\/pablocarpintero.es\/\",\"name\":\"Pablo Carpintero\",\"description\":\"Otro sitio realizado con WordPress\",\"potentialAction\":[{\"@type\":\"SearchAction\",\"target\":{\"@type\":\"EntryPoint\",\"urlTemplate\":\"https:\/\/pablocarpintero.es\/?s={search_term_string}\"},\"query-input\":{\"@type\":\"PropertyValueSpecification\",\"valueRequired\":true,\"valueName\":\"search_term_string\"}}],\"inLanguage\":\"es\"}]}<\/script>\n<!-- \/ Yoast SEO plugin. -->","yoast_head_json":{"title":"Pandeireta afinable - Pablo Carpintero","robots":{"index":"index","follow":"follow","max-snippet":"max-snippet:-1","max-image-preview":"max-image-preview:large","max-video-preview":"max-video-preview:-1"},"canonical":"https:\/\/pablocarpintero.es\/es\/producto\/pandeireta-afinable\/","og_locale":"es_ES","og_type":"article","og_title":"Pandeireta afinable - Pablo Carpintero","og_description":"\ufeffPara solucionar o problema da variaci\u00f3n da tensi\u00f3n dos parches das pandeiretas en contornas demasiados secas ou h\u00famidas, temos desenvolvido e patentado unha pandeireta na que a tensi\u00f3n do parche se pode modificar. Neste novo modelo \u00e9 posible tensar e destensar a pel simplemente xirando as ferre\u00f1as que, \u00e1 s\u00faa vez, son perfectamente m\u00f3biles, \u00e9 [&hellip;]","og_url":"https:\/\/pablocarpintero.es\/es\/producto\/pandeireta-afinable\/","og_site_name":"Pablo Carpintero","article_modified_time":"2024-12-03T05:04:16+00:00","og_image":[{"width":1760,"height":1566,"url":"https:\/\/pablocarpintero.es\/wp-content\/uploads\/2021\/11\/Afinable.jpg","type":"image\/jpeg"}],"twitter_card":"summary_large_image","twitter_misc":{"Tiempo de lectura":"1 minuto"},"schema":{"@context":"https:\/\/schema.org","@graph":[{"@type":"WebPage","@id":"https:\/\/pablocarpintero.es\/producto\/pandeireta-afinable\/","url":"https:\/\/pablocarpintero.es\/producto\/pandeireta-afinable\/","name":"Pandeireta afinable - Pablo Carpintero","isPartOf":{"@id":"https:\/\/pablocarpintero.es\/#website"},"primaryImageOfPage":{"@id":"https:\/\/pablocarpintero.es\/producto\/pandeireta-afinable\/#primaryimage"},"image":{"@id":"https:\/\/pablocarpintero.es\/producto\/pandeireta-afinable\/#primaryimage"},"thumbnailUrl":"https:\/\/pablocarpintero.es\/wp-content\/uploads\/2021\/11\/Afinable.jpg","datePublished":"2021-11-12T11:58:37+00:00","dateModified":"2024-12-03T05:04:16+00:00","breadcrumb":{"@id":"https:\/\/pablocarpintero.es\/producto\/pandeireta-afinable\/#breadcrumb"},"inLanguage":"es","potentialAction":[{"@type":"ReadAction","target":["https:\/\/pablocarpintero.es\/producto\/pandeireta-afinable\/"]}]},{"@type":"ImageObject","inLanguage":"es","@id":"https:\/\/pablocarpintero.es\/producto\/pandeireta-afinable\/#primaryimage","url":"https:\/\/pablocarpintero.es\/wp-content\/uploads\/2021\/11\/Afinable.jpg","contentUrl":"https:\/\/pablocarpintero.es\/wp-content\/uploads\/2021\/11\/Afinable.jpg","width":1760,"height":1566},{"@type":"BreadcrumbList","@id":"https:\/\/pablocarpintero.es\/producto\/pandeireta-afinable\/#breadcrumb","itemListElement":[{"@type":"ListItem","position":1,"name":"Portada","item":"https:\/\/pablocarpintero.es\/inicio\/"},{"@type":"ListItem","position":2,"name":"Tienda","item":"https:\/\/pablocarpintero.es\/tienda\/"},{"@type":"ListItem","position":3,"name":"Pandeireta afinable"}]},{"@type":"WebSite","@id":"https:\/\/pablocarpintero.es\/#website","url":"https:\/\/pablocarpintero.es\/","name":"Pablo Carpintero","description":"Otro sitio realizado con WordPress","potentialAction":[{"@type":"SearchAction","target":{"@type":"EntryPoint","urlTemplate":"https:\/\/pablocarpintero.es\/?s={search_term_string}"},"query-input":{"@type":"PropertyValueSpecification","valueRequired":true,"valueName":"search_term_string"}}],"inLanguage":"es"}]}},"_links":{"self":[{"href":"https:\/\/pablocarpintero.es\/es\/wp-json\/wp\/v2\/product\/1028","targetHints":{"allow":["GET"]}}],"collection":[{"href":"https:\/\/pablocarpintero.es\/es\/wp-json\/wp\/v2\/product"}],"about":[{"href":"https:\/\/pablocarpintero.es\/es\/wp-json\/wp\/v2\/types\/product"}],"replies":[{"embeddable":true,"href":"https:\/\/pablocarpintero.es\/es\/wp-json\/wp\/v2\/comments?post=1028"}],"wp:featuredmedia":[{"embeddable":true,"href":"https:\/\/pablocarpintero.es\/es\/wp-json\/wp\/v2\/media\/1024"}],"wp:attachment":[{"href":"https:\/\/pablocarpintero.es\/es\/wp-json\/wp\/v2\/media?parent=1028"}],"wp:term":[{"taxonomy":"product_brand","embeddable":true,"href":"https:\/\/pablocarpintero.es\/es\/wp-json\/wp\/v2\/product_brand?post=1028"},{"taxonomy":"product_cat","embeddable":true,"href":"https:\/\/pablocarpintero.es\/es\/wp-json\/wp\/v2\/product_cat?post=1028"},{"taxonomy":"product_tag","embeddable":true,"href":"https:\/\/pablocarpintero.es\/es\/wp-json\/wp\/v2\/product_tag?post=1028"}],"curies":[{"name":"wp","href":"https:\/\/api.w.org\/{rel}","templated":true}]}}

<p><span data-mce-type="bookmark" style="display: inline-block; width: 0px; overflow: hidden; line-height: 0;" class="mce_SELRES_start"></span>Para solucionar el problema de la variación de la tensión de los parches de las panderetas en ambientes demasiado secos o húmedos, hemos desarrollado y patentado una pandereta en la que se puede modificar la tensión del parche. En este nuevo modelo es posible tensar y destensar la piel simplemente girando las sonajas que, a su vez, son perfectamente móviles, es decir, no es necesario utilizar ninguna llave para modificar la tensión de la piel, lo que supone una ventaja notable sobre los anteriores sistemas en los que este proceso se realizaba con una llave Allen.</p>
<p class="translation-block">Fabricamos esta pandereta con las mismas sonajas y distribución que el <a href="https://pablocarpintero.es/es/producto/pandeireta-modelo-guillade/" target="_self">modelo de Guillade</a>. La hacemos en madera de ciprés, como nuestro <a href="https://pablocarpintero.es/es/producto/pandeiretas-lixeiras/" target="_self">modelo lixeiro</a>, para que el peso del sistema de afinación no se note respecto al de una pandereta normal, resultando un instrumento que tiene exactamente el mismo peso que una pandereta normal.</p>
<p><span class="Apple-converted-space">En este vídeo explicamos detalladamente como funciona este nuevo instrumento. </span></p>
<p>&nbsp;</p>
<div  class='avia-video av-3989t0-db4e078d18baafb28d00ad1cc7bf6835 avia-video-16-9 av-no-preview-image avia-video-load-always av-lazyload-immediate av-lazyload-video-embed'  itemprop="video" itemtype="https://schema.org/VideoObject"  data-original_url='https://www.youtube.com/watch?v=7GmPLHLjFdI&amp;t=1s'><script type='text/html' class='av-video-tmpl'><div class='avia-iframe-wrap'><iframe loading="lazy" title="Pandeireta afinable" width="1500" height="844" src="https://www.youtube.com/embed/7GmPLHLjFdI?start=1&feature=oembed&autoplay=0&loop=0&controls=1&mute=0" frameborder="0" allow="accelerometer; autoplay; clipboard-write; encrypted-media; gyroscope; picture-in-picture" allowfullscreen></iframe></div></script><div class='av-click-to-play-overlay'><div class="avia_playpause_icon"></div></div></div>
<p><span class="Apple-converted-space"> </span></p>

<p>﻿Para solucionar o problema da variación da tensión dos parches das pandeiretas en contornas demasiados secas ou húmidas, temos desenvolvido e patentado unha pandeireta na que a tensión do parche se pode modificar. Neste novo modelo é posible tensar e destensar a pel simplemente xirando as ferreñas que, á súa vez, son perfectamente móbiles, é [&hellip;]</p>

<!-- This site is optimized with the Yoast SEO plugin v27.2 - https://yoast.com/product/yoast-seo-wordpress/ -->
<title>Pandeireta afinable - Pablo Carpintero</title>
<meta name="robots" content="index, follow, max-snippet:-1, max-image-preview:large, max-video-preview:-1" />
<link rel="canonical" href="https://pablocarpintero.es/es/producto/pandeireta-afinable/" />
<meta property="og:locale" content="es_ES" />
<meta property="og:type" content="article" />
<meta property="og:title" content="Pandeireta afinable - Pablo Carpintero" />
<meta property="og:description" content="﻿Para solucionar o problema da variación da tensión dos parches das pandeiretas en contornas demasiados secas ou húmidas, temos desenvolvido e patentado unha pandeireta na que a tensión do parche se pode modificar. Neste novo modelo é posible tensar e destensar a pel simplemente xirando as ferreñas que, á súa vez, son perfectamente móbiles, é [&hellip;]" />
<meta property="og:url" content="https://pablocarpintero.es/es/producto/pandeireta-afinable/" />
<meta property="og:site_name" content="Pablo Carpintero" />
<meta property="article:modified_time" content="2024-12-03T05:04:16+00:00" />
<meta property="og:image" content="https://pablocarpintero.es/wp-content/uploads/2021/11/Afinable.jpg" />
	<meta property="og:image:width" content="1760" />
	<meta property="og:image:height" content="1566" />
	<meta property="og:image:type" content="image/jpeg" />
<meta name="twitter:card" content="summary_large_image" />
<meta name="twitter:label1" content="Tiempo de lectura" />
	<meta name="twitter:data1" content="1 minuto" />
<script type="application/ld+json" class="yoast-schema-graph">{"@context":"https://schema.org","@graph":[{"@type":"WebPage","@id":"https://pablocarpintero.es/producto/pandeireta-afinable/","url":"https://pablocarpintero.es/producto/pandeireta-afinable/","name":"Pandeireta afinable - Pablo Carpintero","isPartOf":{"@id":"https://pablocarpintero.es/#website"},"primaryImageOfPage":{"@id":"https://pablocarpintero.es/producto/pandeireta-afinable/#primaryimage"},"image":{"@id":"https://pablocarpintero.es/producto/pandeireta-afinable/#primaryimage"},"thumbnailUrl":"https://pablocarpintero.es/wp-content/uploads/2021/11/Afinable.jpg","datePublished":"2021-11-12T11:58:37+00:00","dateModified":"2024-12-03T05:04:16+00:00","breadcrumb":{"@id":"https://pablocarpintero.es/producto/pandeireta-afinable/#breadcrumb"},"inLanguage":"es","potentialAction":[{"@type":"ReadAction","target":["https://pablocarpintero.es/producto/pandeireta-afinable/"]}]},{"@type":"ImageObject","inLanguage":"es","@id":"https://pablocarpintero.es/producto/pandeireta-afinable/#primaryimage","url":"https://pablocarpintero.es/wp-content/uploads/2021/11/Afinable.jpg","contentUrl":"https://pablocarpintero.es/wp-content/uploads/2021/11/Afinable.jpg","width":1760,"height":1566},{"@type":"BreadcrumbList","@id":"https://pablocarpintero.es/producto/pandeireta-afinable/#breadcrumb","itemListElement":[{"@type":"ListItem","position":1,"name":"Portada","item":"https://pablocarpintero.es/inicio/"},{"@type":"ListItem","position":2,"name":"Tienda","item":"https://pablocarpintero.es/tienda/"},{"@type":"ListItem","position":3,"name":"Pandeireta afinable"}]},{"@type":"WebSite","@id":"https://pablocarpintero.es/#website","url":"https://pablocarpintero.es/","name":"Pablo Carpintero","description":"Otro sitio realizado con WordPress","potentialAction":[{"@type":"SearchAction","target":{"@type":"EntryPoint","urlTemplate":"https://pablocarpintero.es/?s={search_term_string}"},"query-input":{"@type":"PropertyValueSpecification","valueRequired":true,"valueName":"search_term_string"}}],"inLanguage":"es"}]}</script>
<!-- / Yoast SEO plugin. -->

﻿Para solucionar o problema da variación da tensión dos parches das pandeiretas en contornas demasiados secas ou húmidas, temos desenvolvido e patentado unha pandeireta na que a tensión do parche se pode modificar. Neste novo modelo é posible tensar e destensar a pel simplemente xirando as ferreñas que, á súa vez, son perfectamente móbiles, é [&hellip;]
