{"id":1104,"date":"2021-11-13T08:10:46","date_gmt":"2021-11-13T08:10:46","guid":{"rendered":"https:\/\/pablocarpintero.es\/?post_type=product&#038;p=1104"},"modified":"2021-12-04T08:47:24","modified_gmt":"2021-12-04T08:47:24","slug":"ferrenas-planas-2","status":"publish","type":"product","link":"https:\/\/pablocarpintero.es\/es\/producto\/ferrenas-planas-2\/","title":{"rendered":"Sonajas planas"},"content":{"rendered":"<p>Las sonajas son instrumentos idi\u00f3fonos que consisten en un marco de madera con placas de metal insertadas en \u00e9l, de ah\u00ed su nombre \"sonajas\". Pueden ser simplemente un palo de madera en forma de Y, con un alambre y algunas sonajas enhebradas en \u00e9l, pero tambi\u00e9n fueron hechas con una tabla de madera, como las de esta foto. Este modelo de sonajas planas debi\u00f3 ser bastante frecuente para acompa\u00f1ar a los panderos en otras \u00e9pocas, ya que encontramos ejemplos de ellas desde Salvaterra do Mi\u00f1o hasta A Terra Cha.<\/p>\n<p>En este concierto se puede escuchar este conjunto de sonajas y pandero que precedi\u00f3 a las panderetas en siglos.<\/p>\n<p>&nbsp;<\/p>\n<div  class='avia-video av-9vths-0055445a11760c3b0ba7b02d091132d8 avia-video-16-9 av-no-preview-image avia-video-load-always av-lazyload-immediate av-lazyload-video-embed'  itemprop=\"video\" itemtype=\"https:\/\/schema.org\/VideoObject\"  data-original_url='https:\/\/www.youtube.com\/watch?v=OYRQ332IFbg&amp;t=32s'><script type='text\/html' class='av-video-tmpl'><div class='avia-iframe-wrap'><iframe loading=\"lazy\" title=\"MUSICA E EVOLUCI\u00d3N- Galego- Rosa S\u00e1nchez e Pablo Carpintero.\" width=\"1500\" height=\"844\" src=\"https:\/\/www.youtube.com\/embed\/OYRQ332IFbg?start=32&feature=oembed&autoplay=0&loop=0&controls=1&mute=0\" frameborder=\"0\" allow=\"accelerometer; autoplay; clipboard-write; encrypted-media; gyroscope; picture-in-picture\" allowfullscreen><\/iframe><\/div><\/script><div class='av-click-to-play-overlay'><div class=\"avia_playpause_icon\"><\/div><\/div><\/div>\n<p>&nbsp;<\/p>\n<p>En este concierto tambi\u00e9n lo puedes escuchar:<\/p>\n<p>&nbsp;<\/p>\n<div  class='avia-video av-2d02w0-3b55a555c374ca9d249740a9bd91ec96 avia-video-16-9 av-no-preview-image avia-video-load-always av-lazyload-immediate av-lazyload-video-embed'  itemprop=\"video\" itemtype=\"https:\/\/schema.org\/VideoObject\"  data-original_url='https:\/\/www.youtube.com\/watch?v=Gy6iG43Qit0&amp;t=17s'><script type='text\/html' class='av-video-tmpl'><div class='avia-iframe-wrap'><iframe loading=\"lazy\" title=\"MUSICA E EVOLUCI\u00d3N-Castellano- Rosa S\u00e1nchez y Pablo Carpintero.\" width=\"1500\" height=\"844\" src=\"https:\/\/www.youtube.com\/embed\/Gy6iG43Qit0?start=17&feature=oembed&autoplay=0&loop=0&controls=1&mute=0\" frameborder=\"0\" allow=\"accelerometer; autoplay; clipboard-write; encrypted-media; gyroscope; picture-in-picture\" allowfullscreen><\/iframe><\/div><\/script><div class='av-click-to-play-overlay'><div class=\"avia_playpause_icon\"><\/div><\/div><\/div>\n<p>&nbsp;<\/p>","protected":false},"excerpt":{"rendered":"<p>As ferre\u00f1as son instrumentos idi\u00f3fonos consistentes nun marco de madeira con chapas de metal inseridas nel, de a\u00ed seu nome &#8220;ferre\u00f1as&#8221;. Poden ser simplemente un guizo de madeira con forma de Y cun arame e unhas chapas enfiadas nel, pero tam\u00e9n se fabricaban cunha tabo\u00ed\u00f1a de madeira como as desta foto. Este modelo de ferre\u00f1as [&hellip;]<\/p>\n","protected":false},"featured_media":1105,"comment_status":"open","ping_status":"closed","template":"","meta":{"give_campaign_id":0,"_joinchat":[]},"product_brand":[],"product_cat":[47,18],"product_tag":[],"class_list":{"0":"post-1104","1":"product","2":"type-product","3":"status-publish","4":"has-post-thumbnail","6":"product_cat-ferrenas","7":"product_cat-instrumentos-musicales","9":"first","10":"instock","11":"taxable","12":"shipping-taxable","13":"purchasable","14":"product-type-simple"},"yoast_head":"<!-- This site is optimized with the Yoast SEO plugin v27.2 - https:\/\/yoast.com\/product\/yoast-seo-wordpress\/ -->\n<title>Ferre\u00f1as planas - Pablo Carpintero<\/title>\n<meta name=\"robots\" content=\"index, follow, max-snippet:-1, max-image-preview:large, max-video-preview:-1\" \/>\n<link rel=\"canonical\" href=\"https:\/\/pablocarpintero.es\/es\/producto\/ferrenas-planas-2\/\" \/>\n<meta property=\"og:locale\" content=\"es_ES\" \/>\n<meta property=\"og:type\" content=\"article\" \/>\n<meta property=\"og:title\" content=\"Ferre\u00f1as planas - Pablo Carpintero\" \/>\n<meta property=\"og:description\" content=\"As ferre\u00f1as son instrumentos idi\u00f3fonos consistentes nun marco de madeira con chapas de metal inseridas nel, de a\u00ed seu nome &#8220;ferre\u00f1as&#8221;. Poden ser simplemente un guizo de madeira con forma de Y cun arame e unhas chapas enfiadas nel, pero tam\u00e9n se fabricaban cunha tabo\u00ed\u00f1a de madeira como as desta foto. Este modelo de ferre\u00f1as [&hellip;]\" \/>\n<meta property=\"og:url\" content=\"https:\/\/pablocarpintero.es\/es\/producto\/ferrenas-planas-2\/\" \/>\n<meta property=\"og:site_name\" content=\"Pablo Carpintero\" \/>\n<meta property=\"article:modified_time\" content=\"2021-12-04T08:47:24+00:00\" \/>\n<meta property=\"og:image\" content=\"https:\/\/pablocarpintero.es\/wp-content\/uploads\/2021\/11\/Ferrenas-Pablo-carpintero-2-copia.jpg\" \/>\n\t<meta property=\"og:image:width\" content=\"1188\" \/>\n\t<meta property=\"og:image:height\" content=\"542\" \/>\n\t<meta property=\"og:image:type\" content=\"image\/jpeg\" \/>\n<meta name=\"twitter:card\" content=\"summary_large_image\" \/>\n<meta name=\"twitter:label1\" content=\"Tiempo de lectura\" \/>\n\t<meta name=\"twitter:data1\" content=\"1 minuto\" \/>\n<script type=\"application\/ld+json\" class=\"yoast-schema-graph\">{\"@context\":\"https:\/\/schema.org\",\"@graph\":[{\"@type\":\"WebPage\",\"@id\":\"https:\/\/pablocarpintero.es\/producto\/ferrenas-planas-2\/\",\"url\":\"https:\/\/pablocarpintero.es\/producto\/ferrenas-planas-2\/\",\"name\":\"Ferre\u00f1as planas - Pablo Carpintero\",\"isPartOf\":{\"@id\":\"https:\/\/pablocarpintero.es\/#website\"},\"primaryImageOfPage\":{\"@id\":\"https:\/\/pablocarpintero.es\/producto\/ferrenas-planas-2\/#primaryimage\"},\"image\":{\"@id\":\"https:\/\/pablocarpintero.es\/producto\/ferrenas-planas-2\/#primaryimage\"},\"thumbnailUrl\":\"https:\/\/pablocarpintero.es\/wp-content\/uploads\/2021\/11\/Ferrenas-Pablo-carpintero-2-copia.jpg\",\"datePublished\":\"2021-11-13T08:10:46+00:00\",\"dateModified\":\"2021-12-04T08:47:24+00:00\",\"breadcrumb\":{\"@id\":\"https:\/\/pablocarpintero.es\/producto\/ferrenas-planas-2\/#breadcrumb\"},\"inLanguage\":\"es\",\"potentialAction\":[{\"@type\":\"ReadAction\",\"target\":[\"https:\/\/pablocarpintero.es\/producto\/ferrenas-planas-2\/\"]}]},{\"@type\":\"ImageObject\",\"inLanguage\":\"es\",\"@id\":\"https:\/\/pablocarpintero.es\/producto\/ferrenas-planas-2\/#primaryimage\",\"url\":\"https:\/\/pablocarpintero.es\/wp-content\/uploads\/2021\/11\/Ferrenas-Pablo-carpintero-2-copia.jpg\",\"contentUrl\":\"https:\/\/pablocarpintero.es\/wp-content\/uploads\/2021\/11\/Ferrenas-Pablo-carpintero-2-copia.jpg\",\"width\":1188,\"height\":542},{\"@type\":\"BreadcrumbList\",\"@id\":\"https:\/\/pablocarpintero.es\/producto\/ferrenas-planas-2\/#breadcrumb\",\"itemListElement\":[{\"@type\":\"ListItem\",\"position\":1,\"name\":\"Portada\",\"item\":\"https:\/\/pablocarpintero.es\/inicio\/\"},{\"@type\":\"ListItem\",\"position\":2,\"name\":\"Tienda\",\"item\":\"https:\/\/pablocarpintero.es\/tienda\/\"},{\"@type\":\"ListItem\",\"position\":3,\"name\":\"Ferre\u00f1as planas\"}]},{\"@type\":\"WebSite\",\"@id\":\"https:\/\/pablocarpintero.es\/#website\",\"url\":\"https:\/\/pablocarpintero.es\/\",\"name\":\"Pablo Carpintero\",\"description\":\"Otro sitio realizado con WordPress\",\"potentialAction\":[{\"@type\":\"SearchAction\",\"target\":{\"@type\":\"EntryPoint\",\"urlTemplate\":\"https:\/\/pablocarpintero.es\/?s={search_term_string}\"},\"query-input\":{\"@type\":\"PropertyValueSpecification\",\"valueRequired\":true,\"valueName\":\"search_term_string\"}}],\"inLanguage\":\"es\"}]}<\/script>\n<!-- \/ Yoast SEO plugin. -->","yoast_head_json":{"title":"Ferre\u00f1as planas - Pablo Carpintero","robots":{"index":"index","follow":"follow","max-snippet":"max-snippet:-1","max-image-preview":"max-image-preview:large","max-video-preview":"max-video-preview:-1"},"canonical":"https:\/\/pablocarpintero.es\/es\/producto\/ferrenas-planas-2\/","og_locale":"es_ES","og_type":"article","og_title":"Ferre\u00f1as planas - Pablo Carpintero","og_description":"As ferre\u00f1as son instrumentos idi\u00f3fonos consistentes nun marco de madeira con chapas de metal inseridas nel, de a\u00ed seu nome &#8220;ferre\u00f1as&#8221;. Poden ser simplemente un guizo de madeira con forma de Y cun arame e unhas chapas enfiadas nel, pero tam\u00e9n se fabricaban cunha tabo\u00ed\u00f1a de madeira como as desta foto. Este modelo de ferre\u00f1as [&hellip;]","og_url":"https:\/\/pablocarpintero.es\/es\/producto\/ferrenas-planas-2\/","og_site_name":"Pablo Carpintero","article_modified_time":"2021-12-04T08:47:24+00:00","og_image":[{"width":1188,"height":542,"url":"https:\/\/pablocarpintero.es\/wp-content\/uploads\/2021\/11\/Ferrenas-Pablo-carpintero-2-copia.jpg","type":"image\/jpeg"}],"twitter_card":"summary_large_image","twitter_misc":{"Tiempo de lectura":"1 minuto"},"schema":{"@context":"https:\/\/schema.org","@graph":[{"@type":"WebPage","@id":"https:\/\/pablocarpintero.es\/producto\/ferrenas-planas-2\/","url":"https:\/\/pablocarpintero.es\/producto\/ferrenas-planas-2\/","name":"Ferre\u00f1as planas - Pablo Carpintero","isPartOf":{"@id":"https:\/\/pablocarpintero.es\/#website"},"primaryImageOfPage":{"@id":"https:\/\/pablocarpintero.es\/producto\/ferrenas-planas-2\/#primaryimage"},"image":{"@id":"https:\/\/pablocarpintero.es\/producto\/ferrenas-planas-2\/#primaryimage"},"thumbnailUrl":"https:\/\/pablocarpintero.es\/wp-content\/uploads\/2021\/11\/Ferrenas-Pablo-carpintero-2-copia.jpg","datePublished":"2021-11-13T08:10:46+00:00","dateModified":"2021-12-04T08:47:24+00:00","breadcrumb":{"@id":"https:\/\/pablocarpintero.es\/producto\/ferrenas-planas-2\/#breadcrumb"},"inLanguage":"es","potentialAction":[{"@type":"ReadAction","target":["https:\/\/pablocarpintero.es\/producto\/ferrenas-planas-2\/"]}]},{"@type":"ImageObject","inLanguage":"es","@id":"https:\/\/pablocarpintero.es\/producto\/ferrenas-planas-2\/#primaryimage","url":"https:\/\/pablocarpintero.es\/wp-content\/uploads\/2021\/11\/Ferrenas-Pablo-carpintero-2-copia.jpg","contentUrl":"https:\/\/pablocarpintero.es\/wp-content\/uploads\/2021\/11\/Ferrenas-Pablo-carpintero-2-copia.jpg","width":1188,"height":542},{"@type":"BreadcrumbList","@id":"https:\/\/pablocarpintero.es\/producto\/ferrenas-planas-2\/#breadcrumb","itemListElement":[{"@type":"ListItem","position":1,"name":"Portada","item":"https:\/\/pablocarpintero.es\/inicio\/"},{"@type":"ListItem","position":2,"name":"Tienda","item":"https:\/\/pablocarpintero.es\/tienda\/"},{"@type":"ListItem","position":3,"name":"Ferre\u00f1as planas"}]},{"@type":"WebSite","@id":"https:\/\/pablocarpintero.es\/#website","url":"https:\/\/pablocarpintero.es\/","name":"Pablo Carpintero","description":"Otro sitio realizado con WordPress","potentialAction":[{"@type":"SearchAction","target":{"@type":"EntryPoint","urlTemplate":"https:\/\/pablocarpintero.es\/?s={search_term_string}"},"query-input":{"@type":"PropertyValueSpecification","valueRequired":true,"valueName":"search_term_string"}}],"inLanguage":"es"}]}},"_links":{"self":[{"href":"https:\/\/pablocarpintero.es\/es\/wp-json\/wp\/v2\/product\/1104","targetHints":{"allow":["GET"]}}],"collection":[{"href":"https:\/\/pablocarpintero.es\/es\/wp-json\/wp\/v2\/product"}],"about":[{"href":"https:\/\/pablocarpintero.es\/es\/wp-json\/wp\/v2\/types\/product"}],"replies":[{"embeddable":true,"href":"https:\/\/pablocarpintero.es\/es\/wp-json\/wp\/v2\/comments?post=1104"}],"wp:featuredmedia":[{"embeddable":true,"href":"https:\/\/pablocarpintero.es\/es\/wp-json\/wp\/v2\/media\/1105"}],"wp:attachment":[{"href":"https:\/\/pablocarpintero.es\/es\/wp-json\/wp\/v2\/media?parent=1104"}],"wp:term":[{"taxonomy":"product_brand","embeddable":true,"href":"https:\/\/pablocarpintero.es\/es\/wp-json\/wp\/v2\/product_brand?post=1104"},{"taxonomy":"product_cat","embeddable":true,"href":"https:\/\/pablocarpintero.es\/es\/wp-json\/wp\/v2\/product_cat?post=1104"},{"taxonomy":"product_tag","embeddable":true,"href":"https:\/\/pablocarpintero.es\/es\/wp-json\/wp\/v2\/product_tag?post=1104"}],"curies":[{"name":"wp","href":"https:\/\/api.w.org\/{rel}","templated":true}]}}

<p>Las sonajas son instrumentos idiófonos que consisten en un marco de madera con placas de metal insertadas en él, de ahí su nombre "sonajas". Pueden ser simplemente un palo de madera en forma de Y, con un alambre y algunas sonajas enhebradas en él, pero también fueron hechas con una tabla de madera, como las de esta foto. Este modelo de sonajas planas debió ser bastante frecuente para acompañar a los panderos en otras épocas, ya que encontramos ejemplos de ellas desde Salvaterra do Miño hasta A Terra Cha.</p>
<p>En este concierto se puede escuchar este conjunto de sonajas y pandero que precedió a las panderetas en siglos.</p>
<p>&nbsp;</p>
<div  class='avia-video av-9vths-0055445a11760c3b0ba7b02d091132d8 avia-video-16-9 av-no-preview-image avia-video-load-always av-lazyload-immediate av-lazyload-video-embed'  itemprop="video" itemtype="https://schema.org/VideoObject"  data-original_url='https://www.youtube.com/watch?v=OYRQ332IFbg&amp;t=32s'><script type='text/html' class='av-video-tmpl'><div class='avia-iframe-wrap'><iframe loading="lazy" title="MUSICA E EVOLUCIÓN- Galego- Rosa Sánchez e Pablo Carpintero." width="1500" height="844" src="https://www.youtube.com/embed/OYRQ332IFbg?start=32&feature=oembed&autoplay=0&loop=0&controls=1&mute=0" frameborder="0" allow="accelerometer; autoplay; clipboard-write; encrypted-media; gyroscope; picture-in-picture" allowfullscreen></iframe></div></script><div class='av-click-to-play-overlay'><div class="avia_playpause_icon"></div></div></div>
<p>&nbsp;</p>
<p>En este concierto también lo puedes escuchar:</p>
<p>&nbsp;</p>
<div  class='avia-video av-2d02w0-3b55a555c374ca9d249740a9bd91ec96 avia-video-16-9 av-no-preview-image avia-video-load-always av-lazyload-immediate av-lazyload-video-embed'  itemprop="video" itemtype="https://schema.org/VideoObject"  data-original_url='https://www.youtube.com/watch?v=Gy6iG43Qit0&amp;t=17s'><script type='text/html' class='av-video-tmpl'><div class='avia-iframe-wrap'><iframe loading="lazy" title="MUSICA E EVOLUCIÓN-Castellano- Rosa Sánchez y Pablo Carpintero." width="1500" height="844" src="https://www.youtube.com/embed/Gy6iG43Qit0?start=17&feature=oembed&autoplay=0&loop=0&controls=1&mute=0" frameborder="0" allow="accelerometer; autoplay; clipboard-write; encrypted-media; gyroscope; picture-in-picture" allowfullscreen></iframe></div></script><div class='av-click-to-play-overlay'><div class="avia_playpause_icon"></div></div></div>
<p>&nbsp;</p>

<p>As ferreñas son instrumentos idiófonos consistentes nun marco de madeira con chapas de metal inseridas nel, de aí seu nome &#8220;ferreñas&#8221;. Poden ser simplemente un guizo de madeira con forma de Y cun arame e unhas chapas enfiadas nel, pero tamén se fabricaban cunha taboíña de madeira como as desta foto. Este modelo de ferreñas [&hellip;]</p>

<!-- This site is optimized with the Yoast SEO plugin v27.2 - https://yoast.com/product/yoast-seo-wordpress/ -->
<title>Ferreñas planas - Pablo Carpintero</title>
<meta name="robots" content="index, follow, max-snippet:-1, max-image-preview:large, max-video-preview:-1" />
<link rel="canonical" href="https://pablocarpintero.es/es/producto/ferrenas-planas-2/" />
<meta property="og:locale" content="es_ES" />
<meta property="og:type" content="article" />
<meta property="og:title" content="Ferreñas planas - Pablo Carpintero" />
<meta property="og:description" content="As ferreñas son instrumentos idiófonos consistentes nun marco de madeira con chapas de metal inseridas nel, de aí seu nome &#8220;ferreñas&#8221;. Poden ser simplemente un guizo de madeira con forma de Y cun arame e unhas chapas enfiadas nel, pero tamén se fabricaban cunha taboíña de madeira como as desta foto. Este modelo de ferreñas [&hellip;]" />
<meta property="og:url" content="https://pablocarpintero.es/es/producto/ferrenas-planas-2/" />
<meta property="og:site_name" content="Pablo Carpintero" />
<meta property="article:modified_time" content="2021-12-04T08:47:24+00:00" />
<meta property="og:image" content="https://pablocarpintero.es/wp-content/uploads/2021/11/Ferrenas-Pablo-carpintero-2-copia.jpg" />
	<meta property="og:image:width" content="1188" />
	<meta property="og:image:height" content="542" />
	<meta property="og:image:type" content="image/jpeg" />
<meta name="twitter:card" content="summary_large_image" />
<meta name="twitter:label1" content="Tiempo de lectura" />
	<meta name="twitter:data1" content="1 minuto" />
<script type="application/ld+json" class="yoast-schema-graph">{"@context":"https://schema.org","@graph":[{"@type":"WebPage","@id":"https://pablocarpintero.es/producto/ferrenas-planas-2/","url":"https://pablocarpintero.es/producto/ferrenas-planas-2/","name":"Ferreñas planas - Pablo Carpintero","isPartOf":{"@id":"https://pablocarpintero.es/#website"},"primaryImageOfPage":{"@id":"https://pablocarpintero.es/producto/ferrenas-planas-2/#primaryimage"},"image":{"@id":"https://pablocarpintero.es/producto/ferrenas-planas-2/#primaryimage"},"thumbnailUrl":"https://pablocarpintero.es/wp-content/uploads/2021/11/Ferrenas-Pablo-carpintero-2-copia.jpg","datePublished":"2021-11-13T08:10:46+00:00","dateModified":"2021-12-04T08:47:24+00:00","breadcrumb":{"@id":"https://pablocarpintero.es/producto/ferrenas-planas-2/#breadcrumb"},"inLanguage":"es","potentialAction":[{"@type":"ReadAction","target":["https://pablocarpintero.es/producto/ferrenas-planas-2/"]}]},{"@type":"ImageObject","inLanguage":"es","@id":"https://pablocarpintero.es/producto/ferrenas-planas-2/#primaryimage","url":"https://pablocarpintero.es/wp-content/uploads/2021/11/Ferrenas-Pablo-carpintero-2-copia.jpg","contentUrl":"https://pablocarpintero.es/wp-content/uploads/2021/11/Ferrenas-Pablo-carpintero-2-copia.jpg","width":1188,"height":542},{"@type":"BreadcrumbList","@id":"https://pablocarpintero.es/producto/ferrenas-planas-2/#breadcrumb","itemListElement":[{"@type":"ListItem","position":1,"name":"Portada","item":"https://pablocarpintero.es/inicio/"},{"@type":"ListItem","position":2,"name":"Tienda","item":"https://pablocarpintero.es/tienda/"},{"@type":"ListItem","position":3,"name":"Ferreñas planas"}]},{"@type":"WebSite","@id":"https://pablocarpintero.es/#website","url":"https://pablocarpintero.es/","name":"Pablo Carpintero","description":"Otro sitio realizado con WordPress","potentialAction":[{"@type":"SearchAction","target":{"@type":"EntryPoint","urlTemplate":"https://pablocarpintero.es/?s={search_term_string}"},"query-input":{"@type":"PropertyValueSpecification","valueRequired":true,"valueName":"search_term_string"}}],"inLanguage":"es"}]}</script>
<!-- / Yoast SEO plugin. -->

Ferreñas planas - Pablo Carpintero

As ferreñas son instrumentos idiófonos consistentes nun marco de madeira con chapas de metal inseridas nel, de aí seu nome &#8220;ferreñas&#8221;. Poden ser simplemente un guizo de madeira con forma de Y cun arame e unhas chapas enfiadas nel, pero tamén se fabricaban cunha taboíña de madeira como as desta foto. Este modelo de ferreñas [&hellip;]

Ferreñas planas
