{"id":1166,"date":"2021-11-13T15:56:07","date_gmt":"2021-11-13T15:56:07","guid":{"rendered":"https:\/\/pablocarpintero.es\/?post_type=product&#038;p=1166"},"modified":"2021-11-17T08:43:04","modified_gmt":"2021-11-17T08:43:04","slug":"manselina","status":"publish","type":"product","link":"https:\/\/pablocarpintero.es\/es\/producto\/manselina\/","title":{"rendered":"Manseli\u00f1a"},"content":{"rendered":"<p><a href=\"https:\/\/www.facebook.com\/profile.php?id=100063527168379\">Manseli\u00f1a<\/a> es un grupo de m\u00fasica medieval que dirige <a href=\"https:\/\/www.facebook.com\/maria.gimenez.1806253\">Mar\u00eda Gim\u00e9nez<\/a> y en el que participamos Tin Novio y yo mismo. Mar\u00eda dice que uno de sus objetivos es reformular la m\u00fasica medieval a partir de nuestra m\u00fasica tradicional, porque est\u00e1 convencida de que los gallegos y gallegas hemos conservado en nuestras canciones y en nuestra forma de hacer m\u00fasica la esencia de aquella \u00e9poca. Ya tenemos dos \u00e1lbumes editados que puedes conseguir en el apartado de <a href=\"https:\/\/pablocarpintero.es\/es\/discografia\/\">discograf\u00eda<\/a>.<\/p>\n<p>Si quieres contratarnos puedes contactar con nosotros <a href=\"https:\/\/pablocarpintero.es\/es\/contactar\/\">aqu\u00ed<\/a>.<\/p>","protected":false},"excerpt":{"rendered":"<p>Manseli\u00f1a \u00e9 un grupo de m\u00fasica medieval que dirixe Mar\u00eda Gim\u00e9nez e no que participamos Tin Novio e eu mesmo. Mar\u00eda di que un dos seus obxectivos e reformular a m\u00fasica medieval en base \u00e1 nosa m\u00fasica tradicional, pois est\u00e1 convencida de que os galegos e galegas conservamos nas nosas cantigas e no noso xeito [&hellip;]<\/p>\n","protected":false},"featured_media":1212,"comment_status":"open","ping_status":"closed","template":"","meta":{"give_campaign_id":0,"_joinchat":[]},"product_brand":[],"product_cat":[49],"product_tag":[],"class_list":{"0":"post-1166","1":"product","2":"type-product","3":"status-publish","4":"has-post-thumbnail","6":"product_cat-grupos","8":"first","9":"instock","10":"taxable","11":"shipping-taxable","12":"product-type-simple"},"yoast_head":"<!-- This site is optimized with the Yoast SEO plugin v27.2 - https:\/\/yoast.com\/product\/yoast-seo-wordpress\/ -->\n<title>Manseli\u00f1a - Pablo Carpintero<\/title>\n<meta name=\"robots\" content=\"index, follow, max-snippet:-1, max-image-preview:large, max-video-preview:-1\" \/>\n<link rel=\"canonical\" href=\"https:\/\/pablocarpintero.es\/es\/producto\/manselina\/\" \/>\n<meta property=\"og:locale\" content=\"es_ES\" \/>\n<meta property=\"og:type\" content=\"article\" \/>\n<meta property=\"og:title\" content=\"Manseli\u00f1a - Pablo Carpintero\" \/>\n<meta property=\"og:description\" content=\"Manseli\u00f1a \u00e9 un grupo de m\u00fasica medieval que dirixe Mar\u00eda Gim\u00e9nez e no que participamos Tin Novio e eu mesmo. Mar\u00eda di que un dos seus obxectivos e reformular a m\u00fasica medieval en base \u00e1 nosa m\u00fasica tradicional, pois est\u00e1 convencida de que os galegos e galegas conservamos nas nosas cantigas e no noso xeito [&hellip;]\" \/>\n<meta property=\"og:url\" content=\"https:\/\/pablocarpintero.es\/es\/producto\/manselina\/\" \/>\n<meta property=\"og:site_name\" content=\"Pablo Carpintero\" \/>\n<meta property=\"article:modified_time\" content=\"2021-11-17T08:43:04+00:00\" \/>\n<meta property=\"og:image\" content=\"https:\/\/pablocarpintero.es\/wp-content\/uploads\/2021\/11\/1-foto.jpg\" \/>\n\t<meta property=\"og:image:width\" content=\"1882\" \/>\n\t<meta property=\"og:image:height\" content=\"1279\" \/>\n\t<meta property=\"og:image:type\" content=\"image\/jpeg\" \/>\n<meta name=\"twitter:card\" content=\"summary_large_image\" \/>\n<script type=\"application\/ld+json\" class=\"yoast-schema-graph\">{\"@context\":\"https:\/\/schema.org\",\"@graph\":[{\"@type\":\"WebPage\",\"@id\":\"https:\/\/pablocarpintero.es\/producto\/manselina\/\",\"url\":\"https:\/\/pablocarpintero.es\/producto\/manselina\/\",\"name\":\"Manseli\u00f1a - Pablo Carpintero\",\"isPartOf\":{\"@id\":\"https:\/\/pablocarpintero.es\/#website\"},\"primaryImageOfPage\":{\"@id\":\"https:\/\/pablocarpintero.es\/producto\/manselina\/#primaryimage\"},\"image\":{\"@id\":\"https:\/\/pablocarpintero.es\/producto\/manselina\/#primaryimage\"},\"thumbnailUrl\":\"https:\/\/pablocarpintero.es\/wp-content\/uploads\/2021\/11\/1-foto.jpg\",\"datePublished\":\"2021-11-13T15:56:07+00:00\",\"dateModified\":\"2021-11-17T08:43:04+00:00\",\"breadcrumb\":{\"@id\":\"https:\/\/pablocarpintero.es\/producto\/manselina\/#breadcrumb\"},\"inLanguage\":\"es\",\"potentialAction\":[{\"@type\":\"ReadAction\",\"target\":[\"https:\/\/pablocarpintero.es\/producto\/manselina\/\"]}]},{\"@type\":\"ImageObject\",\"inLanguage\":\"es\",\"@id\":\"https:\/\/pablocarpintero.es\/producto\/manselina\/#primaryimage\",\"url\":\"https:\/\/pablocarpintero.es\/wp-content\/uploads\/2021\/11\/1-foto.jpg\",\"contentUrl\":\"https:\/\/pablocarpintero.es\/wp-content\/uploads\/2021\/11\/1-foto.jpg\",\"width\":1882,\"height\":1279},{\"@type\":\"BreadcrumbList\",\"@id\":\"https:\/\/pablocarpintero.es\/producto\/manselina\/#breadcrumb\",\"itemListElement\":[{\"@type\":\"ListItem\",\"position\":1,\"name\":\"Portada\",\"item\":\"https:\/\/pablocarpintero.es\/inicio\/\"},{\"@type\":\"ListItem\",\"position\":2,\"name\":\"Tienda\",\"item\":\"https:\/\/pablocarpintero.es\/tienda\/\"},{\"@type\":\"ListItem\",\"position\":3,\"name\":\"Manseli\u00f1a\"}]},{\"@type\":\"WebSite\",\"@id\":\"https:\/\/pablocarpintero.es\/#website\",\"url\":\"https:\/\/pablocarpintero.es\/\",\"name\":\"Pablo Carpintero\",\"description\":\"Otro sitio realizado con WordPress\",\"potentialAction\":[{\"@type\":\"SearchAction\",\"target\":{\"@type\":\"EntryPoint\",\"urlTemplate\":\"https:\/\/pablocarpintero.es\/?s={search_term_string}\"},\"query-input\":{\"@type\":\"PropertyValueSpecification\",\"valueRequired\":true,\"valueName\":\"search_term_string\"}}],\"inLanguage\":\"es\"}]}<\/script>\n<!-- \/ Yoast SEO plugin. -->","yoast_head_json":{"title":"Manseli\u00f1a - Pablo Carpintero","robots":{"index":"index","follow":"follow","max-snippet":"max-snippet:-1","max-image-preview":"max-image-preview:large","max-video-preview":"max-video-preview:-1"},"canonical":"https:\/\/pablocarpintero.es\/es\/producto\/manselina\/","og_locale":"es_ES","og_type":"article","og_title":"Manseli\u00f1a - Pablo Carpintero","og_description":"Manseli\u00f1a \u00e9 un grupo de m\u00fasica medieval que dirixe Mar\u00eda Gim\u00e9nez e no que participamos Tin Novio e eu mesmo. Mar\u00eda di que un dos seus obxectivos e reformular a m\u00fasica medieval en base \u00e1 nosa m\u00fasica tradicional, pois est\u00e1 convencida de que os galegos e galegas conservamos nas nosas cantigas e no noso xeito [&hellip;]","og_url":"https:\/\/pablocarpintero.es\/es\/producto\/manselina\/","og_site_name":"Pablo Carpintero","article_modified_time":"2021-11-17T08:43:04+00:00","og_image":[{"width":1882,"height":1279,"url":"https:\/\/pablocarpintero.es\/wp-content\/uploads\/2021\/11\/1-foto.jpg","type":"image\/jpeg"}],"twitter_card":"summary_large_image","schema":{"@context":"https:\/\/schema.org","@graph":[{"@type":"WebPage","@id":"https:\/\/pablocarpintero.es\/producto\/manselina\/","url":"https:\/\/pablocarpintero.es\/producto\/manselina\/","name":"Manseli\u00f1a - Pablo Carpintero","isPartOf":{"@id":"https:\/\/pablocarpintero.es\/#website"},"primaryImageOfPage":{"@id":"https:\/\/pablocarpintero.es\/producto\/manselina\/#primaryimage"},"image":{"@id":"https:\/\/pablocarpintero.es\/producto\/manselina\/#primaryimage"},"thumbnailUrl":"https:\/\/pablocarpintero.es\/wp-content\/uploads\/2021\/11\/1-foto.jpg","datePublished":"2021-11-13T15:56:07+00:00","dateModified":"2021-11-17T08:43:04+00:00","breadcrumb":{"@id":"https:\/\/pablocarpintero.es\/producto\/manselina\/#breadcrumb"},"inLanguage":"es","potentialAction":[{"@type":"ReadAction","target":["https:\/\/pablocarpintero.es\/producto\/manselina\/"]}]},{"@type":"ImageObject","inLanguage":"es","@id":"https:\/\/pablocarpintero.es\/producto\/manselina\/#primaryimage","url":"https:\/\/pablocarpintero.es\/wp-content\/uploads\/2021\/11\/1-foto.jpg","contentUrl":"https:\/\/pablocarpintero.es\/wp-content\/uploads\/2021\/11\/1-foto.jpg","width":1882,"height":1279},{"@type":"BreadcrumbList","@id":"https:\/\/pablocarpintero.es\/producto\/manselina\/#breadcrumb","itemListElement":[{"@type":"ListItem","position":1,"name":"Portada","item":"https:\/\/pablocarpintero.es\/inicio\/"},{"@type":"ListItem","position":2,"name":"Tienda","item":"https:\/\/pablocarpintero.es\/tienda\/"},{"@type":"ListItem","position":3,"name":"Manseli\u00f1a"}]},{"@type":"WebSite","@id":"https:\/\/pablocarpintero.es\/#website","url":"https:\/\/pablocarpintero.es\/","name":"Pablo Carpintero","description":"Otro sitio realizado con WordPress","potentialAction":[{"@type":"SearchAction","target":{"@type":"EntryPoint","urlTemplate":"https:\/\/pablocarpintero.es\/?s={search_term_string}"},"query-input":{"@type":"PropertyValueSpecification","valueRequired":true,"valueName":"search_term_string"}}],"inLanguage":"es"}]}},"_links":{"self":[{"href":"https:\/\/pablocarpintero.es\/es\/wp-json\/wp\/v2\/product\/1166","targetHints":{"allow":["GET"]}}],"collection":[{"href":"https:\/\/pablocarpintero.es\/es\/wp-json\/wp\/v2\/product"}],"about":[{"href":"https:\/\/pablocarpintero.es\/es\/wp-json\/wp\/v2\/types\/product"}],"replies":[{"embeddable":true,"href":"https:\/\/pablocarpintero.es\/es\/wp-json\/wp\/v2\/comments?post=1166"}],"wp:featuredmedia":[{"embeddable":true,"href":"https:\/\/pablocarpintero.es\/es\/wp-json\/wp\/v2\/media\/1212"}],"wp:attachment":[{"href":"https:\/\/pablocarpintero.es\/es\/wp-json\/wp\/v2\/media?parent=1166"}],"wp:term":[{"taxonomy":"product_brand","embeddable":true,"href":"https:\/\/pablocarpintero.es\/es\/wp-json\/wp\/v2\/product_brand?post=1166"},{"taxonomy":"product_cat","embeddable":true,"href":"https:\/\/pablocarpintero.es\/es\/wp-json\/wp\/v2\/product_cat?post=1166"},{"taxonomy":"product_tag","embeddable":true,"href":"https:\/\/pablocarpintero.es\/es\/wp-json\/wp\/v2\/product_tag?post=1166"}],"curies":[{"name":"wp","href":"https:\/\/api.w.org\/{rel}","templated":true}]}}

Manseliña

<p><a href="https://www.facebook.com/profile.php?id=100063527168379">Manseliña</a> es un grupo de música medieval que dirige <a href="https://www.facebook.com/maria.gimenez.1806253">María Giménez</a> y en el que participamos Tin Novio y yo mismo. María dice que uno de sus objetivos es reformular la música medieval a partir de nuestra música tradicional, porque está convencida de que los gallegos y gallegas hemos conservado en nuestras canciones y en nuestra forma de hacer música la esencia de aquella época. Ya tenemos dos álbumes editados que puedes conseguir en el apartado de <a href="https://pablocarpintero.es/es/discografia/">discografía</a>.</p>
<p>Si quieres contratarnos puedes contactar con nosotros <a href="https://pablocarpintero.es/es/contactar/">aquí</a>.</p>

<p>Manseliña é un grupo de música medieval que dirixe María Giménez e no que participamos Tin Novio e eu mesmo. María di que un dos seus obxectivos e reformular a música medieval en base á nosa música tradicional, pois está convencida de que os galegos e galegas conservamos nas nosas cantigas e no noso xeito [&hellip;]</p>

<!-- This site is optimized with the Yoast SEO plugin v27.2 - https://yoast.com/product/yoast-seo-wordpress/ -->
<title>Manseliña - Pablo Carpintero</title>
<meta name="robots" content="index, follow, max-snippet:-1, max-image-preview:large, max-video-preview:-1" />
<link rel="canonical" href="https://pablocarpintero.es/es/producto/manselina/" />
<meta property="og:locale" content="es_ES" />
<meta property="og:type" content="article" />
<meta property="og:title" content="Manseliña - Pablo Carpintero" />
<meta property="og:description" content="Manseliña é un grupo de música medieval que dirixe María Giménez e no que participamos Tin Novio e eu mesmo. María di que un dos seus obxectivos e reformular a música medieval en base á nosa música tradicional, pois está convencida de que os galegos e galegas conservamos nas nosas cantigas e no noso xeito [&hellip;]" />
<meta property="og:url" content="https://pablocarpintero.es/es/producto/manselina/" />
<meta property="og:site_name" content="Pablo Carpintero" />
<meta property="article:modified_time" content="2021-11-17T08:43:04+00:00" />
<meta property="og:image" content="https://pablocarpintero.es/wp-content/uploads/2021/11/1-foto.jpg" />
	<meta property="og:image:width" content="1882" />
	<meta property="og:image:height" content="1279" />
	<meta property="og:image:type" content="image/jpeg" />
<meta name="twitter:card" content="summary_large_image" />
<script type="application/ld+json" class="yoast-schema-graph">{"@context":"https://schema.org","@graph":[{"@type":"WebPage","@id":"https://pablocarpintero.es/producto/manselina/","url":"https://pablocarpintero.es/producto/manselina/","name":"Manseliña - Pablo Carpintero","isPartOf":{"@id":"https://pablocarpintero.es/#website"},"primaryImageOfPage":{"@id":"https://pablocarpintero.es/producto/manselina/#primaryimage"},"image":{"@id":"https://pablocarpintero.es/producto/manselina/#primaryimage"},"thumbnailUrl":"https://pablocarpintero.es/wp-content/uploads/2021/11/1-foto.jpg","datePublished":"2021-11-13T15:56:07+00:00","dateModified":"2021-11-17T08:43:04+00:00","breadcrumb":{"@id":"https://pablocarpintero.es/producto/manselina/#breadcrumb"},"inLanguage":"es","potentialAction":[{"@type":"ReadAction","target":["https://pablocarpintero.es/producto/manselina/"]}]},{"@type":"ImageObject","inLanguage":"es","@id":"https://pablocarpintero.es/producto/manselina/#primaryimage","url":"https://pablocarpintero.es/wp-content/uploads/2021/11/1-foto.jpg","contentUrl":"https://pablocarpintero.es/wp-content/uploads/2021/11/1-foto.jpg","width":1882,"height":1279},{"@type":"BreadcrumbList","@id":"https://pablocarpintero.es/producto/manselina/#breadcrumb","itemListElement":[{"@type":"ListItem","position":1,"name":"Portada","item":"https://pablocarpintero.es/inicio/"},{"@type":"ListItem","position":2,"name":"Tienda","item":"https://pablocarpintero.es/tienda/"},{"@type":"ListItem","position":3,"name":"Manseliña"}]},{"@type":"WebSite","@id":"https://pablocarpintero.es/#website","url":"https://pablocarpintero.es/","name":"Pablo Carpintero","description":"Otro sitio realizado con WordPress","potentialAction":[{"@type":"SearchAction","target":{"@type":"EntryPoint","urlTemplate":"https://pablocarpintero.es/?s={search_term_string}"},"query-input":{"@type":"PropertyValueSpecification","valueRequired":true,"valueName":"search_term_string"}}],"inLanguage":"es"}]}</script>
<!-- / Yoast SEO plugin. -->

Manseliña - Pablo Carpintero

Manseliña é un grupo de música medieval que dirixe María Giménez e no que participamos Tin Novio e eu mesmo. María di que un dos seus obxectivos e reformular a música medieval en base á nosa música tradicional, pois está convencida de que os galegos e galegas conservamos nas nosas cantigas e no noso xeito [&hellip;]
