{"id":1700,"date":"2021-11-26T20:11:42","date_gmt":"2021-11-26T20:11:42","guid":{"rendered":"https:\/\/pablocarpintero.es\/?post_type=product&#038;p=1700"},"modified":"2026-03-23T15:31:33","modified_gmt":"2026-03-23T15:31:33","slug":"gaita-de-fol-en-la-sib-si-do-ou-re","status":"publish","type":"product","link":"https:\/\/pablocarpintero.es\/es\/producto\/gaita-de-fol-en-la-sib-si-do-ou-re\/","title":{"rendered":"Gaita de fuelle est\u00e1ndar en La, Sib, Si, Do ou Re"},"content":{"rendered":"<p>Gaitas de fuelle est\u00e1ndar, provistas de punteras modernas que tienen escalas temperadas y crom\u00e1ticas, para tocar con digitaci\u00f3n abierta o cerrada o cerrada, o incluso en ambas digitaciones indistintamente. Puedes ver algunas de estas punteras en esta misma secci\u00f3n. Dentro de esta gama de tonalidades, \u00e9sta no afecta al precio del instrumento.<\/p>\n<p>Estas gaitas pueden llevar varios tubos sonoros: ronqueta, ronquillo o ambos. En cuanto a su ornamentaci\u00f3n, pueden carecer de anillas, como era m\u00e1s com\u00fan antiguamente, o estar anilladas en imitaci\u00f3n de marfil, bronce o acero inoxidable. El precio var\u00eda seg\u00fan la cantidad de bordones y el tipo de anillado.<\/p>\n<p>Las maderas que empleamos son el boj o maderas tropicales como el cocobolo, palo violeta o granadillo que encarecen algo el instrumento. Vestimos nuestras gaitas de fuelle con telas originales de gran calidad que puedes escoger en nuestro taller. Ponemos especial cuidado en su armon\u00eda con los flecos. Todas las gaitas se entregan con un malet\u00edn de madera, con una pajuela y pall\u00f3n de repuesto, que pueden ser opcionalmente sint\u00e9ticos.<\/p>","protected":false},"excerpt":{"rendered":"<p>Gaitas de fol est\u00e1ndar, \u00a0fornecidas con punteiros modernos que te\u00f1en escalas temperadas e crom\u00e1ticas, para tocar aberto ou pechado, ou incluso en ambas dixitaci\u00f3ns de xeito indiferente. Podes ver alg\u00fans destes punteiros nesta mesma secci\u00f3n. Dentro deste rango de tonalidades, esta non afecta ao prezo do instrumento. Estas gaitas poden levar varios tubos sonoros: ronqueta, [&hellip;]<\/p>\n","protected":false},"featured_media":921,"comment_status":"open","ping_status":"closed","template":"","meta":{"give_campaign_id":0,"_joinchat":[]},"product_brand":[],"product_cat":[20,29,18],"product_tag":[],"class_list":{"0":"post-1700","1":"product","2":"type-product","3":"status-publish","4":"has-post-thumbnail","6":"product_cat-gaitas-de-fol","7":"product_cat-gaitas-de-fol-e-punteiros-galegos-con-escalas-temperadas-e-cromaticas","8":"product_cat-instrumentos-musicales","10":"first","11":"instock","12":"taxable","13":"shipping-taxable","14":"purchasable","15":"product-type-variable"},"yoast_head":"<!-- This site is optimized with the Yoast SEO plugin v27.2 - https:\/\/yoast.com\/product\/yoast-seo-wordpress\/ -->\n<title>Gaita de fol est\u00e1ndar en La, Sib, Si, Do ou Re - Pablo Carpintero<\/title>\n<meta name=\"robots\" content=\"index, follow, max-snippet:-1, max-image-preview:large, max-video-preview:-1\" \/>\n<link rel=\"canonical\" href=\"https:\/\/pablocarpintero.es\/es\/producto\/gaita-de-fol-en-la-sib-si-do-ou-re\/\" \/>\n<meta property=\"og:locale\" content=\"es_ES\" \/>\n<meta property=\"og:type\" content=\"article\" \/>\n<meta property=\"og:title\" content=\"Gaita de fol est\u00e1ndar en La, Sib, Si, Do ou Re - Pablo Carpintero\" \/>\n<meta property=\"og:description\" content=\"Gaitas de fol est\u00e1ndar, \u00a0fornecidas con punteiros modernos que te\u00f1en escalas temperadas e crom\u00e1ticas, para tocar aberto ou pechado, ou incluso en ambas dixitaci\u00f3ns de xeito indiferente. Podes ver alg\u00fans destes punteiros nesta mesma secci\u00f3n. Dentro deste rango de tonalidades, esta non afecta ao prezo do instrumento. Estas gaitas poden levar varios tubos sonoros: ronqueta, [&hellip;]\" \/>\n<meta property=\"og:url\" content=\"https:\/\/pablocarpintero.es\/es\/producto\/gaita-de-fol-en-la-sib-si-do-ou-re\/\" \/>\n<meta property=\"og:site_name\" content=\"Pablo Carpintero\" \/>\n<meta property=\"article:modified_time\" content=\"2026-03-23T15:31:33+00:00\" \/>\n<meta property=\"og:image\" content=\"https:\/\/pablocarpintero.es\/wp-content\/uploads\/2021\/10\/DSC_5775.jpg\" \/>\n\t<meta property=\"og:image:width\" content=\"2005\" \/>\n\t<meta property=\"og:image:height\" content=\"1339\" \/>\n\t<meta property=\"og:image:type\" content=\"image\/jpeg\" \/>\n<meta name=\"twitter:card\" content=\"summary_large_image\" \/>\n<script type=\"application\/ld+json\" class=\"yoast-schema-graph\">{\"@context\":\"https:\/\/schema.org\",\"@graph\":[{\"@type\":\"WebPage\",\"@id\":\"https:\/\/pablocarpintero.es\/producto\/gaita-de-fol-en-la-sib-si-do-ou-re\/\",\"url\":\"https:\/\/pablocarpintero.es\/producto\/gaita-de-fol-en-la-sib-si-do-ou-re\/\",\"name\":\"Gaita de fol est\u00e1ndar en La, Sib, Si, Do ou Re - Pablo Carpintero\",\"isPartOf\":{\"@id\":\"https:\/\/pablocarpintero.es\/#website\"},\"primaryImageOfPage\":{\"@id\":\"https:\/\/pablocarpintero.es\/producto\/gaita-de-fol-en-la-sib-si-do-ou-re\/#primaryimage\"},\"image\":{\"@id\":\"https:\/\/pablocarpintero.es\/producto\/gaita-de-fol-en-la-sib-si-do-ou-re\/#primaryimage\"},\"thumbnailUrl\":\"https:\/\/pablocarpintero.es\/wp-content\/uploads\/2021\/10\/DSC_5775.jpg\",\"datePublished\":\"2021-11-26T20:11:42+00:00\",\"dateModified\":\"2026-03-23T15:31:33+00:00\",\"breadcrumb\":{\"@id\":\"https:\/\/pablocarpintero.es\/producto\/gaita-de-fol-en-la-sib-si-do-ou-re\/#breadcrumb\"},\"inLanguage\":\"es\",\"potentialAction\":[{\"@type\":\"ReadAction\",\"target\":[\"https:\/\/pablocarpintero.es\/producto\/gaita-de-fol-en-la-sib-si-do-ou-re\/\"]}]},{\"@type\":\"ImageObject\",\"inLanguage\":\"es\",\"@id\":\"https:\/\/pablocarpintero.es\/producto\/gaita-de-fol-en-la-sib-si-do-ou-re\/#primaryimage\",\"url\":\"https:\/\/pablocarpintero.es\/wp-content\/uploads\/2021\/10\/DSC_5775.jpg\",\"contentUrl\":\"https:\/\/pablocarpintero.es\/wp-content\/uploads\/2021\/10\/DSC_5775.jpg\",\"width\":2005,\"height\":1339},{\"@type\":\"BreadcrumbList\",\"@id\":\"https:\/\/pablocarpintero.es\/producto\/gaita-de-fol-en-la-sib-si-do-ou-re\/#breadcrumb\",\"itemListElement\":[{\"@type\":\"ListItem\",\"position\":1,\"name\":\"Portada\",\"item\":\"https:\/\/pablocarpintero.es\/inicio\/\"},{\"@type\":\"ListItem\",\"position\":2,\"name\":\"Tienda\",\"item\":\"https:\/\/pablocarpintero.es\/tienda\/\"},{\"@type\":\"ListItem\",\"position\":3,\"name\":\"Gaita de fol est\u00e1ndar en La, Sib, Si, Do ou Re\"}]},{\"@type\":\"WebSite\",\"@id\":\"https:\/\/pablocarpintero.es\/#website\",\"url\":\"https:\/\/pablocarpintero.es\/\",\"name\":\"Pablo Carpintero\",\"description\":\"Otro sitio realizado con WordPress\",\"potentialAction\":[{\"@type\":\"SearchAction\",\"target\":{\"@type\":\"EntryPoint\",\"urlTemplate\":\"https:\/\/pablocarpintero.es\/?s={search_term_string}\"},\"query-input\":{\"@type\":\"PropertyValueSpecification\",\"valueRequired\":true,\"valueName\":\"search_term_string\"}}],\"inLanguage\":\"es\"}]}<\/script>\n<!-- \/ Yoast SEO plugin. -->","yoast_head_json":{"title":"Gaita de fol est\u00e1ndar en La, Sib, Si, Do ou Re - Pablo Carpintero","robots":{"index":"index","follow":"follow","max-snippet":"max-snippet:-1","max-image-preview":"max-image-preview:large","max-video-preview":"max-video-preview:-1"},"canonical":"https:\/\/pablocarpintero.es\/es\/producto\/gaita-de-fol-en-la-sib-si-do-ou-re\/","og_locale":"es_ES","og_type":"article","og_title":"Gaita de fol est\u00e1ndar en La, Sib, Si, Do ou Re - Pablo Carpintero","og_description":"Gaitas de fol est\u00e1ndar, \u00a0fornecidas con punteiros modernos que te\u00f1en escalas temperadas e crom\u00e1ticas, para tocar aberto ou pechado, ou incluso en ambas dixitaci\u00f3ns de xeito indiferente. Podes ver alg\u00fans destes punteiros nesta mesma secci\u00f3n. Dentro deste rango de tonalidades, esta non afecta ao prezo do instrumento. Estas gaitas poden levar varios tubos sonoros: ronqueta, [&hellip;]","og_url":"https:\/\/pablocarpintero.es\/es\/producto\/gaita-de-fol-en-la-sib-si-do-ou-re\/","og_site_name":"Pablo Carpintero","article_modified_time":"2026-03-23T15:31:33+00:00","og_image":[{"width":2005,"height":1339,"url":"https:\/\/pablocarpintero.es\/wp-content\/uploads\/2021\/10\/DSC_5775.jpg","type":"image\/jpeg"}],"twitter_card":"summary_large_image","schema":{"@context":"https:\/\/schema.org","@graph":[{"@type":"WebPage","@id":"https:\/\/pablocarpintero.es\/producto\/gaita-de-fol-en-la-sib-si-do-ou-re\/","url":"https:\/\/pablocarpintero.es\/producto\/gaita-de-fol-en-la-sib-si-do-ou-re\/","name":"Gaita de fol est\u00e1ndar en La, Sib, Si, Do ou Re - Pablo Carpintero","isPartOf":{"@id":"https:\/\/pablocarpintero.es\/#website"},"primaryImageOfPage":{"@id":"https:\/\/pablocarpintero.es\/producto\/gaita-de-fol-en-la-sib-si-do-ou-re\/#primaryimage"},"image":{"@id":"https:\/\/pablocarpintero.es\/producto\/gaita-de-fol-en-la-sib-si-do-ou-re\/#primaryimage"},"thumbnailUrl":"https:\/\/pablocarpintero.es\/wp-content\/uploads\/2021\/10\/DSC_5775.jpg","datePublished":"2021-11-26T20:11:42+00:00","dateModified":"2026-03-23T15:31:33+00:00","breadcrumb":{"@id":"https:\/\/pablocarpintero.es\/producto\/gaita-de-fol-en-la-sib-si-do-ou-re\/#breadcrumb"},"inLanguage":"es","potentialAction":[{"@type":"ReadAction","target":["https:\/\/pablocarpintero.es\/producto\/gaita-de-fol-en-la-sib-si-do-ou-re\/"]}]},{"@type":"ImageObject","inLanguage":"es","@id":"https:\/\/pablocarpintero.es\/producto\/gaita-de-fol-en-la-sib-si-do-ou-re\/#primaryimage","url":"https:\/\/pablocarpintero.es\/wp-content\/uploads\/2021\/10\/DSC_5775.jpg","contentUrl":"https:\/\/pablocarpintero.es\/wp-content\/uploads\/2021\/10\/DSC_5775.jpg","width":2005,"height":1339},{"@type":"BreadcrumbList","@id":"https:\/\/pablocarpintero.es\/producto\/gaita-de-fol-en-la-sib-si-do-ou-re\/#breadcrumb","itemListElement":[{"@type":"ListItem","position":1,"name":"Portada","item":"https:\/\/pablocarpintero.es\/inicio\/"},{"@type":"ListItem","position":2,"name":"Tienda","item":"https:\/\/pablocarpintero.es\/tienda\/"},{"@type":"ListItem","position":3,"name":"Gaita de fol est\u00e1ndar en La, Sib, Si, Do ou Re"}]},{"@type":"WebSite","@id":"https:\/\/pablocarpintero.es\/#website","url":"https:\/\/pablocarpintero.es\/","name":"Pablo Carpintero","description":"Otro sitio realizado con WordPress","potentialAction":[{"@type":"SearchAction","target":{"@type":"EntryPoint","urlTemplate":"https:\/\/pablocarpintero.es\/?s={search_term_string}"},"query-input":{"@type":"PropertyValueSpecification","valueRequired":true,"valueName":"search_term_string"}}],"inLanguage":"es"}]}},"_links":{"self":[{"href":"https:\/\/pablocarpintero.es\/es\/wp-json\/wp\/v2\/product\/1700","targetHints":{"allow":["GET"]}}],"collection":[{"href":"https:\/\/pablocarpintero.es\/es\/wp-json\/wp\/v2\/product"}],"about":[{"href":"https:\/\/pablocarpintero.es\/es\/wp-json\/wp\/v2\/types\/product"}],"replies":[{"embeddable":true,"href":"https:\/\/pablocarpintero.es\/es\/wp-json\/wp\/v2\/comments?post=1700"}],"wp:featuredmedia":[{"embeddable":true,"href":"https:\/\/pablocarpintero.es\/es\/wp-json\/wp\/v2\/media\/921"}],"wp:attachment":[{"href":"https:\/\/pablocarpintero.es\/es\/wp-json\/wp\/v2\/media?parent=1700"}],"wp:term":[{"taxonomy":"product_brand","embeddable":true,"href":"https:\/\/pablocarpintero.es\/es\/wp-json\/wp\/v2\/product_brand?post=1700"},{"taxonomy":"product_cat","embeddable":true,"href":"https:\/\/pablocarpintero.es\/es\/wp-json\/wp\/v2\/product_cat?post=1700"},{"taxonomy":"product_tag","embeddable":true,"href":"https:\/\/pablocarpintero.es\/es\/wp-json\/wp\/v2\/product_tag?post=1700"}],"curies":[{"name":"wp","href":"https:\/\/api.w.org\/{rel}","templated":true}]}}

Gaita de fuelle estándar en La, Sib, Si, Do ou Re

<p>Gaitas de fuelle estándar, provistas de punteras modernas que tienen escalas temperadas y cromáticas, para tocar con digitación abierta o cerrada o cerrada, o incluso en ambas digitaciones indistintamente. Puedes ver algunas de estas punteras en esta misma sección. Dentro de esta gama de tonalidades, ésta no afecta al precio del instrumento.</p>
<p>Estas gaitas pueden llevar varios tubos sonoros: ronqueta, ronquillo o ambos. En cuanto a su ornamentación, pueden carecer de anillas, como era más común antiguamente, o estar anilladas en imitación de marfil, bronce o acero inoxidable. El precio varía según la cantidad de bordones y el tipo de anillado.</p>
<p>Las maderas que empleamos son el boj o maderas tropicales como el cocobolo, palo violeta o granadillo que encarecen algo el instrumento. Vestimos nuestras gaitas de fuelle con telas originales de gran calidad que puedes escoger en nuestro taller. Ponemos especial cuidado en su armonía con los flecos. Todas las gaitas se entregan con un maletín de madera, con una pajuela y pallón de repuesto, que pueden ser opcionalmente sintéticos.</p>

<p>Gaitas de fol estándar,  fornecidas con punteiros modernos que teñen escalas temperadas e cromáticas, para tocar aberto ou pechado, ou incluso en ambas dixitacións de xeito indiferente. Podes ver algúns destes punteiros nesta mesma sección. Dentro deste rango de tonalidades, esta non afecta ao prezo do instrumento. Estas gaitas poden levar varios tubos sonoros: ronqueta, [&hellip;]</p>

<!-- This site is optimized with the Yoast SEO plugin v27.2 - https://yoast.com/product/yoast-seo-wordpress/ -->
<title>Gaita de fol estándar en La, Sib, Si, Do ou Re - Pablo Carpintero</title>
<meta name="robots" content="index, follow, max-snippet:-1, max-image-preview:large, max-video-preview:-1" />
<link rel="canonical" href="https://pablocarpintero.es/es/producto/gaita-de-fol-en-la-sib-si-do-ou-re/" />
<meta property="og:locale" content="es_ES" />
<meta property="og:type" content="article" />
<meta property="og:title" content="Gaita de fol estándar en La, Sib, Si, Do ou Re - Pablo Carpintero" />
<meta property="og:description" content="Gaitas de fol estándar,  fornecidas con punteiros modernos que teñen escalas temperadas e cromáticas, para tocar aberto ou pechado, ou incluso en ambas dixitacións de xeito indiferente. Podes ver algúns destes punteiros nesta mesma sección. Dentro deste rango de tonalidades, esta non afecta ao prezo do instrumento. Estas gaitas poden levar varios tubos sonoros: ronqueta, [&hellip;]" />
<meta property="og:url" content="https://pablocarpintero.es/es/producto/gaita-de-fol-en-la-sib-si-do-ou-re/" />
<meta property="og:site_name" content="Pablo Carpintero" />
<meta property="article:modified_time" content="2026-03-23T15:31:33+00:00" />
<meta property="og:image" content="https://pablocarpintero.es/wp-content/uploads/2021/10/DSC_5775.jpg" />
	<meta property="og:image:width" content="2005" />
	<meta property="og:image:height" content="1339" />
	<meta property="og:image:type" content="image/jpeg" />
<meta name="twitter:card" content="summary_large_image" />
<script type="application/ld+json" class="yoast-schema-graph">{"@context":"https://schema.org","@graph":[{"@type":"WebPage","@id":"https://pablocarpintero.es/producto/gaita-de-fol-en-la-sib-si-do-ou-re/","url":"https://pablocarpintero.es/producto/gaita-de-fol-en-la-sib-si-do-ou-re/","name":"Gaita de fol estándar en La, Sib, Si, Do ou Re - Pablo Carpintero","isPartOf":{"@id":"https://pablocarpintero.es/#website"},"primaryImageOfPage":{"@id":"https://pablocarpintero.es/producto/gaita-de-fol-en-la-sib-si-do-ou-re/#primaryimage"},"image":{"@id":"https://pablocarpintero.es/producto/gaita-de-fol-en-la-sib-si-do-ou-re/#primaryimage"},"thumbnailUrl":"https://pablocarpintero.es/wp-content/uploads/2021/10/DSC_5775.jpg","datePublished":"2021-11-26T20:11:42+00:00","dateModified":"2026-03-23T15:31:33+00:00","breadcrumb":{"@id":"https://pablocarpintero.es/producto/gaita-de-fol-en-la-sib-si-do-ou-re/#breadcrumb"},"inLanguage":"es","potentialAction":[{"@type":"ReadAction","target":["https://pablocarpintero.es/producto/gaita-de-fol-en-la-sib-si-do-ou-re/"]}]},{"@type":"ImageObject","inLanguage":"es","@id":"https://pablocarpintero.es/producto/gaita-de-fol-en-la-sib-si-do-ou-re/#primaryimage","url":"https://pablocarpintero.es/wp-content/uploads/2021/10/DSC_5775.jpg","contentUrl":"https://pablocarpintero.es/wp-content/uploads/2021/10/DSC_5775.jpg","width":2005,"height":1339},{"@type":"BreadcrumbList","@id":"https://pablocarpintero.es/producto/gaita-de-fol-en-la-sib-si-do-ou-re/#breadcrumb","itemListElement":[{"@type":"ListItem","position":1,"name":"Portada","item":"https://pablocarpintero.es/inicio/"},{"@type":"ListItem","position":2,"name":"Tienda","item":"https://pablocarpintero.es/tienda/"},{"@type":"ListItem","position":3,"name":"Gaita de fol estándar en La, Sib, Si, Do ou Re"}]},{"@type":"WebSite","@id":"https://pablocarpintero.es/#website","url":"https://pablocarpintero.es/","name":"Pablo Carpintero","description":"Otro sitio realizado con WordPress","potentialAction":[{"@type":"SearchAction","target":{"@type":"EntryPoint","urlTemplate":"https://pablocarpintero.es/?s={search_term_string}"},"query-input":{"@type":"PropertyValueSpecification","valueRequired":true,"valueName":"search_term_string"}}],"inLanguage":"es"}]}</script>
<!-- / Yoast SEO plugin. -->

Gaita de fol estándar en La, Sib, Si, Do ou Re - Pablo Carpintero

Gaitas de fol estándar,  fornecidas con punteiros modernos que teñen escalas temperadas e cromáticas, para tocar aberto ou pechado, ou incluso en ambas dixitacións de xeito indiferente. Podes ver algúns destes punteiros nesta mesma sección. Dentro deste rango de tonalidades, esta non afecta ao prezo do instrumento. Estas gaitas poden levar varios tubos sonoros: ronqueta, [&hellip;]

Gaita de fol estándar en La, Sib, Si, Do ou Re
