{"id":2381,"date":"2024-02-15T09:21:43","date_gmt":"2024-02-15T09:21:43","guid":{"rendered":"https:\/\/pablocarpintero.es\/?post_type=product&#038;p=2381"},"modified":"2026-03-23T15:30:47","modified_gmt":"2026-03-23T15:30:47","slug":"gaita-de-catro-voces-do-obradoiro-de-anafreita-friol-lugo","status":"publish","type":"product","link":"https:\/\/pablocarpintero.es\/es\/producto\/gaita-de-catro-voces-do-obradoiro-de-anafreita-friol-lugo\/","title":{"rendered":"Gaita de catro voces do obradoiro de Anafreita (Friol, Lugo)"},"content":{"rendered":"<p>Esta gaita de cuatro voces tiene la estructura y el torneado de las que se fabricaban en el taller de Anafreita, en el municipio de Friol (Lugo), lugar hasta d\u00f3nde ha llegado esta tipolog\u00eda de gaita t\u00edpica de la zona de Arz\u00faa e Terra de Melide, caracterizado por ese asiento doble, \"galleto\", del que salen la ronquilla y el grilleiro (de pajuela), como se les llama en esa zona a estos bordones. Su puntero original puede ser sustituido por otro muy similar en timbre y afinaci\u00f3n, en <a href=\"https:\/\/pablocarpintero.es\/es\/producto\/punteiro-en-do-para-dixitacion-aberta-e-pechada\/\">Do crom\u00e1tico y que toca en digitaci\u00f3n abierta y cerrada<\/a>, basado en el puntero que hered\u00e9 de mi abuelo Jos\u00e9 Luis, dotando as\u00ed de m\u00e1s posibilidades a esta gaita.<\/p>\n<p>Debido a las diferentes posibilidades en madera, torneados y anillados, si necesitas informaci\u00f3n sobre su precio, ll\u00e1manos o escr\u00edbenos.<\/p>","protected":false},"excerpt":{"rendered":"<p>Esta gaita de catro voces ten a estrutura e o torneado daquelas que se fabricaban no obradoiro de Anafreita, no concello de Friol (Lugo), un lugar ata onde chegou esta tipolox\u00eda propia da zona de Arz\u00faa e Terra de Melide, caracterizada por ese galleto do que saen a ronquilla e o grilleiro (de palleta), segundo [&hellip;]<\/p>\n","protected":false},"featured_media":2377,"comment_status":"open","ping_status":"closed","template":"","meta":{"give_campaign_id":0,"_joinchat":[]},"product_brand":[],"product_cat":[24],"product_tag":[],"class_list":{"0":"post-2381","1":"product","2":"type-product","3":"status-publish","4":"has-post-thumbnail","6":"product_cat-replicas-de-gaitas-galegas","8":"first","9":"instock","10":"taxable","11":"shipping-taxable","12":"product-type-simple"},"yoast_head":"<!-- This site is optimized with the Yoast SEO plugin v27.2 - https:\/\/yoast.com\/product\/yoast-seo-wordpress\/ -->\n<title>Gaita de catro voces do obradoiro de Anafreita (Friol, Lugo) - Pablo Carpintero<\/title>\n<meta name=\"robots\" content=\"index, follow, max-snippet:-1, max-image-preview:large, max-video-preview:-1\" \/>\n<link rel=\"canonical\" href=\"https:\/\/pablocarpintero.es\/es\/producto\/gaita-de-catro-voces-do-obradoiro-de-anafreita-friol-lugo\/\" \/>\n<meta property=\"og:locale\" content=\"es_ES\" \/>\n<meta property=\"og:type\" content=\"article\" \/>\n<meta property=\"og:title\" content=\"Gaita de catro voces do obradoiro de Anafreita (Friol, Lugo) - Pablo Carpintero\" \/>\n<meta property=\"og:description\" content=\"Esta gaita de catro voces ten a estrutura e o torneado daquelas que se fabricaban no obradoiro de Anafreita, no concello de Friol (Lugo), un lugar ata onde chegou esta tipolox\u00eda propia da zona de Arz\u00faa e Terra de Melide, caracterizada por ese galleto do que saen a ronquilla e o grilleiro (de palleta), segundo [&hellip;]\" \/>\n<meta property=\"og:url\" content=\"https:\/\/pablocarpintero.es\/es\/producto\/gaita-de-catro-voces-do-obradoiro-de-anafreita-friol-lugo\/\" \/>\n<meta property=\"og:site_name\" content=\"Pablo Carpintero\" \/>\n<meta property=\"article:modified_time\" content=\"2026-03-23T15:30:47+00:00\" \/>\n<meta property=\"og:image\" content=\"https:\/\/pablocarpintero.es\/wp-content\/uploads\/2024\/02\/Gaita-catro-voces-Pablo-carpintero-1.jpg\" \/>\n\t<meta property=\"og:image:width\" content=\"1549\" \/>\n\t<meta property=\"og:image:height\" content=\"1043\" \/>\n\t<meta property=\"og:image:type\" content=\"image\/jpeg\" \/>\n<meta name=\"twitter:card\" content=\"summary_large_image\" \/>\n<meta name=\"twitter:label1\" content=\"Tiempo de lectura\" \/>\n\t<meta name=\"twitter:data1\" content=\"1 minuto\" \/>\n<script type=\"application\/ld+json\" class=\"yoast-schema-graph\">{\"@context\":\"https:\/\/schema.org\",\"@graph\":[{\"@type\":\"WebPage\",\"@id\":\"https:\/\/pablocarpintero.es\/producto\/gaita-de-catro-voces-do-obradoiro-de-anafreita-friol-lugo\/\",\"url\":\"https:\/\/pablocarpintero.es\/producto\/gaita-de-catro-voces-do-obradoiro-de-anafreita-friol-lugo\/\",\"name\":\"Gaita de catro voces do obradoiro de Anafreita (Friol, Lugo) - Pablo Carpintero\",\"isPartOf\":{\"@id\":\"https:\/\/pablocarpintero.es\/#website\"},\"primaryImageOfPage\":{\"@id\":\"https:\/\/pablocarpintero.es\/producto\/gaita-de-catro-voces-do-obradoiro-de-anafreita-friol-lugo\/#primaryimage\"},\"image\":{\"@id\":\"https:\/\/pablocarpintero.es\/producto\/gaita-de-catro-voces-do-obradoiro-de-anafreita-friol-lugo\/#primaryimage\"},\"thumbnailUrl\":\"https:\/\/pablocarpintero.es\/wp-content\/uploads\/2024\/02\/Gaita-catro-voces-Pablo-carpintero-1.jpg\",\"datePublished\":\"2024-02-15T09:21:43+00:00\",\"dateModified\":\"2026-03-23T15:30:47+00:00\",\"breadcrumb\":{\"@id\":\"https:\/\/pablocarpintero.es\/producto\/gaita-de-catro-voces-do-obradoiro-de-anafreita-friol-lugo\/#breadcrumb\"},\"inLanguage\":\"es\",\"potentialAction\":[{\"@type\":\"ReadAction\",\"target\":[\"https:\/\/pablocarpintero.es\/producto\/gaita-de-catro-voces-do-obradoiro-de-anafreita-friol-lugo\/\"]}]},{\"@type\":\"ImageObject\",\"inLanguage\":\"es\",\"@id\":\"https:\/\/pablocarpintero.es\/producto\/gaita-de-catro-voces-do-obradoiro-de-anafreita-friol-lugo\/#primaryimage\",\"url\":\"https:\/\/pablocarpintero.es\/wp-content\/uploads\/2024\/02\/Gaita-catro-voces-Pablo-carpintero-1.jpg\",\"contentUrl\":\"https:\/\/pablocarpintero.es\/wp-content\/uploads\/2024\/02\/Gaita-catro-voces-Pablo-carpintero-1.jpg\",\"width\":1549,\"height\":1043},{\"@type\":\"BreadcrumbList\",\"@id\":\"https:\/\/pablocarpintero.es\/producto\/gaita-de-catro-voces-do-obradoiro-de-anafreita-friol-lugo\/#breadcrumb\",\"itemListElement\":[{\"@type\":\"ListItem\",\"position\":1,\"name\":\"Portada\",\"item\":\"https:\/\/pablocarpintero.es\/inicio\/\"},{\"@type\":\"ListItem\",\"position\":2,\"name\":\"Tienda\",\"item\":\"https:\/\/pablocarpintero.es\/tienda\/\"},{\"@type\":\"ListItem\",\"position\":3,\"name\":\"Gaita de catro voces do obradoiro de Anafreita (Friol, Lugo)\"}]},{\"@type\":\"WebSite\",\"@id\":\"https:\/\/pablocarpintero.es\/#website\",\"url\":\"https:\/\/pablocarpintero.es\/\",\"name\":\"Pablo Carpintero\",\"description\":\"Otro sitio realizado con WordPress\",\"potentialAction\":[{\"@type\":\"SearchAction\",\"target\":{\"@type\":\"EntryPoint\",\"urlTemplate\":\"https:\/\/pablocarpintero.es\/?s={search_term_string}\"},\"query-input\":{\"@type\":\"PropertyValueSpecification\",\"valueRequired\":true,\"valueName\":\"search_term_string\"}}],\"inLanguage\":\"es\"}]}<\/script>\n<!-- \/ Yoast SEO plugin. -->","yoast_head_json":{"title":"Gaita de catro voces do obradoiro de Anafreita (Friol, Lugo) - Pablo Carpintero","robots":{"index":"index","follow":"follow","max-snippet":"max-snippet:-1","max-image-preview":"max-image-preview:large","max-video-preview":"max-video-preview:-1"},"canonical":"https:\/\/pablocarpintero.es\/es\/producto\/gaita-de-catro-voces-do-obradoiro-de-anafreita-friol-lugo\/","og_locale":"es_ES","og_type":"article","og_title":"Gaita de catro voces do obradoiro de Anafreita (Friol, Lugo) - Pablo Carpintero","og_description":"Esta gaita de catro voces ten a estrutura e o torneado daquelas que se fabricaban no obradoiro de Anafreita, no concello de Friol (Lugo), un lugar ata onde chegou esta tipolox\u00eda propia da zona de Arz\u00faa e Terra de Melide, caracterizada por ese galleto do que saen a ronquilla e o grilleiro (de palleta), segundo [&hellip;]","og_url":"https:\/\/pablocarpintero.es\/es\/producto\/gaita-de-catro-voces-do-obradoiro-de-anafreita-friol-lugo\/","og_site_name":"Pablo Carpintero","article_modified_time":"2026-03-23T15:30:47+00:00","og_image":[{"width":1549,"height":1043,"url":"https:\/\/pablocarpintero.es\/wp-content\/uploads\/2024\/02\/Gaita-catro-voces-Pablo-carpintero-1.jpg","type":"image\/jpeg"}],"twitter_card":"summary_large_image","twitter_misc":{"Tiempo de lectura":"1 minuto"},"schema":{"@context":"https:\/\/schema.org","@graph":[{"@type":"WebPage","@id":"https:\/\/pablocarpintero.es\/producto\/gaita-de-catro-voces-do-obradoiro-de-anafreita-friol-lugo\/","url":"https:\/\/pablocarpintero.es\/producto\/gaita-de-catro-voces-do-obradoiro-de-anafreita-friol-lugo\/","name":"Gaita de catro voces do obradoiro de Anafreita (Friol, Lugo) - Pablo Carpintero","isPartOf":{"@id":"https:\/\/pablocarpintero.es\/#website"},"primaryImageOfPage":{"@id":"https:\/\/pablocarpintero.es\/producto\/gaita-de-catro-voces-do-obradoiro-de-anafreita-friol-lugo\/#primaryimage"},"image":{"@id":"https:\/\/pablocarpintero.es\/producto\/gaita-de-catro-voces-do-obradoiro-de-anafreita-friol-lugo\/#primaryimage"},"thumbnailUrl":"https:\/\/pablocarpintero.es\/wp-content\/uploads\/2024\/02\/Gaita-catro-voces-Pablo-carpintero-1.jpg","datePublished":"2024-02-15T09:21:43+00:00","dateModified":"2026-03-23T15:30:47+00:00","breadcrumb":{"@id":"https:\/\/pablocarpintero.es\/producto\/gaita-de-catro-voces-do-obradoiro-de-anafreita-friol-lugo\/#breadcrumb"},"inLanguage":"es","potentialAction":[{"@type":"ReadAction","target":["https:\/\/pablocarpintero.es\/producto\/gaita-de-catro-voces-do-obradoiro-de-anafreita-friol-lugo\/"]}]},{"@type":"ImageObject","inLanguage":"es","@id":"https:\/\/pablocarpintero.es\/producto\/gaita-de-catro-voces-do-obradoiro-de-anafreita-friol-lugo\/#primaryimage","url":"https:\/\/pablocarpintero.es\/wp-content\/uploads\/2024\/02\/Gaita-catro-voces-Pablo-carpintero-1.jpg","contentUrl":"https:\/\/pablocarpintero.es\/wp-content\/uploads\/2024\/02\/Gaita-catro-voces-Pablo-carpintero-1.jpg","width":1549,"height":1043},{"@type":"BreadcrumbList","@id":"https:\/\/pablocarpintero.es\/producto\/gaita-de-catro-voces-do-obradoiro-de-anafreita-friol-lugo\/#breadcrumb","itemListElement":[{"@type":"ListItem","position":1,"name":"Portada","item":"https:\/\/pablocarpintero.es\/inicio\/"},{"@type":"ListItem","position":2,"name":"Tienda","item":"https:\/\/pablocarpintero.es\/tienda\/"},{"@type":"ListItem","position":3,"name":"Gaita de catro voces do obradoiro de Anafreita (Friol, Lugo)"}]},{"@type":"WebSite","@id":"https:\/\/pablocarpintero.es\/#website","url":"https:\/\/pablocarpintero.es\/","name":"Pablo Carpintero","description":"Otro sitio realizado con WordPress","potentialAction":[{"@type":"SearchAction","target":{"@type":"EntryPoint","urlTemplate":"https:\/\/pablocarpintero.es\/?s={search_term_string}"},"query-input":{"@type":"PropertyValueSpecification","valueRequired":true,"valueName":"search_term_string"}}],"inLanguage":"es"}]}},"_links":{"self":[{"href":"https:\/\/pablocarpintero.es\/es\/wp-json\/wp\/v2\/product\/2381","targetHints":{"allow":["GET"]}}],"collection":[{"href":"https:\/\/pablocarpintero.es\/es\/wp-json\/wp\/v2\/product"}],"about":[{"href":"https:\/\/pablocarpintero.es\/es\/wp-json\/wp\/v2\/types\/product"}],"replies":[{"embeddable":true,"href":"https:\/\/pablocarpintero.es\/es\/wp-json\/wp\/v2\/comments?post=2381"}],"wp:featuredmedia":[{"embeddable":true,"href":"https:\/\/pablocarpintero.es\/es\/wp-json\/wp\/v2\/media\/2377"}],"wp:attachment":[{"href":"https:\/\/pablocarpintero.es\/es\/wp-json\/wp\/v2\/media?parent=2381"}],"wp:term":[{"taxonomy":"product_brand","embeddable":true,"href":"https:\/\/pablocarpintero.es\/es\/wp-json\/wp\/v2\/product_brand?post=2381"},{"taxonomy":"product_cat","embeddable":true,"href":"https:\/\/pablocarpintero.es\/es\/wp-json\/wp\/v2\/product_cat?post=2381"},{"taxonomy":"product_tag","embeddable":true,"href":"https:\/\/pablocarpintero.es\/es\/wp-json\/wp\/v2\/product_tag?post=2381"}],"curies":[{"name":"wp","href":"https:\/\/api.w.org\/{rel}","templated":true}]}}

<p>Esta gaita de cuatro voces tiene la estructura y el torneado de las que se fabricaban en el taller de Anafreita, en el municipio de Friol (Lugo), lugar hasta dónde ha llegado esta tipología de gaita típica de la zona de Arzúa e Terra de Melide, caracterizado por ese asiento doble, "galleto", del que salen la ronquilla y el grilleiro (de pajuela), como se les llama en esa zona a estos bordones. Su puntero original puede ser sustituido por otro muy similar en timbre y afinación, en <a href="https://pablocarpintero.es/es/producto/punteiro-en-do-para-dixitacion-aberta-e-pechada/">Do cromático y que toca en digitación abierta y cerrada</a>, basado en el puntero que heredé de mi abuelo José Luis, dotando así de más posibilidades a esta gaita.</p>
<p>Debido a las diferentes posibilidades en madera, torneados y anillados, si necesitas información sobre su precio, llámanos o escríbenos.</p>

<p>Esta gaita de catro voces ten a estrutura e o torneado daquelas que se fabricaban no obradoiro de Anafreita, no concello de Friol (Lugo), un lugar ata onde chegou esta tipoloxía propia da zona de Arzúa e Terra de Melide, caracterizada por ese galleto do que saen a ronquilla e o grilleiro (de palleta), segundo [&hellip;]</p>

<!-- This site is optimized with the Yoast SEO plugin v27.2 - https://yoast.com/product/yoast-seo-wordpress/ -->
<title>Gaita de catro voces do obradoiro de Anafreita (Friol, Lugo) - Pablo Carpintero</title>
<meta name="robots" content="index, follow, max-snippet:-1, max-image-preview:large, max-video-preview:-1" />
<link rel="canonical" href="https://pablocarpintero.es/es/producto/gaita-de-catro-voces-do-obradoiro-de-anafreita-friol-lugo/" />
<meta property="og:locale" content="es_ES" />
<meta property="og:type" content="article" />
<meta property="og:title" content="Gaita de catro voces do obradoiro de Anafreita (Friol, Lugo) - Pablo Carpintero" />
<meta property="og:description" content="Esta gaita de catro voces ten a estrutura e o torneado daquelas que se fabricaban no obradoiro de Anafreita, no concello de Friol (Lugo), un lugar ata onde chegou esta tipoloxía propia da zona de Arzúa e Terra de Melide, caracterizada por ese galleto do que saen a ronquilla e o grilleiro (de palleta), segundo [&hellip;]" />
<meta property="og:url" content="https://pablocarpintero.es/es/producto/gaita-de-catro-voces-do-obradoiro-de-anafreita-friol-lugo/" />
<meta property="og:site_name" content="Pablo Carpintero" />
<meta property="article:modified_time" content="2026-03-23T15:30:47+00:00" />
<meta property="og:image" content="https://pablocarpintero.es/wp-content/uploads/2024/02/Gaita-catro-voces-Pablo-carpintero-1.jpg" />
	<meta property="og:image:width" content="1549" />
	<meta property="og:image:height" content="1043" />
	<meta property="og:image:type" content="image/jpeg" />
<meta name="twitter:card" content="summary_large_image" />
<meta name="twitter:label1" content="Tiempo de lectura" />
	<meta name="twitter:data1" content="1 minuto" />
<script type="application/ld+json" class="yoast-schema-graph">{"@context":"https://schema.org","@graph":[{"@type":"WebPage","@id":"https://pablocarpintero.es/producto/gaita-de-catro-voces-do-obradoiro-de-anafreita-friol-lugo/","url":"https://pablocarpintero.es/producto/gaita-de-catro-voces-do-obradoiro-de-anafreita-friol-lugo/","name":"Gaita de catro voces do obradoiro de Anafreita (Friol, Lugo) - Pablo Carpintero","isPartOf":{"@id":"https://pablocarpintero.es/#website"},"primaryImageOfPage":{"@id":"https://pablocarpintero.es/producto/gaita-de-catro-voces-do-obradoiro-de-anafreita-friol-lugo/#primaryimage"},"image":{"@id":"https://pablocarpintero.es/producto/gaita-de-catro-voces-do-obradoiro-de-anafreita-friol-lugo/#primaryimage"},"thumbnailUrl":"https://pablocarpintero.es/wp-content/uploads/2024/02/Gaita-catro-voces-Pablo-carpintero-1.jpg","datePublished":"2024-02-15T09:21:43+00:00","dateModified":"2026-03-23T15:30:47+00:00","breadcrumb":{"@id":"https://pablocarpintero.es/producto/gaita-de-catro-voces-do-obradoiro-de-anafreita-friol-lugo/#breadcrumb"},"inLanguage":"es","potentialAction":[{"@type":"ReadAction","target":["https://pablocarpintero.es/producto/gaita-de-catro-voces-do-obradoiro-de-anafreita-friol-lugo/"]}]},{"@type":"ImageObject","inLanguage":"es","@id":"https://pablocarpintero.es/producto/gaita-de-catro-voces-do-obradoiro-de-anafreita-friol-lugo/#primaryimage","url":"https://pablocarpintero.es/wp-content/uploads/2024/02/Gaita-catro-voces-Pablo-carpintero-1.jpg","contentUrl":"https://pablocarpintero.es/wp-content/uploads/2024/02/Gaita-catro-voces-Pablo-carpintero-1.jpg","width":1549,"height":1043},{"@type":"BreadcrumbList","@id":"https://pablocarpintero.es/producto/gaita-de-catro-voces-do-obradoiro-de-anafreita-friol-lugo/#breadcrumb","itemListElement":[{"@type":"ListItem","position":1,"name":"Portada","item":"https://pablocarpintero.es/inicio/"},{"@type":"ListItem","position":2,"name":"Tienda","item":"https://pablocarpintero.es/tienda/"},{"@type":"ListItem","position":3,"name":"Gaita de catro voces do obradoiro de Anafreita (Friol, Lugo)"}]},{"@type":"WebSite","@id":"https://pablocarpintero.es/#website","url":"https://pablocarpintero.es/","name":"Pablo Carpintero","description":"Otro sitio realizado con WordPress","potentialAction":[{"@type":"SearchAction","target":{"@type":"EntryPoint","urlTemplate":"https://pablocarpintero.es/?s={search_term_string}"},"query-input":{"@type":"PropertyValueSpecification","valueRequired":true,"valueName":"search_term_string"}}],"inLanguage":"es"}]}</script>
<!-- / Yoast SEO plugin. -->

Esta gaita de catro voces ten a estrutura e o torneado daquelas que se fabricaban no obradoiro de Anafreita, no concello de Friol (Lugo), un lugar ata onde chegou esta tipoloxía propia da zona de Arzúa e Terra de Melide, caracterizada por ese galleto do que saen a ronquilla e o grilleiro (de palleta), segundo [&hellip;]
