{"id":2554,"date":"2024-09-13T02:42:50","date_gmt":"2024-09-13T02:42:50","guid":{"rendered":"https:\/\/pablocarpintero.es\/?post_type=product&#038;p=2554"},"modified":"2026-03-23T15:31:06","modified_gmt":"2026-03-23T15:31:06","slug":"gaita-de-fol-co-punteiro-do-ti-chico-da-marmeleira","status":"publish","type":"product","link":"https:\/\/pablocarpintero.es\/es\/producto\/gaita-de-fol-co-punteiro-do-ti-chico-da-marmeleira\/","title":{"rendered":"Gaita de fol co punteiro do Ti Chico da Marmeleira"},"content":{"rendered":"<p>Uno de los punteros que nos ayud\u00f3 a comprobar el m\u00e9todo de dataci\u00f3n mediante el desgaste digital fue el del Ti Chico da Marmeleira, de Coimbra. Este puntero de \u00e9bano fue comprado en 1950 por Joaquim Pereira, \"O Ti Carri\u00e7o\" a este flautista, y fue el instrumento con el que el Ti Carri\u00e7o toc\u00f3 durante unos 20 a\u00f1os, hasta que un d\u00eda, en un accidente de bicicleta, lo rompi\u00f3 y compr\u00f3 otro fabricado por Jos\u00e9 Mendes Seco, con el que toc\u00f3 el resto de su vida. En este puntero, como en muchos de los m\u00e1s antiguos que hemos podido datar en el noroeste, observamos algunas caracter\u00edsticas comunes que indican que fueron instrumentos de gran consideraci\u00f3n social: est\u00e1 hecho de \u00e9bano y tiene una gruesa anilla de marfil, materiales que en el momento en que se construy\u00f3 no estaban, ni mucho menos, al alcance de cualquiera.<span class=\"Apple-converted-space\">\u00a0<\/span><\/p>\n<p>Aunque fue un poco modificado en sus agujeros superiores, como en tantos casos para acercarlo a una escala m\u00e1s moderna, este puntero emite un modo portugu\u00e9s en altura de Do, es decir, tiene un subt\u00f3nica y el tercer grado est\u00e1 muy bajo, teniendo el s\u00e9ptimo grado sensible (lo que lo aleja del modo de Re), pero convertible en una subt\u00f3nica empleando unha digitaci\u00f3n de horquilla. El resto de grados est\u00e1n pr\u00e1cticamente temperados, salvo el segundo que tambi\u00e9n est\u00e1 algo bajo, como en tantos punteros antiguos.<span class=\"Apple-converted-space\"> Pode converterse nunha escala moderna sen problema, e dixita en aberto ou en pechado. \u00a0\u00a0<\/span><\/p>\n<p>Tiene un desgaste digital sorprendente, por eso lo elegimos para datarlo y comprobar su antig\u00fcedad mediante el m\u00e9todo del 14C-AMS. Nuestro m\u00e9todo de dataci\u00f3n mediante los desgastes digitales nos dec\u00eda que tuvo nada menos que 450 a\u00f1os de uso, lo que con los 50 a\u00f1os de reposo que no se utiliz\u00f3, nos dar\u00eda una edad m\u00ednima de unos 500 a\u00f1os, es decir, que habr\u00eda sido fabricado hacia 1520. La dataci\u00f3n por 14C-AMS indic\u00f3 una edad calibrada de 1516-1590 AD. Por lo tanto, se trata, con gran probabilidad, de un puntero del siglo XVI.<span class=\"Apple-converted-space\">\u00a0<\/span><\/p>\n<p>Lo montamos en una gaita de fuelle copiada de un precioso ejemplar muy antiguo encontrado por Antonio Freire en Coimbra, una gaita con la vestimenta t\u00edpica de esta zona, por lo que sabemos que al menos se us\u00f3 aqu\u00ed durante muchos a\u00f1os. As\u00ed se compuso una gaita de coimbra al m\u00e1s puro estilo antiguo de la zona: torneado cl\u00e1sico del noroeste, puntero de \u00e9bano y marfil (nosotros usamos una imitaci\u00f3n de este material), y el resto de la gaita de boj, con la vestimenta t\u00edpica de esta Regi\u00e3o Centro, donde se ata el soplete en el cuello de la piel del animal, y el puntero y el ronco en las patas.<\/p>\n<p><span class=\"Apple-converted-space\">Puedes escucharla en este <a href=\"https:\/\/www.youtube.com\/watch?v=Jx_bRGWh4dg&amp;t=22s\">v\u00eddeo<\/a>. \u00a0<\/span><\/p>\n<p>Debido a las caracter\u00edsticas especiales de cada reproducci\u00f3n de gaita antigua, si est\u00e1s interesado en ella, ponte en contacto con nosotros por favor.<\/p>","protected":false},"excerpt":{"rendered":"<p>Un dos punteiros que nos axudou a comprobar o m\u00e9todo de dataci\u00f3ns empregando os desgastes dixitais foi o do Ti Chico da Marmeleira, de Coimbra. Este punteiro de \u00e9bano foi mercado en 1950 por Joaquim Pereira, &#8220;O Ti Carri\u00e7o&#8221; a este m\u00fasico tocador de fraut\u00edn, e foi o instrumento co que o Ti Carri\u00e7o tocou [&hellip;]<\/p>\n","protected":false},"featured_media":2543,"comment_status":"open","ping_status":"closed","template":"","meta":{"give_campaign_id":0,"_joinchat":[]},"product_brand":[],"product_cat":[25],"product_tag":[],"class_list":{"0":"post-2554","1":"product","2":"type-product","3":"status-publish","4":"has-post-thumbnail","6":"product_cat-replicas-de-gaitas-portuguesas","8":"first","9":"instock","10":"taxable","11":"shipping-taxable","12":"product-type-simple"},"yoast_head":"<!-- This site is optimized with the Yoast SEO plugin v27.2 - https:\/\/yoast.com\/product\/yoast-seo-wordpress\/ -->\n<title>Gaita de fol co punteiro do Ti Chico da Marmeleira - Pablo Carpintero<\/title>\n<meta name=\"robots\" content=\"index, follow, max-snippet:-1, max-image-preview:large, max-video-preview:-1\" \/>\n<link rel=\"canonical\" href=\"https:\/\/pablocarpintero.es\/es\/producto\/gaita-de-fol-co-punteiro-do-ti-chico-da-marmeleira\/\" \/>\n<meta property=\"og:locale\" content=\"es_ES\" \/>\n<meta property=\"og:type\" content=\"article\" \/>\n<meta property=\"og:title\" content=\"Gaita de fol co punteiro do Ti Chico da Marmeleira - Pablo Carpintero\" \/>\n<meta property=\"og:description\" content=\"Un dos punteiros que nos axudou a comprobar o m\u00e9todo de dataci\u00f3ns empregando os desgastes dixitais foi o do Ti Chico da Marmeleira, de Coimbra. Este punteiro de \u00e9bano foi mercado en 1950 por Joaquim Pereira, &#8220;O Ti Carri\u00e7o&#8221; a este m\u00fasico tocador de fraut\u00edn, e foi o instrumento co que o Ti Carri\u00e7o tocou [&hellip;]\" \/>\n<meta property=\"og:url\" content=\"https:\/\/pablocarpintero.es\/es\/producto\/gaita-de-fol-co-punteiro-do-ti-chico-da-marmeleira\/\" \/>\n<meta property=\"og:site_name\" content=\"Pablo Carpintero\" \/>\n<meta property=\"article:modified_time\" content=\"2026-03-23T15:31:06+00:00\" \/>\n<meta property=\"og:image\" content=\"https:\/\/pablocarpintero.es\/wp-content\/uploads\/2024\/09\/Gaita-coimbra-Pablo-carpintero-1-1.jpg\" \/>\n\t<meta property=\"og:image:width\" content=\"1472\" \/>\n\t<meta property=\"og:image:height\" content=\"827\" \/>\n\t<meta property=\"og:image:type\" content=\"image\/jpeg\" \/>\n<meta name=\"twitter:card\" content=\"summary_large_image\" \/>\n<meta name=\"twitter:label1\" content=\"Tiempo de lectura\" \/>\n\t<meta name=\"twitter:data1\" content=\"3 minutos\" \/>\n<script type=\"application\/ld+json\" class=\"yoast-schema-graph\">{\"@context\":\"https:\/\/schema.org\",\"@graph\":[{\"@type\":\"WebPage\",\"@id\":\"https:\/\/pablocarpintero.es\/producto\/gaita-de-fol-co-punteiro-do-ti-chico-da-marmeleira\/\",\"url\":\"https:\/\/pablocarpintero.es\/producto\/gaita-de-fol-co-punteiro-do-ti-chico-da-marmeleira\/\",\"name\":\"Gaita de fol co punteiro do Ti Chico da Marmeleira - Pablo Carpintero\",\"isPartOf\":{\"@id\":\"https:\/\/pablocarpintero.es\/#website\"},\"primaryImageOfPage\":{\"@id\":\"https:\/\/pablocarpintero.es\/producto\/gaita-de-fol-co-punteiro-do-ti-chico-da-marmeleira\/#primaryimage\"},\"image\":{\"@id\":\"https:\/\/pablocarpintero.es\/producto\/gaita-de-fol-co-punteiro-do-ti-chico-da-marmeleira\/#primaryimage\"},\"thumbnailUrl\":\"https:\/\/pablocarpintero.es\/wp-content\/uploads\/2024\/09\/Gaita-coimbra-Pablo-carpintero-1-1.jpg\",\"datePublished\":\"2024-09-13T02:42:50+00:00\",\"dateModified\":\"2026-03-23T15:31:06+00:00\",\"breadcrumb\":{\"@id\":\"https:\/\/pablocarpintero.es\/producto\/gaita-de-fol-co-punteiro-do-ti-chico-da-marmeleira\/#breadcrumb\"},\"inLanguage\":\"es\",\"potentialAction\":[{\"@type\":\"ReadAction\",\"target\":[\"https:\/\/pablocarpintero.es\/producto\/gaita-de-fol-co-punteiro-do-ti-chico-da-marmeleira\/\"]}]},{\"@type\":\"ImageObject\",\"inLanguage\":\"es\",\"@id\":\"https:\/\/pablocarpintero.es\/producto\/gaita-de-fol-co-punteiro-do-ti-chico-da-marmeleira\/#primaryimage\",\"url\":\"https:\/\/pablocarpintero.es\/wp-content\/uploads\/2024\/09\/Gaita-coimbra-Pablo-carpintero-1-1.jpg\",\"contentUrl\":\"https:\/\/pablocarpintero.es\/wp-content\/uploads\/2024\/09\/Gaita-coimbra-Pablo-carpintero-1-1.jpg\",\"width\":1472,\"height\":827},{\"@type\":\"BreadcrumbList\",\"@id\":\"https:\/\/pablocarpintero.es\/producto\/gaita-de-fol-co-punteiro-do-ti-chico-da-marmeleira\/#breadcrumb\",\"itemListElement\":[{\"@type\":\"ListItem\",\"position\":1,\"name\":\"Portada\",\"item\":\"https:\/\/pablocarpintero.es\/inicio\/\"},{\"@type\":\"ListItem\",\"position\":2,\"name\":\"Tienda\",\"item\":\"https:\/\/pablocarpintero.es\/tienda\/\"},{\"@type\":\"ListItem\",\"position\":3,\"name\":\"Gaita de fol co punteiro do Ti Chico da Marmeleira\"}]},{\"@type\":\"WebSite\",\"@id\":\"https:\/\/pablocarpintero.es\/#website\",\"url\":\"https:\/\/pablocarpintero.es\/\",\"name\":\"Pablo Carpintero\",\"description\":\"Otro sitio realizado con WordPress\",\"potentialAction\":[{\"@type\":\"SearchAction\",\"target\":{\"@type\":\"EntryPoint\",\"urlTemplate\":\"https:\/\/pablocarpintero.es\/?s={search_term_string}\"},\"query-input\":{\"@type\":\"PropertyValueSpecification\",\"valueRequired\":true,\"valueName\":\"search_term_string\"}}],\"inLanguage\":\"es\"}]}<\/script>\n<!-- \/ Yoast SEO plugin. -->","yoast_head_json":{"title":"Gaita de fol co punteiro do Ti Chico da Marmeleira - Pablo Carpintero","robots":{"index":"index","follow":"follow","max-snippet":"max-snippet:-1","max-image-preview":"max-image-preview:large","max-video-preview":"max-video-preview:-1"},"canonical":"https:\/\/pablocarpintero.es\/es\/producto\/gaita-de-fol-co-punteiro-do-ti-chico-da-marmeleira\/","og_locale":"es_ES","og_type":"article","og_title":"Gaita de fol co punteiro do Ti Chico da Marmeleira - Pablo Carpintero","og_description":"Un dos punteiros que nos axudou a comprobar o m\u00e9todo de dataci\u00f3ns empregando os desgastes dixitais foi o do Ti Chico da Marmeleira, de Coimbra. Este punteiro de \u00e9bano foi mercado en 1950 por Joaquim Pereira, &#8220;O Ti Carri\u00e7o&#8221; a este m\u00fasico tocador de fraut\u00edn, e foi o instrumento co que o Ti Carri\u00e7o tocou [&hellip;]","og_url":"https:\/\/pablocarpintero.es\/es\/producto\/gaita-de-fol-co-punteiro-do-ti-chico-da-marmeleira\/","og_site_name":"Pablo Carpintero","article_modified_time":"2026-03-23T15:31:06+00:00","og_image":[{"width":1472,"height":827,"url":"https:\/\/pablocarpintero.es\/wp-content\/uploads\/2024\/09\/Gaita-coimbra-Pablo-carpintero-1-1.jpg","type":"image\/jpeg"}],"twitter_card":"summary_large_image","twitter_misc":{"Tiempo de lectura":"3 minutos"},"schema":{"@context":"https:\/\/schema.org","@graph":[{"@type":"WebPage","@id":"https:\/\/pablocarpintero.es\/producto\/gaita-de-fol-co-punteiro-do-ti-chico-da-marmeleira\/","url":"https:\/\/pablocarpintero.es\/producto\/gaita-de-fol-co-punteiro-do-ti-chico-da-marmeleira\/","name":"Gaita de fol co punteiro do Ti Chico da Marmeleira - Pablo Carpintero","isPartOf":{"@id":"https:\/\/pablocarpintero.es\/#website"},"primaryImageOfPage":{"@id":"https:\/\/pablocarpintero.es\/producto\/gaita-de-fol-co-punteiro-do-ti-chico-da-marmeleira\/#primaryimage"},"image":{"@id":"https:\/\/pablocarpintero.es\/producto\/gaita-de-fol-co-punteiro-do-ti-chico-da-marmeleira\/#primaryimage"},"thumbnailUrl":"https:\/\/pablocarpintero.es\/wp-content\/uploads\/2024\/09\/Gaita-coimbra-Pablo-carpintero-1-1.jpg","datePublished":"2024-09-13T02:42:50+00:00","dateModified":"2026-03-23T15:31:06+00:00","breadcrumb":{"@id":"https:\/\/pablocarpintero.es\/producto\/gaita-de-fol-co-punteiro-do-ti-chico-da-marmeleira\/#breadcrumb"},"inLanguage":"es","potentialAction":[{"@type":"ReadAction","target":["https:\/\/pablocarpintero.es\/producto\/gaita-de-fol-co-punteiro-do-ti-chico-da-marmeleira\/"]}]},{"@type":"ImageObject","inLanguage":"es","@id":"https:\/\/pablocarpintero.es\/producto\/gaita-de-fol-co-punteiro-do-ti-chico-da-marmeleira\/#primaryimage","url":"https:\/\/pablocarpintero.es\/wp-content\/uploads\/2024\/09\/Gaita-coimbra-Pablo-carpintero-1-1.jpg","contentUrl":"https:\/\/pablocarpintero.es\/wp-content\/uploads\/2024\/09\/Gaita-coimbra-Pablo-carpintero-1-1.jpg","width":1472,"height":827},{"@type":"BreadcrumbList","@id":"https:\/\/pablocarpintero.es\/producto\/gaita-de-fol-co-punteiro-do-ti-chico-da-marmeleira\/#breadcrumb","itemListElement":[{"@type":"ListItem","position":1,"name":"Portada","item":"https:\/\/pablocarpintero.es\/inicio\/"},{"@type":"ListItem","position":2,"name":"Tienda","item":"https:\/\/pablocarpintero.es\/tienda\/"},{"@type":"ListItem","position":3,"name":"Gaita de fol co punteiro do Ti Chico da Marmeleira"}]},{"@type":"WebSite","@id":"https:\/\/pablocarpintero.es\/#website","url":"https:\/\/pablocarpintero.es\/","name":"Pablo Carpintero","description":"Otro sitio realizado con WordPress","potentialAction":[{"@type":"SearchAction","target":{"@type":"EntryPoint","urlTemplate":"https:\/\/pablocarpintero.es\/?s={search_term_string}"},"query-input":{"@type":"PropertyValueSpecification","valueRequired":true,"valueName":"search_term_string"}}],"inLanguage":"es"}]}},"_links":{"self":[{"href":"https:\/\/pablocarpintero.es\/es\/wp-json\/wp\/v2\/product\/2554","targetHints":{"allow":["GET"]}}],"collection":[{"href":"https:\/\/pablocarpintero.es\/es\/wp-json\/wp\/v2\/product"}],"about":[{"href":"https:\/\/pablocarpintero.es\/es\/wp-json\/wp\/v2\/types\/product"}],"replies":[{"embeddable":true,"href":"https:\/\/pablocarpintero.es\/es\/wp-json\/wp\/v2\/comments?post=2554"}],"wp:featuredmedia":[{"embeddable":true,"href":"https:\/\/pablocarpintero.es\/es\/wp-json\/wp\/v2\/media\/2543"}],"wp:attachment":[{"href":"https:\/\/pablocarpintero.es\/es\/wp-json\/wp\/v2\/media?parent=2554"}],"wp:term":[{"taxonomy":"product_brand","embeddable":true,"href":"https:\/\/pablocarpintero.es\/es\/wp-json\/wp\/v2\/product_brand?post=2554"},{"taxonomy":"product_cat","embeddable":true,"href":"https:\/\/pablocarpintero.es\/es\/wp-json\/wp\/v2\/product_cat?post=2554"},{"taxonomy":"product_tag","embeddable":true,"href":"https:\/\/pablocarpintero.es\/es\/wp-json\/wp\/v2\/product_tag?post=2554"}],"curies":[{"name":"wp","href":"https:\/\/api.w.org\/{rel}","templated":true}]}}

<p>Uno de los punteros que nos ayudó a comprobar el método de datación mediante el desgaste digital fue el del Ti Chico da Marmeleira, de Coimbra. Este puntero de ébano fue comprado en 1950 por Joaquim Pereira, "O Ti Carriço" a este flautista, y fue el instrumento con el que el Ti Carriço tocó durante unos 20 años, hasta que un día, en un accidente de bicicleta, lo rompió y compró otro fabricado por José Mendes Seco, con el que tocó el resto de su vida. En este puntero, como en muchos de los más antiguos que hemos podido datar en el noroeste, observamos algunas características comunes que indican que fueron instrumentos de gran consideración social: está hecho de ébano y tiene una gruesa anilla de marfil, materiales que en el momento en que se construyó no estaban, ni mucho menos, al alcance de cualquiera.<span class="Apple-converted-space"> </span></p>
<p>Aunque fue un poco modificado en sus agujeros superiores, como en tantos casos para acercarlo a una escala más moderna, este puntero emite un modo portugués en altura de Do, es decir, tiene un subtónica y el tercer grado está muy bajo, teniendo el séptimo grado sensible (lo que lo aleja del modo de Re), pero convertible en una subtónica empleando unha digitación de horquilla. El resto de grados están prácticamente temperados, salvo el segundo que también está algo bajo, como en tantos punteros antiguos.<span class="Apple-converted-space"> Pode converterse nunha escala moderna sen problema, e dixita en aberto ou en pechado.   </span></p>
<p>Tiene un desgaste digital sorprendente, por eso lo elegimos para datarlo y comprobar su antigüedad mediante el método del 14C-AMS. Nuestro método de datación mediante los desgastes digitales nos decía que tuvo nada menos que 450 años de uso, lo que con los 50 años de reposo que no se utilizó, nos daría una edad mínima de unos 500 años, es decir, que habría sido fabricado hacia 1520. La datación por 14C-AMS indicó una edad calibrada de 1516-1590 AD. Por lo tanto, se trata, con gran probabilidad, de un puntero del siglo XVI.<span class="Apple-converted-space"> </span></p>
<p>Lo montamos en una gaita de fuelle copiada de un precioso ejemplar muy antiguo encontrado por Antonio Freire en Coimbra, una gaita con la vestimenta típica de esta zona, por lo que sabemos que al menos se usó aquí durante muchos años. Así se compuso una gaita de coimbra al más puro estilo antiguo de la zona: torneado clásico del noroeste, puntero de ébano y marfil (nosotros usamos una imitación de este material), y el resto de la gaita de boj, con la vestimenta típica de esta Região Centro, donde se ata el soplete en el cuello de la piel del animal, y el puntero y el ronco en las patas.</p>
<p><span class="Apple-converted-space">Puedes escucharla en este <a href="https://www.youtube.com/watch?v=Jx_bRGWh4dg&amp;t=22s">vídeo</a>.  </span></p>
<p>Debido a las características especiales de cada reproducción de gaita antigua, si estás interesado en ella, ponte en contacto con nosotros por favor.</p>

<p>Un dos punteiros que nos axudou a comprobar o método de datacións empregando os desgastes dixitais foi o do Ti Chico da Marmeleira, de Coimbra. Este punteiro de ébano foi mercado en 1950 por Joaquim Pereira, &#8220;O Ti Carriço&#8221; a este músico tocador de frautín, e foi o instrumento co que o Ti Carriço tocou [&hellip;]</p>

<!-- This site is optimized with the Yoast SEO plugin v27.2 - https://yoast.com/product/yoast-seo-wordpress/ -->
<title>Gaita de fol co punteiro do Ti Chico da Marmeleira - Pablo Carpintero</title>
<meta name="robots" content="index, follow, max-snippet:-1, max-image-preview:large, max-video-preview:-1" />
<link rel="canonical" href="https://pablocarpintero.es/es/producto/gaita-de-fol-co-punteiro-do-ti-chico-da-marmeleira/" />
<meta property="og:locale" content="es_ES" />
<meta property="og:type" content="article" />
<meta property="og:title" content="Gaita de fol co punteiro do Ti Chico da Marmeleira - Pablo Carpintero" />
<meta property="og:description" content="Un dos punteiros que nos axudou a comprobar o método de datacións empregando os desgastes dixitais foi o do Ti Chico da Marmeleira, de Coimbra. Este punteiro de ébano foi mercado en 1950 por Joaquim Pereira, &#8220;O Ti Carriço&#8221; a este músico tocador de frautín, e foi o instrumento co que o Ti Carriço tocou [&hellip;]" />
<meta property="og:url" content="https://pablocarpintero.es/es/producto/gaita-de-fol-co-punteiro-do-ti-chico-da-marmeleira/" />
<meta property="og:site_name" content="Pablo Carpintero" />
<meta property="article:modified_time" content="2026-03-23T15:31:06+00:00" />
<meta property="og:image" content="https://pablocarpintero.es/wp-content/uploads/2024/09/Gaita-coimbra-Pablo-carpintero-1-1.jpg" />
	<meta property="og:image:width" content="1472" />
	<meta property="og:image:height" content="827" />
	<meta property="og:image:type" content="image/jpeg" />
<meta name="twitter:card" content="summary_large_image" />
<meta name="twitter:label1" content="Tiempo de lectura" />
	<meta name="twitter:data1" content="3 minutos" />
<script type="application/ld+json" class="yoast-schema-graph">{"@context":"https://schema.org","@graph":[{"@type":"WebPage","@id":"https://pablocarpintero.es/producto/gaita-de-fol-co-punteiro-do-ti-chico-da-marmeleira/","url":"https://pablocarpintero.es/producto/gaita-de-fol-co-punteiro-do-ti-chico-da-marmeleira/","name":"Gaita de fol co punteiro do Ti Chico da Marmeleira - Pablo Carpintero","isPartOf":{"@id":"https://pablocarpintero.es/#website"},"primaryImageOfPage":{"@id":"https://pablocarpintero.es/producto/gaita-de-fol-co-punteiro-do-ti-chico-da-marmeleira/#primaryimage"},"image":{"@id":"https://pablocarpintero.es/producto/gaita-de-fol-co-punteiro-do-ti-chico-da-marmeleira/#primaryimage"},"thumbnailUrl":"https://pablocarpintero.es/wp-content/uploads/2024/09/Gaita-coimbra-Pablo-carpintero-1-1.jpg","datePublished":"2024-09-13T02:42:50+00:00","dateModified":"2026-03-23T15:31:06+00:00","breadcrumb":{"@id":"https://pablocarpintero.es/producto/gaita-de-fol-co-punteiro-do-ti-chico-da-marmeleira/#breadcrumb"},"inLanguage":"es","potentialAction":[{"@type":"ReadAction","target":["https://pablocarpintero.es/producto/gaita-de-fol-co-punteiro-do-ti-chico-da-marmeleira/"]}]},{"@type":"ImageObject","inLanguage":"es","@id":"https://pablocarpintero.es/producto/gaita-de-fol-co-punteiro-do-ti-chico-da-marmeleira/#primaryimage","url":"https://pablocarpintero.es/wp-content/uploads/2024/09/Gaita-coimbra-Pablo-carpintero-1-1.jpg","contentUrl":"https://pablocarpintero.es/wp-content/uploads/2024/09/Gaita-coimbra-Pablo-carpintero-1-1.jpg","width":1472,"height":827},{"@type":"BreadcrumbList","@id":"https://pablocarpintero.es/producto/gaita-de-fol-co-punteiro-do-ti-chico-da-marmeleira/#breadcrumb","itemListElement":[{"@type":"ListItem","position":1,"name":"Portada","item":"https://pablocarpintero.es/inicio/"},{"@type":"ListItem","position":2,"name":"Tienda","item":"https://pablocarpintero.es/tienda/"},{"@type":"ListItem","position":3,"name":"Gaita de fol co punteiro do Ti Chico da Marmeleira"}]},{"@type":"WebSite","@id":"https://pablocarpintero.es/#website","url":"https://pablocarpintero.es/","name":"Pablo Carpintero","description":"Otro sitio realizado con WordPress","potentialAction":[{"@type":"SearchAction","target":{"@type":"EntryPoint","urlTemplate":"https://pablocarpintero.es/?s={search_term_string}"},"query-input":{"@type":"PropertyValueSpecification","valueRequired":true,"valueName":"search_term_string"}}],"inLanguage":"es"}]}</script>
<!-- / Yoast SEO plugin. -->

Un dos punteiros que nos axudou a comprobar o método de datacións empregando os desgastes dixitais foi o do Ti Chico da Marmeleira, de Coimbra. Este punteiro de ébano foi mercado en 1950 por Joaquim Pereira, &#8220;O Ti Carriço&#8221; a este músico tocador de frautín, e foi o instrumento co que o Ti Carriço tocou [&hellip;]
