{"id":462,"date":"2021-10-23T16:44:14","date_gmt":"2021-10-23T16:44:14","guid":{"rendered":"https:\/\/pablocarpintero.es\/?post_type=product&#038;p=462"},"modified":"2023-10-15T06:52:39","modified_gmt":"2023-10-15T06:52:39","slug":"gaita-de-domingo-alvarez-rodriguez-galfarro","status":"publish","type":"product","link":"https:\/\/pablocarpintero.es\/es\/producto\/gaita-de-domingo-alvarez-rodriguez-galfarro\/","title":{"rendered":"Gaita de Domingo \u00c1lvarez Rodr\u00edguez \u201cGalfarro\u201d"},"content":{"rendered":"<p class=\"p1\">Uno de los constructores m\u00e1s famosos de la zona Eo-naviega fue Domingo \u00c1lvarez Rodr\u00edguez, apodado \u201cGalfarro\u201d (1885-1969) que construy\u00f3 gaitas en la Pumarega (A Veiga). Este artesano constru\u00eda con una morfolog\u00eda de torneado que es exclusiva y caracter\u00edstica de A Terra Ch\u00e1, pero que se extiende hacia el oriente en manos de este y alg\u00fan otro artesano, apareciendo as\u00ed en la zona Eo-naviega junto con el torneado b\u00e1sico del noroeste. Puedes ver nuestro art\u00edculo sobre este tema clicando <a href=\"https:\/\/pablocarpintero.es\/wp-content\/uploads\/2021\/10\/Esqueuomorfismo-Rev-de-Folklore.pdf\">aqu\u00ed<\/a>.\u00a0<span class=\"Apple-converted-space\">\u00a0<\/span><\/p>\n<p class=\"p1\">Esta gaita de Galfarro est\u00e1 en modo de Do con la t\u00f3nica en Do#.<span class=\"Apple-converted-space\">\u00a0<\/span><\/p>\n<div  class='avia-video av-9zonq-bf7d90e2ef48fb213d53707fd281ab67 avia-video-16-9 av-no-preview-image avia-video-load-always av-lazyload-immediate av-lazyload-video-embed'  itemprop=\"video\" itemtype=\"https:\/\/schema.org\/VideoObject\"  data-original_url='https:\/\/www.youtube.com\/watch?v=_QTuQGIv2YM'><script type='text\/html' class='av-video-tmpl'><div class='avia-iframe-wrap'><iframe loading=\"lazy\" title=\"Gaita Eonaviega de Galfarro\" width=\"1500\" height=\"844\" src=\"https:\/\/www.youtube.com\/embed\/_QTuQGIv2YM?feature=oembed&autoplay=0&loop=0&controls=1&mute=0\" frameborder=\"0\" allow=\"accelerometer; autoplay; clipboard-write; encrypted-media; gyroscope; picture-in-picture\" allowfullscreen><\/iframe><\/div><\/script><div class='av-click-to-play-overlay'><div class=\"avia_playpause_icon\"><\/div><\/div><\/div>\n<p class=\"p1\"><b>Compra por encargo<\/b><\/p>\n<p class=\"p1\">Debido a las caracter\u00edsticas de las gaitas de fuelle antiguas, estas no tienen un precio fijo asignado, que depender\u00e1 del tipo de madera y de otras caracter\u00edsticas est\u00e9ticas que puedes escoger como anillados en diferentes materiales, flecos o ribeteados de los vestidos. Todas las r\u00e9plicas de gaitas de fuelle tienen una demora que depende de nuestra lista de espera. Consulta con nosotros para saber m\u00e1s.<\/p>\n<p class=\"p1\"><div  class='avia-button-wrap av-7w2e1-2cfff7366207172118f91cc6d7012c90-wrap avia-button-center  avia-builder-el-1  el_after_av_video  avia-builder-el-last'><a href='https:\/\/pablocarpintero.es\/es\/contactar\/'  class='avia-button av-7w2e1-2cfff7366207172118f91cc6d7012c90 avia-icon_select-yes-left-icon avia-size-small avia-position-center avia-color-theme-color'  ><span class='avia_button_icon avia_button_icon_left' aria-hidden='true' data-av_icon='\ue81f' data-av_iconfont='entypo-fontello'><\/span><span class='avia_iconbox_title' >Solicita informaci\u00f3n de precios<\/span><\/a><\/div><\/p>","protected":false},"excerpt":{"rendered":"<p>Un dos construtores m\u00e1is famosos da zona Eo-naviega foi Domingo \u00c1lvarez Rodr\u00edguez, alcumado \u201cGalfarro\u201d (1885-1969) que constru\u00edu gaitas na Pumarega (A Veiga). Este artes\u00e1n constru\u00eda cunha morfolox\u00eda de torneado que \u00e9 exclusiva e caracter\u00edstica da Terra Ch\u00e1, pero que se estende cara ao oriente en mans deste e alg\u00fan outro artes\u00e1n, aparecendo as\u00ed na zona [&hellip;]<\/p>\n","protected":false},"featured_media":656,"comment_status":"open","ping_status":"closed","template":"","meta":{"give_campaign_id":0,"_joinchat":[]},"product_brand":[],"product_cat":[20,18,21,23],"product_tag":[],"class_list":{"0":"post-462","1":"product","2":"type-product","3":"status-publish","4":"has-post-thumbnail","6":"product_cat-gaitas-de-fol","7":"product_cat-instrumentos-musicales","8":"product_cat-replicas-de-gaitas-de-fol-antigas","9":"product_cat-replicas-de-gaitas-eo-naviegas","11":"first","12":"instock","13":"taxable","14":"shipping-taxable","15":"product-type-simple"},"yoast_head":"<!-- This site is optimized with the Yoast SEO plugin v27.2 - https:\/\/yoast.com\/product\/yoast-seo-wordpress\/ -->\n<title>Gaita de Domingo \u00c1lvarez Rodr\u00edguez \u201cGalfarro\u201d - Pablo Carpintero<\/title>\n<meta name=\"robots\" content=\"index, follow, max-snippet:-1, max-image-preview:large, max-video-preview:-1\" \/>\n<link rel=\"canonical\" href=\"https:\/\/pablocarpintero.es\/es\/producto\/gaita-de-domingo-alvarez-rodriguez-galfarro\/\" \/>\n<meta property=\"og:locale\" content=\"es_ES\" \/>\n<meta property=\"og:type\" content=\"article\" \/>\n<meta property=\"og:title\" content=\"Gaita de Domingo \u00c1lvarez Rodr\u00edguez \u201cGalfarro\u201d - Pablo Carpintero\" \/>\n<meta property=\"og:description\" content=\"Un dos construtores m\u00e1is famosos da zona Eo-naviega foi Domingo \u00c1lvarez Rodr\u00edguez, alcumado \u201cGalfarro\u201d (1885-1969) que constru\u00edu gaitas na Pumarega (A Veiga). Este artes\u00e1n constru\u00eda cunha morfolox\u00eda de torneado que \u00e9 exclusiva e caracter\u00edstica da Terra Ch\u00e1, pero que se estende cara ao oriente en mans deste e alg\u00fan outro artes\u00e1n, aparecendo as\u00ed na zona [&hellip;]\" \/>\n<meta property=\"og:url\" content=\"https:\/\/pablocarpintero.es\/es\/producto\/gaita-de-domingo-alvarez-rodriguez-galfarro\/\" \/>\n<meta property=\"og:site_name\" content=\"Pablo Carpintero\" \/>\n<meta property=\"article:modified_time\" content=\"2023-10-15T06:52:39+00:00\" \/>\n<meta property=\"og:image\" content=\"https:\/\/pablocarpintero.es\/wp-content\/uploads\/2021\/10\/DSC_0136.jpg\" \/>\n\t<meta property=\"og:image:width\" content=\"1429\" \/>\n\t<meta property=\"og:image:height\" content=\"949\" \/>\n\t<meta property=\"og:image:type\" content=\"image\/jpeg\" \/>\n<meta name=\"twitter:card\" content=\"summary_large_image\" \/>\n<meta name=\"twitter:label1\" content=\"Tiempo de lectura\" \/>\n\t<meta name=\"twitter:data1\" content=\"1 minuto\" \/>\n<script type=\"application\/ld+json\" class=\"yoast-schema-graph\">{\"@context\":\"https:\/\/schema.org\",\"@graph\":[{\"@type\":\"WebPage\",\"@id\":\"https:\/\/pablocarpintero.es\/producto\/gaita-de-domingo-alvarez-rodriguez-galfarro\/\",\"url\":\"https:\/\/pablocarpintero.es\/producto\/gaita-de-domingo-alvarez-rodriguez-galfarro\/\",\"name\":\"Gaita de Domingo \u00c1lvarez Rodr\u00edguez \u201cGalfarro\u201d - Pablo Carpintero\",\"isPartOf\":{\"@id\":\"https:\/\/pablocarpintero.es\/#website\"},\"primaryImageOfPage\":{\"@id\":\"https:\/\/pablocarpintero.es\/producto\/gaita-de-domingo-alvarez-rodriguez-galfarro\/#primaryimage\"},\"image\":{\"@id\":\"https:\/\/pablocarpintero.es\/producto\/gaita-de-domingo-alvarez-rodriguez-galfarro\/#primaryimage\"},\"thumbnailUrl\":\"https:\/\/pablocarpintero.es\/wp-content\/uploads\/2021\/10\/DSC_0136.jpg\",\"datePublished\":\"2021-10-23T16:44:14+00:00\",\"dateModified\":\"2023-10-15T06:52:39+00:00\",\"breadcrumb\":{\"@id\":\"https:\/\/pablocarpintero.es\/producto\/gaita-de-domingo-alvarez-rodriguez-galfarro\/#breadcrumb\"},\"inLanguage\":\"es\",\"potentialAction\":[{\"@type\":\"ReadAction\",\"target\":[\"https:\/\/pablocarpintero.es\/producto\/gaita-de-domingo-alvarez-rodriguez-galfarro\/\"]}]},{\"@type\":\"ImageObject\",\"inLanguage\":\"es\",\"@id\":\"https:\/\/pablocarpintero.es\/producto\/gaita-de-domingo-alvarez-rodriguez-galfarro\/#primaryimage\",\"url\":\"https:\/\/pablocarpintero.es\/wp-content\/uploads\/2021\/10\/DSC_0136.jpg\",\"contentUrl\":\"https:\/\/pablocarpintero.es\/wp-content\/uploads\/2021\/10\/DSC_0136.jpg\",\"width\":1429,\"height\":949},{\"@type\":\"BreadcrumbList\",\"@id\":\"https:\/\/pablocarpintero.es\/producto\/gaita-de-domingo-alvarez-rodriguez-galfarro\/#breadcrumb\",\"itemListElement\":[{\"@type\":\"ListItem\",\"position\":1,\"name\":\"Portada\",\"item\":\"https:\/\/pablocarpintero.es\/inicio\/\"},{\"@type\":\"ListItem\",\"position\":2,\"name\":\"Tienda\",\"item\":\"https:\/\/pablocarpintero.es\/tienda\/\"},{\"@type\":\"ListItem\",\"position\":3,\"name\":\"Gaita de Domingo \u00c1lvarez Rodr\u00edguez \u201cGalfarro\u201d\"}]},{\"@type\":\"WebSite\",\"@id\":\"https:\/\/pablocarpintero.es\/#website\",\"url\":\"https:\/\/pablocarpintero.es\/\",\"name\":\"Pablo Carpintero\",\"description\":\"Otro sitio realizado con WordPress\",\"potentialAction\":[{\"@type\":\"SearchAction\",\"target\":{\"@type\":\"EntryPoint\",\"urlTemplate\":\"https:\/\/pablocarpintero.es\/?s={search_term_string}\"},\"query-input\":{\"@type\":\"PropertyValueSpecification\",\"valueRequired\":true,\"valueName\":\"search_term_string\"}}],\"inLanguage\":\"es\"}]}<\/script>\n<!-- \/ Yoast SEO plugin. -->","yoast_head_json":{"title":"Gaita de Domingo \u00c1lvarez Rodr\u00edguez \u201cGalfarro\u201d - Pablo Carpintero","robots":{"index":"index","follow":"follow","max-snippet":"max-snippet:-1","max-image-preview":"max-image-preview:large","max-video-preview":"max-video-preview:-1"},"canonical":"https:\/\/pablocarpintero.es\/es\/producto\/gaita-de-domingo-alvarez-rodriguez-galfarro\/","og_locale":"es_ES","og_type":"article","og_title":"Gaita de Domingo \u00c1lvarez Rodr\u00edguez \u201cGalfarro\u201d - Pablo Carpintero","og_description":"Un dos construtores m\u00e1is famosos da zona Eo-naviega foi Domingo \u00c1lvarez Rodr\u00edguez, alcumado \u201cGalfarro\u201d (1885-1969) que constru\u00edu gaitas na Pumarega (A Veiga). Este artes\u00e1n constru\u00eda cunha morfolox\u00eda de torneado que \u00e9 exclusiva e caracter\u00edstica da Terra Ch\u00e1, pero que se estende cara ao oriente en mans deste e alg\u00fan outro artes\u00e1n, aparecendo as\u00ed na zona [&hellip;]","og_url":"https:\/\/pablocarpintero.es\/es\/producto\/gaita-de-domingo-alvarez-rodriguez-galfarro\/","og_site_name":"Pablo Carpintero","article_modified_time":"2023-10-15T06:52:39+00:00","og_image":[{"width":1429,"height":949,"url":"https:\/\/pablocarpintero.es\/wp-content\/uploads\/2021\/10\/DSC_0136.jpg","type":"image\/jpeg"}],"twitter_card":"summary_large_image","twitter_misc":{"Tiempo de lectura":"1 minuto"},"schema":{"@context":"https:\/\/schema.org","@graph":[{"@type":"WebPage","@id":"https:\/\/pablocarpintero.es\/producto\/gaita-de-domingo-alvarez-rodriguez-galfarro\/","url":"https:\/\/pablocarpintero.es\/producto\/gaita-de-domingo-alvarez-rodriguez-galfarro\/","name":"Gaita de Domingo \u00c1lvarez Rodr\u00edguez \u201cGalfarro\u201d - Pablo Carpintero","isPartOf":{"@id":"https:\/\/pablocarpintero.es\/#website"},"primaryImageOfPage":{"@id":"https:\/\/pablocarpintero.es\/producto\/gaita-de-domingo-alvarez-rodriguez-galfarro\/#primaryimage"},"image":{"@id":"https:\/\/pablocarpintero.es\/producto\/gaita-de-domingo-alvarez-rodriguez-galfarro\/#primaryimage"},"thumbnailUrl":"https:\/\/pablocarpintero.es\/wp-content\/uploads\/2021\/10\/DSC_0136.jpg","datePublished":"2021-10-23T16:44:14+00:00","dateModified":"2023-10-15T06:52:39+00:00","breadcrumb":{"@id":"https:\/\/pablocarpintero.es\/producto\/gaita-de-domingo-alvarez-rodriguez-galfarro\/#breadcrumb"},"inLanguage":"es","potentialAction":[{"@type":"ReadAction","target":["https:\/\/pablocarpintero.es\/producto\/gaita-de-domingo-alvarez-rodriguez-galfarro\/"]}]},{"@type":"ImageObject","inLanguage":"es","@id":"https:\/\/pablocarpintero.es\/producto\/gaita-de-domingo-alvarez-rodriguez-galfarro\/#primaryimage","url":"https:\/\/pablocarpintero.es\/wp-content\/uploads\/2021\/10\/DSC_0136.jpg","contentUrl":"https:\/\/pablocarpintero.es\/wp-content\/uploads\/2021\/10\/DSC_0136.jpg","width":1429,"height":949},{"@type":"BreadcrumbList","@id":"https:\/\/pablocarpintero.es\/producto\/gaita-de-domingo-alvarez-rodriguez-galfarro\/#breadcrumb","itemListElement":[{"@type":"ListItem","position":1,"name":"Portada","item":"https:\/\/pablocarpintero.es\/inicio\/"},{"@type":"ListItem","position":2,"name":"Tienda","item":"https:\/\/pablocarpintero.es\/tienda\/"},{"@type":"ListItem","position":3,"name":"Gaita de Domingo \u00c1lvarez Rodr\u00edguez \u201cGalfarro\u201d"}]},{"@type":"WebSite","@id":"https:\/\/pablocarpintero.es\/#website","url":"https:\/\/pablocarpintero.es\/","name":"Pablo Carpintero","description":"Otro sitio realizado con WordPress","potentialAction":[{"@type":"SearchAction","target":{"@type":"EntryPoint","urlTemplate":"https:\/\/pablocarpintero.es\/?s={search_term_string}"},"query-input":{"@type":"PropertyValueSpecification","valueRequired":true,"valueName":"search_term_string"}}],"inLanguage":"es"}]}},"_links":{"self":[{"href":"https:\/\/pablocarpintero.es\/es\/wp-json\/wp\/v2\/product\/462","targetHints":{"allow":["GET"]}}],"collection":[{"href":"https:\/\/pablocarpintero.es\/es\/wp-json\/wp\/v2\/product"}],"about":[{"href":"https:\/\/pablocarpintero.es\/es\/wp-json\/wp\/v2\/types\/product"}],"replies":[{"embeddable":true,"href":"https:\/\/pablocarpintero.es\/es\/wp-json\/wp\/v2\/comments?post=462"}],"wp:featuredmedia":[{"embeddable":true,"href":"https:\/\/pablocarpintero.es\/es\/wp-json\/wp\/v2\/media\/656"}],"wp:attachment":[{"href":"https:\/\/pablocarpintero.es\/es\/wp-json\/wp\/v2\/media?parent=462"}],"wp:term":[{"taxonomy":"product_brand","embeddable":true,"href":"https:\/\/pablocarpintero.es\/es\/wp-json\/wp\/v2\/product_brand?post=462"},{"taxonomy":"product_cat","embeddable":true,"href":"https:\/\/pablocarpintero.es\/es\/wp-json\/wp\/v2\/product_cat?post=462"},{"taxonomy":"product_tag","embeddable":true,"href":"https:\/\/pablocarpintero.es\/es\/wp-json\/wp\/v2\/product_tag?post=462"}],"curies":[{"name":"wp","href":"https:\/\/api.w.org\/{rel}","templated":true}]}}

Gaita de Domingo Álvarez Rodríguez “Galfarro”

<p class="p1">Uno de los constructores más famosos de la zona Eo-naviega fue Domingo Álvarez Rodríguez, apodado “Galfarro” (1885-1969) que construyó gaitas en la Pumarega (A Veiga). Este artesano construía con una morfología de torneado que es exclusiva y característica de A Terra Chá, pero que se extiende hacia el oriente en manos de este y algún otro artesano, apareciendo así en la zona Eo-naviega junto con el torneado básico del noroeste. Puedes ver nuestro artículo sobre este tema clicando <a href="https://pablocarpintero.es/wp-content/uploads/2021/10/Esqueuomorfismo-Rev-de-Folklore.pdf">aquí</a>. <span class="Apple-converted-space"> </span></p>
<p class="p1">Esta gaita de Galfarro está en modo de Do con la tónica en Do#.<span class="Apple-converted-space"> </span></p>
<div  class='avia-video av-9zonq-bf7d90e2ef48fb213d53707fd281ab67 avia-video-16-9 av-no-preview-image avia-video-load-always av-lazyload-immediate av-lazyload-video-embed'  itemprop="video" itemtype="https://schema.org/VideoObject"  data-original_url='https://www.youtube.com/watch?v=_QTuQGIv2YM'><script type='text/html' class='av-video-tmpl'><div class='avia-iframe-wrap'><iframe loading="lazy" title="Gaita Eonaviega de Galfarro" width="1500" height="844" src="https://www.youtube.com/embed/_QTuQGIv2YM?feature=oembed&autoplay=0&loop=0&controls=1&mute=0" frameborder="0" allow="accelerometer; autoplay; clipboard-write; encrypted-media; gyroscope; picture-in-picture" allowfullscreen></iframe></div></script><div class='av-click-to-play-overlay'><div class="avia_playpause_icon"></div></div></div>
<p class="p1"><b>Compra por encargo</b></p>
<p class="p1">Debido a las características de las gaitas de fuelle antiguas, estas no tienen un precio fijo asignado, que dependerá del tipo de madera y de otras características estéticas que puedes escoger como anillados en diferentes materiales, flecos o ribeteados de los vestidos. Todas las réplicas de gaitas de fuelle tienen una demora que depende de nuestra lista de espera. Consulta con nosotros para saber más.</p>
<p class="p1"><div  class='avia-button-wrap av-7w2e1-2cfff7366207172118f91cc6d7012c90-wrap avia-button-center  avia-builder-el-1  el_after_av_video  avia-builder-el-last'><a href='https://pablocarpintero.es/es/contactar/'  class='avia-button av-7w2e1-2cfff7366207172118f91cc6d7012c90 avia-icon_select-yes-left-icon avia-size-small avia-position-center avia-color-theme-color'  ><span class='avia_button_icon avia_button_icon_left' aria-hidden='true' data-av_icon='' data-av_iconfont='entypo-fontello'></span><span class='avia_iconbox_title' >Solicita información de precios</span></a></div></p>

<p>Un dos construtores máis famosos da zona Eo-naviega foi Domingo Álvarez Rodríguez, alcumado “Galfarro” (1885-1969) que construíu gaitas na Pumarega (A Veiga). Este artesán construía cunha morfoloxía de torneado que é exclusiva e característica da Terra Chá, pero que se estende cara ao oriente en mans deste e algún outro artesán, aparecendo así na zona [&hellip;]</p>

<!-- This site is optimized with the Yoast SEO plugin v27.2 - https://yoast.com/product/yoast-seo-wordpress/ -->
<title>Gaita de Domingo Álvarez Rodríguez “Galfarro” - Pablo Carpintero</title>
<meta name="robots" content="index, follow, max-snippet:-1, max-image-preview:large, max-video-preview:-1" />
<link rel="canonical" href="https://pablocarpintero.es/es/producto/gaita-de-domingo-alvarez-rodriguez-galfarro/" />
<meta property="og:locale" content="es_ES" />
<meta property="og:type" content="article" />
<meta property="og:title" content="Gaita de Domingo Álvarez Rodríguez “Galfarro” - Pablo Carpintero" />
<meta property="og:description" content="Un dos construtores máis famosos da zona Eo-naviega foi Domingo Álvarez Rodríguez, alcumado “Galfarro” (1885-1969) que construíu gaitas na Pumarega (A Veiga). Este artesán construía cunha morfoloxía de torneado que é exclusiva e característica da Terra Chá, pero que se estende cara ao oriente en mans deste e algún outro artesán, aparecendo así na zona [&hellip;]" />
<meta property="og:url" content="https://pablocarpintero.es/es/producto/gaita-de-domingo-alvarez-rodriguez-galfarro/" />
<meta property="og:site_name" content="Pablo Carpintero" />
<meta property="article:modified_time" content="2023-10-15T06:52:39+00:00" />
<meta property="og:image" content="https://pablocarpintero.es/wp-content/uploads/2021/10/DSC_0136.jpg" />
	<meta property="og:image:width" content="1429" />
	<meta property="og:image:height" content="949" />
	<meta property="og:image:type" content="image/jpeg" />
<meta name="twitter:card" content="summary_large_image" />
<meta name="twitter:label1" content="Tiempo de lectura" />
	<meta name="twitter:data1" content="1 minuto" />
<script type="application/ld+json" class="yoast-schema-graph">{"@context":"https://schema.org","@graph":[{"@type":"WebPage","@id":"https://pablocarpintero.es/producto/gaita-de-domingo-alvarez-rodriguez-galfarro/","url":"https://pablocarpintero.es/producto/gaita-de-domingo-alvarez-rodriguez-galfarro/","name":"Gaita de Domingo Álvarez Rodríguez “Galfarro” - Pablo Carpintero","isPartOf":{"@id":"https://pablocarpintero.es/#website"},"primaryImageOfPage":{"@id":"https://pablocarpintero.es/producto/gaita-de-domingo-alvarez-rodriguez-galfarro/#primaryimage"},"image":{"@id":"https://pablocarpintero.es/producto/gaita-de-domingo-alvarez-rodriguez-galfarro/#primaryimage"},"thumbnailUrl":"https://pablocarpintero.es/wp-content/uploads/2021/10/DSC_0136.jpg","datePublished":"2021-10-23T16:44:14+00:00","dateModified":"2023-10-15T06:52:39+00:00","breadcrumb":{"@id":"https://pablocarpintero.es/producto/gaita-de-domingo-alvarez-rodriguez-galfarro/#breadcrumb"},"inLanguage":"es","potentialAction":[{"@type":"ReadAction","target":["https://pablocarpintero.es/producto/gaita-de-domingo-alvarez-rodriguez-galfarro/"]}]},{"@type":"ImageObject","inLanguage":"es","@id":"https://pablocarpintero.es/producto/gaita-de-domingo-alvarez-rodriguez-galfarro/#primaryimage","url":"https://pablocarpintero.es/wp-content/uploads/2021/10/DSC_0136.jpg","contentUrl":"https://pablocarpintero.es/wp-content/uploads/2021/10/DSC_0136.jpg","width":1429,"height":949},{"@type":"BreadcrumbList","@id":"https://pablocarpintero.es/producto/gaita-de-domingo-alvarez-rodriguez-galfarro/#breadcrumb","itemListElement":[{"@type":"ListItem","position":1,"name":"Portada","item":"https://pablocarpintero.es/inicio/"},{"@type":"ListItem","position":2,"name":"Tienda","item":"https://pablocarpintero.es/tienda/"},{"@type":"ListItem","position":3,"name":"Gaita de Domingo Álvarez Rodríguez “Galfarro”"}]},{"@type":"WebSite","@id":"https://pablocarpintero.es/#website","url":"https://pablocarpintero.es/","name":"Pablo Carpintero","description":"Otro sitio realizado con WordPress","potentialAction":[{"@type":"SearchAction","target":{"@type":"EntryPoint","urlTemplate":"https://pablocarpintero.es/?s={search_term_string}"},"query-input":{"@type":"PropertyValueSpecification","valueRequired":true,"valueName":"search_term_string"}}],"inLanguage":"es"}]}</script>
<!-- / Yoast SEO plugin. -->

Gaita de Domingo Álvarez Rodríguez “Galfarro” - Pablo Carpintero

Un dos construtores máis famosos da zona Eo-naviega foi Domingo Álvarez Rodríguez, alcumado “Galfarro” (1885-1969) que construíu gaitas na Pumarega (A Veiga). Este artesán construía cunha morfoloxía de torneado que é exclusiva e característica da Terra Chá, pero que se estende cara ao oriente en mans deste e algún outro artesán, aparecendo así na zona [&hellip;]
