{"id":489,"date":"2021-10-24T19:12:53","date_gmt":"2021-10-24T19:12:53","guid":{"rendered":"https:\/\/pablocarpintero.es\/?post_type=product&#038;p=489"},"modified":"2025-12-02T08:40:47","modified_gmt":"2025-12-02T08:40:47","slug":"punteiro-mirandes-en-do-temperado-e-cromatico","status":"publish","type":"product","link":"https:\/\/pablocarpintero.es\/es\/producto\/punteiro-mirandes-en-do-temperado-e-cromatico\/","title":{"rendered":"Puntero mirand\u00e9s en Do temperado y crom\u00e1tico"},"content":{"rendered":"<p class=\"p1\">Desarrollamos esta puntera en base a la n\u00ba59 conservada en el Museu da Terra de Miranda que puedes ver <a href=\"https:\/\/pablocarpintero.es\/es\/producto\/punteiro-no-59-do-museu-da-terra-de-miranda\/\">aqu\u00ed<\/a>. Tiene una escala en Do temperada y crom\u00e1tica, con posibilidad de emitir t\u00f3nica y subtonica, de ah\u00ed que tenga dos agujeros para el me\u00f1ique inferior. Utilizando diferentes posiciones se pueden emitir tres terceros grados diferentes: uno exactamente temperado, emitido con la postura del cuarto grado pero interponiendo el dedo coraz\u00f3n; otro ajustado al bord\u00f3n (15 cents grave respecto al temperamento exacto) emitido con la postura normal del tercer grado abierto; y otro rebajado que se obtiene con esta misma posici\u00f3n, pero interponiendo el dedo anular. <span class=\"Apple-converted-space\">\u00a0 \u00a0<\/span><\/p>\n<p class=\"p1\">Debido al uso de pajuelas constru\u00eddas de la forma antigua trasmontana, es dicir, solo con la parte blanda de la ca\u00f1a, esta puntera conserva el timbre propiamente mirand\u00e9s.\u00a0Aqu\u00ed explicamos un poco el proceso mediante el cual desarrollamos esta puntera.<\/p>\n<p>&nbsp;<\/p>\n<div  class='avia-video av-eeofp-469a81b47e9ab21db656a05fb80ef80a avia-video-16-9 av-no-preview-image avia-video-load-always av-lazyload-immediate av-lazyload-video-embed'  itemprop=\"video\" itemtype=\"https:\/\/schema.org\/VideoObject\"  data-original_url='https:\/\/www.youtube.com\/watch?v=en0MdPCuwag'><script type='text\/html' class='av-video-tmpl'><div class='avia-iframe-wrap'><iframe loading=\"lazy\" title=\"R\u00e9plicas de d\u00faas punteiras mirandesas do Museu da Terra de Miranda e a ponteira em Do\" width=\"1500\" height=\"844\" src=\"https:\/\/www.youtube.com\/embed\/en0MdPCuwag?feature=oembed&autoplay=0&loop=0&controls=1&mute=0\" frameborder=\"0\" allow=\"accelerometer; autoplay; clipboard-write; encrypted-media; gyroscope; picture-in-picture\" allowfullscreen><\/iframe><\/div><\/script><div class='av-click-to-play-overlay'><div class=\"avia_playpause_icon\"><\/div><\/div><\/div>\n<p>&nbsp;<\/p>\n<p>Aqu\u00ed podedes escoitar a mui\u00f1eira de Chantada tocada con este punteiro.<\/p>\n<p>&nbsp;<\/p>\n<div  class='avia-video av-b3w79-076604899b2b4a894715029236c0e00d avia-video-16-9 av-no-preview-image avia-video-load-always av-lazyload-immediate av-lazyload-video-embed'  itemprop=\"video\" itemtype=\"https:\/\/schema.org\/VideoObject\"  data-original_url='https:\/\/www.youtube.com\/watch?v=8_vjzgzB378'><script type='text\/html' class='av-video-tmpl'><div class='avia-iframe-wrap'><iframe loading=\"lazy\" title=\"Mui\u00f1eira de Chantada interpretada com a ponteira mirandesa em Do temperado e crom\u00e1tico\" width=\"1500\" height=\"844\" src=\"https:\/\/www.youtube.com\/embed\/8_vjzgzB378?feature=oembed&autoplay=0&loop=0&controls=1&mute=0\" frameborder=\"0\" allow=\"accelerometer; autoplay; clipboard-write; encrypted-media; gyroscope; picture-in-picture\" allowfullscreen><\/iframe><\/div><\/script><div class='av-click-to-play-overlay'><div class=\"avia_playpause_icon\"><\/div><\/div><\/div>\n<p>&nbsp;<\/p>","protected":false},"excerpt":{"rendered":"<p>Desenvolvemos este punteiro en base ao n\u00ba 59 conservado no Museo da Terra de Miranda que podedes ver aqu\u00ed. Ten unha escala en Do temperada e crom\u00e1tica, coa posibilidade de emitir t\u00f3nica e subt\u00f3nica, de a\u00ed que te\u00f1a dous furados para o meni\u00f1o inferior. Empregando posici\u00f3ns diferentes pode emitir tres terceiros graos distintos: un exactamente [&hellip;]<\/p>\n","protected":false},"featured_media":932,"comment_status":"open","ping_status":"closed","template":"","meta":{"give_campaign_id":0,"_joinchat":[]},"product_brand":[],"product_cat":[20,18,45],"product_tag":[],"class_list":{"0":"post-489","1":"product","2":"type-product","3":"status-publish","4":"has-post-thumbnail","6":"product_cat-gaitas-de-fol","7":"product_cat-instrumentos-musicales","8":"product_cat-outras-gaitas-de-fol-e-punteiros-do-noroeste-con-escalas-temperadas-e-cromaticas","10":"first","11":"instock","12":"taxable","13":"shipping-taxable","14":"purchasable","15":"product-type-simple"},"yoast_head":"<!-- This site is optimized with the Yoast SEO plugin v27.2 - https:\/\/yoast.com\/product\/yoast-seo-wordpress\/ -->\n<title>Punteiro mirand\u00e9s en Do temperado e crom\u00e1tico - Pablo Carpintero<\/title>\n<meta name=\"robots\" content=\"index, follow, max-snippet:-1, max-image-preview:large, max-video-preview:-1\" \/>\n<link rel=\"canonical\" href=\"https:\/\/pablocarpintero.es\/es\/producto\/punteiro-mirandes-en-do-temperado-e-cromatico\/\" \/>\n<meta property=\"og:locale\" content=\"es_ES\" \/>\n<meta property=\"og:type\" content=\"article\" \/>\n<meta property=\"og:title\" content=\"Punteiro mirand\u00e9s en Do temperado e crom\u00e1tico - Pablo Carpintero\" \/>\n<meta property=\"og:description\" content=\"Desenvolvemos este punteiro en base ao n\u00ba 59 conservado no Museo da Terra de Miranda que podedes ver aqu\u00ed. Ten unha escala en Do temperada e crom\u00e1tica, coa posibilidade de emitir t\u00f3nica e subt\u00f3nica, de a\u00ed que te\u00f1a dous furados para o meni\u00f1o inferior. Empregando posici\u00f3ns diferentes pode emitir tres terceiros graos distintos: un exactamente [&hellip;]\" \/>\n<meta property=\"og:url\" content=\"https:\/\/pablocarpintero.es\/es\/producto\/punteiro-mirandes-en-do-temperado-e-cromatico\/\" \/>\n<meta property=\"og:site_name\" content=\"Pablo Carpintero\" \/>\n<meta property=\"article:modified_time\" content=\"2025-12-02T08:40:47+00:00\" \/>\n<meta property=\"og:image\" content=\"https:\/\/pablocarpintero.es\/wp-content\/uploads\/2021\/10\/DSC_5876.jpg\" \/>\n\t<meta property=\"og:image:width\" content=\"2005\" \/>\n\t<meta property=\"og:image:height\" content=\"1339\" \/>\n\t<meta property=\"og:image:type\" content=\"image\/jpeg\" \/>\n<meta name=\"twitter:card\" content=\"summary_large_image\" \/>\n<meta name=\"twitter:label1\" content=\"Tiempo de lectura\" \/>\n\t<meta name=\"twitter:data1\" content=\"1 minuto\" \/>\n<script type=\"application\/ld+json\" class=\"yoast-schema-graph\">{\"@context\":\"https:\/\/schema.org\",\"@graph\":[{\"@type\":\"WebPage\",\"@id\":\"https:\/\/pablocarpintero.es\/producto\/punteiro-mirandes-en-do-temperado-e-cromatico\/\",\"url\":\"https:\/\/pablocarpintero.es\/producto\/punteiro-mirandes-en-do-temperado-e-cromatico\/\",\"name\":\"Punteiro mirand\u00e9s en Do temperado e crom\u00e1tico - Pablo Carpintero\",\"isPartOf\":{\"@id\":\"https:\/\/pablocarpintero.es\/#website\"},\"primaryImageOfPage\":{\"@id\":\"https:\/\/pablocarpintero.es\/producto\/punteiro-mirandes-en-do-temperado-e-cromatico\/#primaryimage\"},\"image\":{\"@id\":\"https:\/\/pablocarpintero.es\/producto\/punteiro-mirandes-en-do-temperado-e-cromatico\/#primaryimage\"},\"thumbnailUrl\":\"https:\/\/pablocarpintero.es\/wp-content\/uploads\/2021\/10\/DSC_5876.jpg\",\"datePublished\":\"2021-10-24T19:12:53+00:00\",\"dateModified\":\"2025-12-02T08:40:47+00:00\",\"breadcrumb\":{\"@id\":\"https:\/\/pablocarpintero.es\/producto\/punteiro-mirandes-en-do-temperado-e-cromatico\/#breadcrumb\"},\"inLanguage\":\"es\",\"potentialAction\":[{\"@type\":\"ReadAction\",\"target\":[\"https:\/\/pablocarpintero.es\/producto\/punteiro-mirandes-en-do-temperado-e-cromatico\/\"]}]},{\"@type\":\"ImageObject\",\"inLanguage\":\"es\",\"@id\":\"https:\/\/pablocarpintero.es\/producto\/punteiro-mirandes-en-do-temperado-e-cromatico\/#primaryimage\",\"url\":\"https:\/\/pablocarpintero.es\/wp-content\/uploads\/2021\/10\/DSC_5876.jpg\",\"contentUrl\":\"https:\/\/pablocarpintero.es\/wp-content\/uploads\/2021\/10\/DSC_5876.jpg\",\"width\":2005,\"height\":1339},{\"@type\":\"BreadcrumbList\",\"@id\":\"https:\/\/pablocarpintero.es\/producto\/punteiro-mirandes-en-do-temperado-e-cromatico\/#breadcrumb\",\"itemListElement\":[{\"@type\":\"ListItem\",\"position\":1,\"name\":\"Portada\",\"item\":\"https:\/\/pablocarpintero.es\/inicio\/\"},{\"@type\":\"ListItem\",\"position\":2,\"name\":\"Tienda\",\"item\":\"https:\/\/pablocarpintero.es\/tienda\/\"},{\"@type\":\"ListItem\",\"position\":3,\"name\":\"Punteiro mirand\u00e9s en Do temperado e crom\u00e1tico\"}]},{\"@type\":\"WebSite\",\"@id\":\"https:\/\/pablocarpintero.es\/#website\",\"url\":\"https:\/\/pablocarpintero.es\/\",\"name\":\"Pablo Carpintero\",\"description\":\"Otro sitio realizado con WordPress\",\"potentialAction\":[{\"@type\":\"SearchAction\",\"target\":{\"@type\":\"EntryPoint\",\"urlTemplate\":\"https:\/\/pablocarpintero.es\/?s={search_term_string}\"},\"query-input\":{\"@type\":\"PropertyValueSpecification\",\"valueRequired\":true,\"valueName\":\"search_term_string\"}}],\"inLanguage\":\"es\"}]}<\/script>\n<!-- \/ Yoast SEO plugin. -->","yoast_head_json":{"title":"Punteiro mirand\u00e9s en Do temperado e crom\u00e1tico - Pablo Carpintero","robots":{"index":"index","follow":"follow","max-snippet":"max-snippet:-1","max-image-preview":"max-image-preview:large","max-video-preview":"max-video-preview:-1"},"canonical":"https:\/\/pablocarpintero.es\/es\/producto\/punteiro-mirandes-en-do-temperado-e-cromatico\/","og_locale":"es_ES","og_type":"article","og_title":"Punteiro mirand\u00e9s en Do temperado e crom\u00e1tico - Pablo Carpintero","og_description":"Desenvolvemos este punteiro en base ao n\u00ba 59 conservado no Museo da Terra de Miranda que podedes ver aqu\u00ed. Ten unha escala en Do temperada e crom\u00e1tica, coa posibilidade de emitir t\u00f3nica e subt\u00f3nica, de a\u00ed que te\u00f1a dous furados para o meni\u00f1o inferior. Empregando posici\u00f3ns diferentes pode emitir tres terceiros graos distintos: un exactamente [&hellip;]","og_url":"https:\/\/pablocarpintero.es\/es\/producto\/punteiro-mirandes-en-do-temperado-e-cromatico\/","og_site_name":"Pablo Carpintero","article_modified_time":"2025-12-02T08:40:47+00:00","og_image":[{"width":2005,"height":1339,"url":"https:\/\/pablocarpintero.es\/wp-content\/uploads\/2021\/10\/DSC_5876.jpg","type":"image\/jpeg"}],"twitter_card":"summary_large_image","twitter_misc":{"Tiempo de lectura":"1 minuto"},"schema":{"@context":"https:\/\/schema.org","@graph":[{"@type":"WebPage","@id":"https:\/\/pablocarpintero.es\/producto\/punteiro-mirandes-en-do-temperado-e-cromatico\/","url":"https:\/\/pablocarpintero.es\/producto\/punteiro-mirandes-en-do-temperado-e-cromatico\/","name":"Punteiro mirand\u00e9s en Do temperado e crom\u00e1tico - Pablo Carpintero","isPartOf":{"@id":"https:\/\/pablocarpintero.es\/#website"},"primaryImageOfPage":{"@id":"https:\/\/pablocarpintero.es\/producto\/punteiro-mirandes-en-do-temperado-e-cromatico\/#primaryimage"},"image":{"@id":"https:\/\/pablocarpintero.es\/producto\/punteiro-mirandes-en-do-temperado-e-cromatico\/#primaryimage"},"thumbnailUrl":"https:\/\/pablocarpintero.es\/wp-content\/uploads\/2021\/10\/DSC_5876.jpg","datePublished":"2021-10-24T19:12:53+00:00","dateModified":"2025-12-02T08:40:47+00:00","breadcrumb":{"@id":"https:\/\/pablocarpintero.es\/producto\/punteiro-mirandes-en-do-temperado-e-cromatico\/#breadcrumb"},"inLanguage":"es","potentialAction":[{"@type":"ReadAction","target":["https:\/\/pablocarpintero.es\/producto\/punteiro-mirandes-en-do-temperado-e-cromatico\/"]}]},{"@type":"ImageObject","inLanguage":"es","@id":"https:\/\/pablocarpintero.es\/producto\/punteiro-mirandes-en-do-temperado-e-cromatico\/#primaryimage","url":"https:\/\/pablocarpintero.es\/wp-content\/uploads\/2021\/10\/DSC_5876.jpg","contentUrl":"https:\/\/pablocarpintero.es\/wp-content\/uploads\/2021\/10\/DSC_5876.jpg","width":2005,"height":1339},{"@type":"BreadcrumbList","@id":"https:\/\/pablocarpintero.es\/producto\/punteiro-mirandes-en-do-temperado-e-cromatico\/#breadcrumb","itemListElement":[{"@type":"ListItem","position":1,"name":"Portada","item":"https:\/\/pablocarpintero.es\/inicio\/"},{"@type":"ListItem","position":2,"name":"Tienda","item":"https:\/\/pablocarpintero.es\/tienda\/"},{"@type":"ListItem","position":3,"name":"Punteiro mirand\u00e9s en Do temperado e crom\u00e1tico"}]},{"@type":"WebSite","@id":"https:\/\/pablocarpintero.es\/#website","url":"https:\/\/pablocarpintero.es\/","name":"Pablo Carpintero","description":"Otro sitio realizado con WordPress","potentialAction":[{"@type":"SearchAction","target":{"@type":"EntryPoint","urlTemplate":"https:\/\/pablocarpintero.es\/?s={search_term_string}"},"query-input":{"@type":"PropertyValueSpecification","valueRequired":true,"valueName":"search_term_string"}}],"inLanguage":"es"}]}},"_links":{"self":[{"href":"https:\/\/pablocarpintero.es\/es\/wp-json\/wp\/v2\/product\/489","targetHints":{"allow":["GET"]}}],"collection":[{"href":"https:\/\/pablocarpintero.es\/es\/wp-json\/wp\/v2\/product"}],"about":[{"href":"https:\/\/pablocarpintero.es\/es\/wp-json\/wp\/v2\/types\/product"}],"replies":[{"embeddable":true,"href":"https:\/\/pablocarpintero.es\/es\/wp-json\/wp\/v2\/comments?post=489"}],"wp:featuredmedia":[{"embeddable":true,"href":"https:\/\/pablocarpintero.es\/es\/wp-json\/wp\/v2\/media\/932"}],"wp:attachment":[{"href":"https:\/\/pablocarpintero.es\/es\/wp-json\/wp\/v2\/media?parent=489"}],"wp:term":[{"taxonomy":"product_brand","embeddable":true,"href":"https:\/\/pablocarpintero.es\/es\/wp-json\/wp\/v2\/product_brand?post=489"},{"taxonomy":"product_cat","embeddable":true,"href":"https:\/\/pablocarpintero.es\/es\/wp-json\/wp\/v2\/product_cat?post=489"},{"taxonomy":"product_tag","embeddable":true,"href":"https:\/\/pablocarpintero.es\/es\/wp-json\/wp\/v2\/product_tag?post=489"}],"curies":[{"name":"wp","href":"https:\/\/api.w.org\/{rel}","templated":true}]}}

Puntero mirandés en Do temperado y cromático

<p class="p1">Desarrollamos esta puntera en base a la nº59 conservada en el Museu da Terra de Miranda que puedes ver <a href="https://pablocarpintero.es/es/producto/punteiro-no-59-do-museu-da-terra-de-miranda/">aquí</a>. Tiene una escala en Do temperada y cromática, con posibilidad de emitir tónica y subtonica, de ahí que tenga dos agujeros para el meñique inferior. Utilizando diferentes posiciones se pueden emitir tres terceros grados diferentes: uno exactamente temperado, emitido con la postura del cuarto grado pero interponiendo el dedo corazón; otro ajustado al bordón (15 cents grave respecto al temperamento exacto) emitido con la postura normal del tercer grado abierto; y otro rebajado que se obtiene con esta misma posición, pero interponiendo el dedo anular. <span class="Apple-converted-space">   </span></p>
<p class="p1">Debido al uso de pajuelas construídas de la forma antigua trasmontana, es dicir, solo con la parte blanda de la caña, esta puntera conserva el timbre propiamente mirandés. Aquí explicamos un poco el proceso mediante el cual desarrollamos esta puntera.</p>
<p>&nbsp;</p>
<div  class='avia-video av-eeofp-469a81b47e9ab21db656a05fb80ef80a avia-video-16-9 av-no-preview-image avia-video-load-always av-lazyload-immediate av-lazyload-video-embed'  itemprop="video" itemtype="https://schema.org/VideoObject"  data-original_url='https://www.youtube.com/watch?v=en0MdPCuwag'><script type='text/html' class='av-video-tmpl'><div class='avia-iframe-wrap'><iframe loading="lazy" title="Réplicas de dúas punteiras mirandesas do Museu da Terra de Miranda e a ponteira em Do" width="1500" height="844" src="https://www.youtube.com/embed/en0MdPCuwag?feature=oembed&autoplay=0&loop=0&controls=1&mute=0" frameborder="0" allow="accelerometer; autoplay; clipboard-write; encrypted-media; gyroscope; picture-in-picture" allowfullscreen></iframe></div></script><div class='av-click-to-play-overlay'><div class="avia_playpause_icon"></div></div></div>
<p>&nbsp;</p>
<p>Aquí podedes escoitar a muiñeira de Chantada tocada con este punteiro.</p>
<p>&nbsp;</p>
<div  class='avia-video av-b3w79-076604899b2b4a894715029236c0e00d avia-video-16-9 av-no-preview-image avia-video-load-always av-lazyload-immediate av-lazyload-video-embed'  itemprop="video" itemtype="https://schema.org/VideoObject"  data-original_url='https://www.youtube.com/watch?v=8_vjzgzB378'><script type='text/html' class='av-video-tmpl'><div class='avia-iframe-wrap'><iframe loading="lazy" title="Muiñeira de Chantada interpretada com a ponteira mirandesa em Do temperado e cromático" width="1500" height="844" src="https://www.youtube.com/embed/8_vjzgzB378?feature=oembed&autoplay=0&loop=0&controls=1&mute=0" frameborder="0" allow="accelerometer; autoplay; clipboard-write; encrypted-media; gyroscope; picture-in-picture" allowfullscreen></iframe></div></script><div class='av-click-to-play-overlay'><div class="avia_playpause_icon"></div></div></div>
<p>&nbsp;</p>

<p>Desenvolvemos este punteiro en base ao nº 59 conservado no Museo da Terra de Miranda que podedes ver aquí. Ten unha escala en Do temperada e cromática, coa posibilidade de emitir tónica e subtónica, de aí que teña dous furados para o meniño inferior. Empregando posicións diferentes pode emitir tres terceiros graos distintos: un exactamente [&hellip;]</p>

<!-- This site is optimized with the Yoast SEO plugin v27.2 - https://yoast.com/product/yoast-seo-wordpress/ -->
<title>Punteiro mirandés en Do temperado e cromático - Pablo Carpintero</title>
<meta name="robots" content="index, follow, max-snippet:-1, max-image-preview:large, max-video-preview:-1" />
<link rel="canonical" href="https://pablocarpintero.es/es/producto/punteiro-mirandes-en-do-temperado-e-cromatico/" />
<meta property="og:locale" content="es_ES" />
<meta property="og:type" content="article" />
<meta property="og:title" content="Punteiro mirandés en Do temperado e cromático - Pablo Carpintero" />
<meta property="og:description" content="Desenvolvemos este punteiro en base ao nº 59 conservado no Museo da Terra de Miranda que podedes ver aquí. Ten unha escala en Do temperada e cromática, coa posibilidade de emitir tónica e subtónica, de aí que teña dous furados para o meniño inferior. Empregando posicións diferentes pode emitir tres terceiros graos distintos: un exactamente [&hellip;]" />
<meta property="og:url" content="https://pablocarpintero.es/es/producto/punteiro-mirandes-en-do-temperado-e-cromatico/" />
<meta property="og:site_name" content="Pablo Carpintero" />
<meta property="article:modified_time" content="2025-12-02T08:40:47+00:00" />
<meta property="og:image" content="https://pablocarpintero.es/wp-content/uploads/2021/10/DSC_5876.jpg" />
	<meta property="og:image:width" content="2005" />
	<meta property="og:image:height" content="1339" />
	<meta property="og:image:type" content="image/jpeg" />
<meta name="twitter:card" content="summary_large_image" />
<meta name="twitter:label1" content="Tiempo de lectura" />
	<meta name="twitter:data1" content="1 minuto" />
<script type="application/ld+json" class="yoast-schema-graph">{"@context":"https://schema.org","@graph":[{"@type":"WebPage","@id":"https://pablocarpintero.es/producto/punteiro-mirandes-en-do-temperado-e-cromatico/","url":"https://pablocarpintero.es/producto/punteiro-mirandes-en-do-temperado-e-cromatico/","name":"Punteiro mirandés en Do temperado e cromático - Pablo Carpintero","isPartOf":{"@id":"https://pablocarpintero.es/#website"},"primaryImageOfPage":{"@id":"https://pablocarpintero.es/producto/punteiro-mirandes-en-do-temperado-e-cromatico/#primaryimage"},"image":{"@id":"https://pablocarpintero.es/producto/punteiro-mirandes-en-do-temperado-e-cromatico/#primaryimage"},"thumbnailUrl":"https://pablocarpintero.es/wp-content/uploads/2021/10/DSC_5876.jpg","datePublished":"2021-10-24T19:12:53+00:00","dateModified":"2025-12-02T08:40:47+00:00","breadcrumb":{"@id":"https://pablocarpintero.es/producto/punteiro-mirandes-en-do-temperado-e-cromatico/#breadcrumb"},"inLanguage":"es","potentialAction":[{"@type":"ReadAction","target":["https://pablocarpintero.es/producto/punteiro-mirandes-en-do-temperado-e-cromatico/"]}]},{"@type":"ImageObject","inLanguage":"es","@id":"https://pablocarpintero.es/producto/punteiro-mirandes-en-do-temperado-e-cromatico/#primaryimage","url":"https://pablocarpintero.es/wp-content/uploads/2021/10/DSC_5876.jpg","contentUrl":"https://pablocarpintero.es/wp-content/uploads/2021/10/DSC_5876.jpg","width":2005,"height":1339},{"@type":"BreadcrumbList","@id":"https://pablocarpintero.es/producto/punteiro-mirandes-en-do-temperado-e-cromatico/#breadcrumb","itemListElement":[{"@type":"ListItem","position":1,"name":"Portada","item":"https://pablocarpintero.es/inicio/"},{"@type":"ListItem","position":2,"name":"Tienda","item":"https://pablocarpintero.es/tienda/"},{"@type":"ListItem","position":3,"name":"Punteiro mirandés en Do temperado e cromático"}]},{"@type":"WebSite","@id":"https://pablocarpintero.es/#website","url":"https://pablocarpintero.es/","name":"Pablo Carpintero","description":"Otro sitio realizado con WordPress","potentialAction":[{"@type":"SearchAction","target":{"@type":"EntryPoint","urlTemplate":"https://pablocarpintero.es/?s={search_term_string}"},"query-input":{"@type":"PropertyValueSpecification","valueRequired":true,"valueName":"search_term_string"}}],"inLanguage":"es"}]}</script>
<!-- / Yoast SEO plugin. -->

Punteiro mirandés en Do temperado e cromático - Pablo Carpintero

Desenvolvemos este punteiro en base ao nº 59 conservado no Museo da Terra de Miranda que podedes ver aquí. Ten unha escala en Do temperada e cromática, coa posibilidade de emitir tónica e subtónica, de aí que teña dous furados para o meniño inferior. Empregando posicións diferentes pode emitir tres terceiros graos distintos: un exactamente [&hellip;]

Punteiro mirandés en Do temperado e cromático
