{"id":491,"date":"2021-10-24T19:15:03","date_gmt":"2021-10-24T19:15:03","guid":{"rendered":"https:\/\/pablocarpintero.es\/?post_type=product&#038;p=491"},"modified":"2025-12-02T08:41:00","modified_gmt":"2025-12-02T08:41:00","slug":"punteiro-xabres-en-la-menor-temperado","status":"publish","type":"product","link":"https:\/\/pablocarpintero.es\/es\/producto\/punteiro-xabres-en-la-menor-temperado\/","title":{"rendered":"Puntera sanabresa en La menor temperado"},"content":{"rendered":"<p class=\"p1\">Este instrumento fue desarrollado en base a la puntera de Juan Barrio, gaitero de Pedralba de la Prader\u00eda (Sanabria) que tocaba <a href=\"https:\/\/pablocarpintero.es\/es\/producto\/gaita-de-fol-de-juan-prieto-chimeno\/\">Juan Prieto Chimeno<\/a>. Utiliza ca\u00f1as grandes, construidas a la manera antigua sanabresa, es decir, utilizando solo la parte blanda de la ca\u00f1a, por cuanto guarda perfectamente el aut\u00e9ntico timbre sanabr\u00e9s. Su escala es la sanabresa tradicional pero temperada, es decir, toca en modo menor pero con los grados ajustados al temperamento igual. Su t\u00f3nica est\u00e1 en La. Tiene un sonido potente, algo nasal pero muy redondo, es f\u00e1cil de tocar y bastante ligero en la emisi\u00f3n de las notas.<span class=\"Apple-converted-space\">\u00a0<\/span><\/p>","protected":false},"excerpt":{"rendered":"<p>Este instrumento foi desenvolvido en base ao punteiro de Juan Barrio, gaiteiro de Pedralba de la Prader\u00eda (Seabra) que tocaba Juan Prieto Chimeno. Emprega palletas de gran tama\u00f1o, constru\u00eddas ao xeito antigo xabr\u00e9s, \u00e9 dicir, empregando s\u00f3 a parte branda da cana, por canto garda perfectamente a esencia do timbre propiamente xabr\u00e9s, as\u00ed como a [&hellip;]<\/p>\n","protected":false},"featured_media":935,"comment_status":"open","ping_status":"closed","template":"","meta":{"give_campaign_id":0,"_joinchat":[]},"product_brand":[],"product_cat":[20,18,45],"product_tag":[],"class_list":{"0":"post-491","1":"product","2":"type-product","3":"status-publish","4":"has-post-thumbnail","6":"product_cat-gaitas-de-fol","7":"product_cat-instrumentos-musicales","8":"product_cat-outras-gaitas-de-fol-e-punteiros-do-noroeste-con-escalas-temperadas-e-cromaticas","10":"first","11":"instock","12":"taxable","13":"shipping-taxable","14":"purchasable","15":"product-type-simple"},"yoast_head":"<!-- This site is optimized with the Yoast SEO plugin v27.2 - https:\/\/yoast.com\/product\/yoast-seo-wordpress\/ -->\n<title>Punteiro xabr\u00e9s en La menor temperado - Pablo Carpintero<\/title>\n<meta name=\"robots\" content=\"index, follow, max-snippet:-1, max-image-preview:large, max-video-preview:-1\" \/>\n<link rel=\"canonical\" href=\"https:\/\/pablocarpintero.es\/es\/producto\/punteiro-xabres-en-la-menor-temperado\/\" \/>\n<meta property=\"og:locale\" content=\"es_ES\" \/>\n<meta property=\"og:type\" content=\"article\" \/>\n<meta property=\"og:title\" content=\"Punteiro xabr\u00e9s en La menor temperado - Pablo Carpintero\" \/>\n<meta property=\"og:description\" content=\"Este instrumento foi desenvolvido en base ao punteiro de Juan Barrio, gaiteiro de Pedralba de la Prader\u00eda (Seabra) que tocaba Juan Prieto Chimeno. Emprega palletas de gran tama\u00f1o, constru\u00eddas ao xeito antigo xabr\u00e9s, \u00e9 dicir, empregando s\u00f3 a parte branda da cana, por canto garda perfectamente a esencia do timbre propiamente xabr\u00e9s, as\u00ed como a [&hellip;]\" \/>\n<meta property=\"og:url\" content=\"https:\/\/pablocarpintero.es\/es\/producto\/punteiro-xabres-en-la-menor-temperado\/\" \/>\n<meta property=\"og:site_name\" content=\"Pablo Carpintero\" \/>\n<meta property=\"article:modified_time\" content=\"2025-12-02T08:41:00+00:00\" \/>\n<meta property=\"og:image\" content=\"https:\/\/pablocarpintero.es\/wp-content\/uploads\/2021\/10\/DSC_5906.jpg\" \/>\n\t<meta property=\"og:image:width\" content=\"1229\" \/>\n\t<meta property=\"og:image:height\" content=\"1262\" \/>\n\t<meta property=\"og:image:type\" content=\"image\/jpeg\" \/>\n<meta name=\"twitter:card\" content=\"summary_large_image\" \/>\n<script type=\"application\/ld+json\" class=\"yoast-schema-graph\">{\"@context\":\"https:\/\/schema.org\",\"@graph\":[{\"@type\":\"WebPage\",\"@id\":\"https:\/\/pablocarpintero.es\/producto\/punteiro-xabres-en-la-menor-temperado\/\",\"url\":\"https:\/\/pablocarpintero.es\/producto\/punteiro-xabres-en-la-menor-temperado\/\",\"name\":\"Punteiro xabr\u00e9s en La menor temperado - Pablo Carpintero\",\"isPartOf\":{\"@id\":\"https:\/\/pablocarpintero.es\/#website\"},\"primaryImageOfPage\":{\"@id\":\"https:\/\/pablocarpintero.es\/producto\/punteiro-xabres-en-la-menor-temperado\/#primaryimage\"},\"image\":{\"@id\":\"https:\/\/pablocarpintero.es\/producto\/punteiro-xabres-en-la-menor-temperado\/#primaryimage\"},\"thumbnailUrl\":\"https:\/\/pablocarpintero.es\/wp-content\/uploads\/2021\/10\/DSC_5906.jpg\",\"datePublished\":\"2021-10-24T19:15:03+00:00\",\"dateModified\":\"2025-12-02T08:41:00+00:00\",\"breadcrumb\":{\"@id\":\"https:\/\/pablocarpintero.es\/producto\/punteiro-xabres-en-la-menor-temperado\/#breadcrumb\"},\"inLanguage\":\"es\",\"potentialAction\":[{\"@type\":\"ReadAction\",\"target\":[\"https:\/\/pablocarpintero.es\/producto\/punteiro-xabres-en-la-menor-temperado\/\"]}]},{\"@type\":\"ImageObject\",\"inLanguage\":\"es\",\"@id\":\"https:\/\/pablocarpintero.es\/producto\/punteiro-xabres-en-la-menor-temperado\/#primaryimage\",\"url\":\"https:\/\/pablocarpintero.es\/wp-content\/uploads\/2021\/10\/DSC_5906.jpg\",\"contentUrl\":\"https:\/\/pablocarpintero.es\/wp-content\/uploads\/2021\/10\/DSC_5906.jpg\",\"width\":1229,\"height\":1262},{\"@type\":\"BreadcrumbList\",\"@id\":\"https:\/\/pablocarpintero.es\/producto\/punteiro-xabres-en-la-menor-temperado\/#breadcrumb\",\"itemListElement\":[{\"@type\":\"ListItem\",\"position\":1,\"name\":\"Portada\",\"item\":\"https:\/\/pablocarpintero.es\/inicio\/\"},{\"@type\":\"ListItem\",\"position\":2,\"name\":\"Tienda\",\"item\":\"https:\/\/pablocarpintero.es\/tienda\/\"},{\"@type\":\"ListItem\",\"position\":3,\"name\":\"Punteiro xabr\u00e9s en La menor temperado\"}]},{\"@type\":\"WebSite\",\"@id\":\"https:\/\/pablocarpintero.es\/#website\",\"url\":\"https:\/\/pablocarpintero.es\/\",\"name\":\"Pablo Carpintero\",\"description\":\"Otro sitio realizado con WordPress\",\"potentialAction\":[{\"@type\":\"SearchAction\",\"target\":{\"@type\":\"EntryPoint\",\"urlTemplate\":\"https:\/\/pablocarpintero.es\/?s={search_term_string}\"},\"query-input\":{\"@type\":\"PropertyValueSpecification\",\"valueRequired\":true,\"valueName\":\"search_term_string\"}}],\"inLanguage\":\"es\"}]}<\/script>\n<!-- \/ Yoast SEO plugin. -->","yoast_head_json":{"title":"Punteiro xabr\u00e9s en La menor temperado - Pablo Carpintero","robots":{"index":"index","follow":"follow","max-snippet":"max-snippet:-1","max-image-preview":"max-image-preview:large","max-video-preview":"max-video-preview:-1"},"canonical":"https:\/\/pablocarpintero.es\/es\/producto\/punteiro-xabres-en-la-menor-temperado\/","og_locale":"es_ES","og_type":"article","og_title":"Punteiro xabr\u00e9s en La menor temperado - Pablo Carpintero","og_description":"Este instrumento foi desenvolvido en base ao punteiro de Juan Barrio, gaiteiro de Pedralba de la Prader\u00eda (Seabra) que tocaba Juan Prieto Chimeno. Emprega palletas de gran tama\u00f1o, constru\u00eddas ao xeito antigo xabr\u00e9s, \u00e9 dicir, empregando s\u00f3 a parte branda da cana, por canto garda perfectamente a esencia do timbre propiamente xabr\u00e9s, as\u00ed como a [&hellip;]","og_url":"https:\/\/pablocarpintero.es\/es\/producto\/punteiro-xabres-en-la-menor-temperado\/","og_site_name":"Pablo Carpintero","article_modified_time":"2025-12-02T08:41:00+00:00","og_image":[{"width":1229,"height":1262,"url":"https:\/\/pablocarpintero.es\/wp-content\/uploads\/2021\/10\/DSC_5906.jpg","type":"image\/jpeg"}],"twitter_card":"summary_large_image","schema":{"@context":"https:\/\/schema.org","@graph":[{"@type":"WebPage","@id":"https:\/\/pablocarpintero.es\/producto\/punteiro-xabres-en-la-menor-temperado\/","url":"https:\/\/pablocarpintero.es\/producto\/punteiro-xabres-en-la-menor-temperado\/","name":"Punteiro xabr\u00e9s en La menor temperado - Pablo Carpintero","isPartOf":{"@id":"https:\/\/pablocarpintero.es\/#website"},"primaryImageOfPage":{"@id":"https:\/\/pablocarpintero.es\/producto\/punteiro-xabres-en-la-menor-temperado\/#primaryimage"},"image":{"@id":"https:\/\/pablocarpintero.es\/producto\/punteiro-xabres-en-la-menor-temperado\/#primaryimage"},"thumbnailUrl":"https:\/\/pablocarpintero.es\/wp-content\/uploads\/2021\/10\/DSC_5906.jpg","datePublished":"2021-10-24T19:15:03+00:00","dateModified":"2025-12-02T08:41:00+00:00","breadcrumb":{"@id":"https:\/\/pablocarpintero.es\/producto\/punteiro-xabres-en-la-menor-temperado\/#breadcrumb"},"inLanguage":"es","potentialAction":[{"@type":"ReadAction","target":["https:\/\/pablocarpintero.es\/producto\/punteiro-xabres-en-la-menor-temperado\/"]}]},{"@type":"ImageObject","inLanguage":"es","@id":"https:\/\/pablocarpintero.es\/producto\/punteiro-xabres-en-la-menor-temperado\/#primaryimage","url":"https:\/\/pablocarpintero.es\/wp-content\/uploads\/2021\/10\/DSC_5906.jpg","contentUrl":"https:\/\/pablocarpintero.es\/wp-content\/uploads\/2021\/10\/DSC_5906.jpg","width":1229,"height":1262},{"@type":"BreadcrumbList","@id":"https:\/\/pablocarpintero.es\/producto\/punteiro-xabres-en-la-menor-temperado\/#breadcrumb","itemListElement":[{"@type":"ListItem","position":1,"name":"Portada","item":"https:\/\/pablocarpintero.es\/inicio\/"},{"@type":"ListItem","position":2,"name":"Tienda","item":"https:\/\/pablocarpintero.es\/tienda\/"},{"@type":"ListItem","position":3,"name":"Punteiro xabr\u00e9s en La menor temperado"}]},{"@type":"WebSite","@id":"https:\/\/pablocarpintero.es\/#website","url":"https:\/\/pablocarpintero.es\/","name":"Pablo Carpintero","description":"Otro sitio realizado con WordPress","potentialAction":[{"@type":"SearchAction","target":{"@type":"EntryPoint","urlTemplate":"https:\/\/pablocarpintero.es\/?s={search_term_string}"},"query-input":{"@type":"PropertyValueSpecification","valueRequired":true,"valueName":"search_term_string"}}],"inLanguage":"es"}]}},"_links":{"self":[{"href":"https:\/\/pablocarpintero.es\/es\/wp-json\/wp\/v2\/product\/491","targetHints":{"allow":["GET"]}}],"collection":[{"href":"https:\/\/pablocarpintero.es\/es\/wp-json\/wp\/v2\/product"}],"about":[{"href":"https:\/\/pablocarpintero.es\/es\/wp-json\/wp\/v2\/types\/product"}],"replies":[{"embeddable":true,"href":"https:\/\/pablocarpintero.es\/es\/wp-json\/wp\/v2\/comments?post=491"}],"wp:featuredmedia":[{"embeddable":true,"href":"https:\/\/pablocarpintero.es\/es\/wp-json\/wp\/v2\/media\/935"}],"wp:attachment":[{"href":"https:\/\/pablocarpintero.es\/es\/wp-json\/wp\/v2\/media?parent=491"}],"wp:term":[{"taxonomy":"product_brand","embeddable":true,"href":"https:\/\/pablocarpintero.es\/es\/wp-json\/wp\/v2\/product_brand?post=491"},{"taxonomy":"product_cat","embeddable":true,"href":"https:\/\/pablocarpintero.es\/es\/wp-json\/wp\/v2\/product_cat?post=491"},{"taxonomy":"product_tag","embeddable":true,"href":"https:\/\/pablocarpintero.es\/es\/wp-json\/wp\/v2\/product_tag?post=491"}],"curies":[{"name":"wp","href":"https:\/\/api.w.org\/{rel}","templated":true}]}}

<p class="p1">Este instrumento fue desarrollado en base a la puntera de Juan Barrio, gaitero de Pedralba de la Pradería (Sanabria) que tocaba <a href="https://pablocarpintero.es/es/producto/gaita-de-fol-de-juan-prieto-chimeno/">Juan Prieto Chimeno</a>. Utiliza cañas grandes, construidas a la manera antigua sanabresa, es decir, utilizando solo la parte blanda de la caña, por cuanto guarda perfectamente el auténtico timbre sanabrés. Su escala es la sanabresa tradicional pero temperada, es decir, toca en modo menor pero con los grados ajustados al temperamento igual. Su tónica está en La. Tiene un sonido potente, algo nasal pero muy redondo, es fácil de tocar y bastante ligero en la emisión de las notas.<span class="Apple-converted-space"> </span></p>

<p>Este instrumento foi desenvolvido en base ao punteiro de Juan Barrio, gaiteiro de Pedralba de la Pradería (Seabra) que tocaba Juan Prieto Chimeno. Emprega palletas de gran tamaño, construídas ao xeito antigo xabrés, é dicir, empregando só a parte branda da cana, por canto garda perfectamente a esencia do timbre propiamente xabrés, así como a [&hellip;]</p>

<!-- This site is optimized with the Yoast SEO plugin v27.2 - https://yoast.com/product/yoast-seo-wordpress/ -->
<title>Punteiro xabrés en La menor temperado - Pablo Carpintero</title>
<meta name="robots" content="index, follow, max-snippet:-1, max-image-preview:large, max-video-preview:-1" />
<link rel="canonical" href="https://pablocarpintero.es/es/producto/punteiro-xabres-en-la-menor-temperado/" />
<meta property="og:locale" content="es_ES" />
<meta property="og:type" content="article" />
<meta property="og:title" content="Punteiro xabrés en La menor temperado - Pablo Carpintero" />
<meta property="og:description" content="Este instrumento foi desenvolvido en base ao punteiro de Juan Barrio, gaiteiro de Pedralba de la Pradería (Seabra) que tocaba Juan Prieto Chimeno. Emprega palletas de gran tamaño, construídas ao xeito antigo xabrés, é dicir, empregando só a parte branda da cana, por canto garda perfectamente a esencia do timbre propiamente xabrés, así como a [&hellip;]" />
<meta property="og:url" content="https://pablocarpintero.es/es/producto/punteiro-xabres-en-la-menor-temperado/" />
<meta property="og:site_name" content="Pablo Carpintero" />
<meta property="article:modified_time" content="2025-12-02T08:41:00+00:00" />
<meta property="og:image" content="https://pablocarpintero.es/wp-content/uploads/2021/10/DSC_5906.jpg" />
	<meta property="og:image:width" content="1229" />
	<meta property="og:image:height" content="1262" />
	<meta property="og:image:type" content="image/jpeg" />
<meta name="twitter:card" content="summary_large_image" />
<script type="application/ld+json" class="yoast-schema-graph">{"@context":"https://schema.org","@graph":[{"@type":"WebPage","@id":"https://pablocarpintero.es/producto/punteiro-xabres-en-la-menor-temperado/","url":"https://pablocarpintero.es/producto/punteiro-xabres-en-la-menor-temperado/","name":"Punteiro xabrés en La menor temperado - Pablo Carpintero","isPartOf":{"@id":"https://pablocarpintero.es/#website"},"primaryImageOfPage":{"@id":"https://pablocarpintero.es/producto/punteiro-xabres-en-la-menor-temperado/#primaryimage"},"image":{"@id":"https://pablocarpintero.es/producto/punteiro-xabres-en-la-menor-temperado/#primaryimage"},"thumbnailUrl":"https://pablocarpintero.es/wp-content/uploads/2021/10/DSC_5906.jpg","datePublished":"2021-10-24T19:15:03+00:00","dateModified":"2025-12-02T08:41:00+00:00","breadcrumb":{"@id":"https://pablocarpintero.es/producto/punteiro-xabres-en-la-menor-temperado/#breadcrumb"},"inLanguage":"es","potentialAction":[{"@type":"ReadAction","target":["https://pablocarpintero.es/producto/punteiro-xabres-en-la-menor-temperado/"]}]},{"@type":"ImageObject","inLanguage":"es","@id":"https://pablocarpintero.es/producto/punteiro-xabres-en-la-menor-temperado/#primaryimage","url":"https://pablocarpintero.es/wp-content/uploads/2021/10/DSC_5906.jpg","contentUrl":"https://pablocarpintero.es/wp-content/uploads/2021/10/DSC_5906.jpg","width":1229,"height":1262},{"@type":"BreadcrumbList","@id":"https://pablocarpintero.es/producto/punteiro-xabres-en-la-menor-temperado/#breadcrumb","itemListElement":[{"@type":"ListItem","position":1,"name":"Portada","item":"https://pablocarpintero.es/inicio/"},{"@type":"ListItem","position":2,"name":"Tienda","item":"https://pablocarpintero.es/tienda/"},{"@type":"ListItem","position":3,"name":"Punteiro xabrés en La menor temperado"}]},{"@type":"WebSite","@id":"https://pablocarpintero.es/#website","url":"https://pablocarpintero.es/","name":"Pablo Carpintero","description":"Otro sitio realizado con WordPress","potentialAction":[{"@type":"SearchAction","target":{"@type":"EntryPoint","urlTemplate":"https://pablocarpintero.es/?s={search_term_string}"},"query-input":{"@type":"PropertyValueSpecification","valueRequired":true,"valueName":"search_term_string"}}],"inLanguage":"es"}]}</script>
<!-- / Yoast SEO plugin. -->

Punteiro xabrés en La menor temperado - Pablo Carpintero

Este instrumento foi desenvolvido en base ao punteiro de Juan Barrio, gaiteiro de Pedralba de la Pradería (Seabra) que tocaba Juan Prieto Chimeno. Emprega palletas de gran tamaño, construídas ao xeito antigo xabrés, é dicir, empregando só a parte branda da cana, por canto garda perfectamente a esencia do timbre propiamente xabrés, así como a [&hellip;]

Punteiro xabrés en La menor temperado
