{"id":541,"date":"2021-10-24T20:54:47","date_gmt":"2021-10-24T20:54:47","guid":{"rendered":"https:\/\/pablocarpintero.es\/?post_type=product&#038;p=541"},"modified":"2026-04-05T06:50:20","modified_gmt":"2026-04-05T06:50:20","slug":"requinta-de-reis","status":"publish","type":"product","link":"https:\/\/pablocarpintero.es\/es\/producto\/requinta-de-reis\/","title":{"rendered":"Requinta de Reis"},"content":{"rendered":"<p>Fabricada siguiendo el modelo que toc\u00f3 en el grupo \u201cA Requinta de Reis\u201d del ayuntamiento de Teo, seguramente una de las primeras requintas que sali\u00f3 del taller de Garc\u00eda Riob\u00f3, un estupendo instrumento afinado en Fa# y, por lo tanto, dise\u00f1ado para tocar con gaitas en Si natural. Se puede fabricar con anillas de bronce, como el original, o con ellas en imitaci\u00f3n de marfil. El boj puede ser de color natural o te\u00f1ido.<\/p>","protected":false},"excerpt":{"rendered":"<p>Fabricada seguindo o modelo que tocou no grupo \u201cA Requinta de Reis\u201d do concello de Teo, seguramente unha das primeiras requintas que sa\u00edu do taller de Riob\u00f3, un estupendo instrumento afinado en Fa# e polo tanto dese\u00f1ado para tocar con gaitas tumbais en Si natural. P\u00f3dese fabricar coas anelas de bronce, como a orixinal, ou [&hellip;]<\/p>\n","protected":false},"featured_media":911,"comment_status":"open","ping_status":"closed","template":"","meta":{"give_campaign_id":0,"_joinchat":[]},"product_brand":[],"product_cat":[36,18],"product_tag":[],"class_list":{"0":"post-541","1":"product","2":"type-product","3":"status-publish","4":"has-post-thumbnail","6":"product_cat-frautas-pinfanos-e-requintas","7":"product_cat-instrumentos-musicales","9":"first","10":"instock","11":"taxable","12":"shipping-taxable","13":"purchasable","14":"product-type-simple"},"yoast_head":"<!-- This site is optimized with the Yoast SEO plugin v27.2 - https:\/\/yoast.com\/product\/yoast-seo-wordpress\/ -->\n<title>Requinta de Reis - Pablo Carpintero<\/title>\n<meta name=\"robots\" content=\"index, follow, max-snippet:-1, max-image-preview:large, max-video-preview:-1\" \/>\n<link rel=\"canonical\" href=\"https:\/\/pablocarpintero.es\/es\/producto\/requinta-de-reis\/\" \/>\n<meta property=\"og:locale\" content=\"es_ES\" \/>\n<meta property=\"og:type\" content=\"article\" \/>\n<meta property=\"og:title\" content=\"Requinta de Reis - Pablo Carpintero\" \/>\n<meta property=\"og:description\" content=\"Fabricada seguindo o modelo que tocou no grupo \u201cA Requinta de Reis\u201d do concello de Teo, seguramente unha das primeiras requintas que sa\u00edu do taller de Riob\u00f3, un estupendo instrumento afinado en Fa# e polo tanto dese\u00f1ado para tocar con gaitas tumbais en Si natural. P\u00f3dese fabricar coas anelas de bronce, como a orixinal, ou [&hellip;]\" \/>\n<meta property=\"og:url\" content=\"https:\/\/pablocarpintero.es\/es\/producto\/requinta-de-reis\/\" \/>\n<meta property=\"og:site_name\" content=\"Pablo Carpintero\" \/>\n<meta property=\"article:modified_time\" content=\"2026-04-05T06:50:20+00:00\" \/>\n<meta property=\"og:image\" content=\"https:\/\/pablocarpintero.es\/wp-content\/uploads\/2021\/10\/Requinta-Pablo-carpintero-5-1.jpg\" \/>\n\t<meta property=\"og:image:width\" content=\"2052\" \/>\n\t<meta property=\"og:image:height\" content=\"1307\" \/>\n\t<meta property=\"og:image:type\" content=\"image\/jpeg\" \/>\n<meta name=\"twitter:card\" content=\"summary_large_image\" \/>\n<meta name=\"twitter:label1\" content=\"Tiempo de lectura\" \/>\n\t<meta name=\"twitter:data1\" content=\"1 minuto\" \/>\n<script type=\"application\/ld+json\" class=\"yoast-schema-graph\">{\"@context\":\"https:\/\/schema.org\",\"@graph\":[{\"@type\":\"WebPage\",\"@id\":\"https:\/\/pablocarpintero.es\/producto\/requinta-de-reis\/\",\"url\":\"https:\/\/pablocarpintero.es\/producto\/requinta-de-reis\/\",\"name\":\"Requinta de Reis - Pablo Carpintero\",\"isPartOf\":{\"@id\":\"https:\/\/pablocarpintero.es\/#website\"},\"primaryImageOfPage\":{\"@id\":\"https:\/\/pablocarpintero.es\/producto\/requinta-de-reis\/#primaryimage\"},\"image\":{\"@id\":\"https:\/\/pablocarpintero.es\/producto\/requinta-de-reis\/#primaryimage\"},\"thumbnailUrl\":\"https:\/\/pablocarpintero.es\/wp-content\/uploads\/2021\/10\/Requinta-Pablo-carpintero-5-1.jpg\",\"datePublished\":\"2021-10-24T20:54:47+00:00\",\"dateModified\":\"2026-04-05T06:50:20+00:00\",\"breadcrumb\":{\"@id\":\"https:\/\/pablocarpintero.es\/producto\/requinta-de-reis\/#breadcrumb\"},\"inLanguage\":\"es\",\"potentialAction\":[{\"@type\":\"ReadAction\",\"target\":[\"https:\/\/pablocarpintero.es\/producto\/requinta-de-reis\/\"]}]},{\"@type\":\"ImageObject\",\"inLanguage\":\"es\",\"@id\":\"https:\/\/pablocarpintero.es\/producto\/requinta-de-reis\/#primaryimage\",\"url\":\"https:\/\/pablocarpintero.es\/wp-content\/uploads\/2021\/10\/Requinta-Pablo-carpintero-5-1.jpg\",\"contentUrl\":\"https:\/\/pablocarpintero.es\/wp-content\/uploads\/2021\/10\/Requinta-Pablo-carpintero-5-1.jpg\",\"width\":2052,\"height\":1307},{\"@type\":\"BreadcrumbList\",\"@id\":\"https:\/\/pablocarpintero.es\/producto\/requinta-de-reis\/#breadcrumb\",\"itemListElement\":[{\"@type\":\"ListItem\",\"position\":1,\"name\":\"Portada\",\"item\":\"https:\/\/pablocarpintero.es\/inicio\/\"},{\"@type\":\"ListItem\",\"position\":2,\"name\":\"Tienda\",\"item\":\"https:\/\/pablocarpintero.es\/tienda\/\"},{\"@type\":\"ListItem\",\"position\":3,\"name\":\"Requinta de Reis\"}]},{\"@type\":\"WebSite\",\"@id\":\"https:\/\/pablocarpintero.es\/#website\",\"url\":\"https:\/\/pablocarpintero.es\/\",\"name\":\"Pablo Carpintero\",\"description\":\"Otro sitio realizado con WordPress\",\"potentialAction\":[{\"@type\":\"SearchAction\",\"target\":{\"@type\":\"EntryPoint\",\"urlTemplate\":\"https:\/\/pablocarpintero.es\/?s={search_term_string}\"},\"query-input\":{\"@type\":\"PropertyValueSpecification\",\"valueRequired\":true,\"valueName\":\"search_term_string\"}}],\"inLanguage\":\"es\"}]}<\/script>\n<!-- \/ Yoast SEO plugin. -->","yoast_head_json":{"title":"Requinta de Reis - Pablo Carpintero","robots":{"index":"index","follow":"follow","max-snippet":"max-snippet:-1","max-image-preview":"max-image-preview:large","max-video-preview":"max-video-preview:-1"},"canonical":"https:\/\/pablocarpintero.es\/es\/producto\/requinta-de-reis\/","og_locale":"es_ES","og_type":"article","og_title":"Requinta de Reis - Pablo Carpintero","og_description":"Fabricada seguindo o modelo que tocou no grupo \u201cA Requinta de Reis\u201d do concello de Teo, seguramente unha das primeiras requintas que sa\u00edu do taller de Riob\u00f3, un estupendo instrumento afinado en Fa# e polo tanto dese\u00f1ado para tocar con gaitas tumbais en Si natural. P\u00f3dese fabricar coas anelas de bronce, como a orixinal, ou [&hellip;]","og_url":"https:\/\/pablocarpintero.es\/es\/producto\/requinta-de-reis\/","og_site_name":"Pablo Carpintero","article_modified_time":"2026-04-05T06:50:20+00:00","og_image":[{"width":2052,"height":1307,"url":"https:\/\/pablocarpintero.es\/wp-content\/uploads\/2021\/10\/Requinta-Pablo-carpintero-5-1.jpg","type":"image\/jpeg"}],"twitter_card":"summary_large_image","twitter_misc":{"Tiempo de lectura":"1 minuto"},"schema":{"@context":"https:\/\/schema.org","@graph":[{"@type":"WebPage","@id":"https:\/\/pablocarpintero.es\/producto\/requinta-de-reis\/","url":"https:\/\/pablocarpintero.es\/producto\/requinta-de-reis\/","name":"Requinta de Reis - Pablo Carpintero","isPartOf":{"@id":"https:\/\/pablocarpintero.es\/#website"},"primaryImageOfPage":{"@id":"https:\/\/pablocarpintero.es\/producto\/requinta-de-reis\/#primaryimage"},"image":{"@id":"https:\/\/pablocarpintero.es\/producto\/requinta-de-reis\/#primaryimage"},"thumbnailUrl":"https:\/\/pablocarpintero.es\/wp-content\/uploads\/2021\/10\/Requinta-Pablo-carpintero-5-1.jpg","datePublished":"2021-10-24T20:54:47+00:00","dateModified":"2026-04-05T06:50:20+00:00","breadcrumb":{"@id":"https:\/\/pablocarpintero.es\/producto\/requinta-de-reis\/#breadcrumb"},"inLanguage":"es","potentialAction":[{"@type":"ReadAction","target":["https:\/\/pablocarpintero.es\/producto\/requinta-de-reis\/"]}]},{"@type":"ImageObject","inLanguage":"es","@id":"https:\/\/pablocarpintero.es\/producto\/requinta-de-reis\/#primaryimage","url":"https:\/\/pablocarpintero.es\/wp-content\/uploads\/2021\/10\/Requinta-Pablo-carpintero-5-1.jpg","contentUrl":"https:\/\/pablocarpintero.es\/wp-content\/uploads\/2021\/10\/Requinta-Pablo-carpintero-5-1.jpg","width":2052,"height":1307},{"@type":"BreadcrumbList","@id":"https:\/\/pablocarpintero.es\/producto\/requinta-de-reis\/#breadcrumb","itemListElement":[{"@type":"ListItem","position":1,"name":"Portada","item":"https:\/\/pablocarpintero.es\/inicio\/"},{"@type":"ListItem","position":2,"name":"Tienda","item":"https:\/\/pablocarpintero.es\/tienda\/"},{"@type":"ListItem","position":3,"name":"Requinta de Reis"}]},{"@type":"WebSite","@id":"https:\/\/pablocarpintero.es\/#website","url":"https:\/\/pablocarpintero.es\/","name":"Pablo Carpintero","description":"Otro sitio realizado con WordPress","potentialAction":[{"@type":"SearchAction","target":{"@type":"EntryPoint","urlTemplate":"https:\/\/pablocarpintero.es\/?s={search_term_string}"},"query-input":{"@type":"PropertyValueSpecification","valueRequired":true,"valueName":"search_term_string"}}],"inLanguage":"es"}]}},"_links":{"self":[{"href":"https:\/\/pablocarpintero.es\/es\/wp-json\/wp\/v2\/product\/541","targetHints":{"allow":["GET"]}}],"collection":[{"href":"https:\/\/pablocarpintero.es\/es\/wp-json\/wp\/v2\/product"}],"about":[{"href":"https:\/\/pablocarpintero.es\/es\/wp-json\/wp\/v2\/types\/product"}],"replies":[{"embeddable":true,"href":"https:\/\/pablocarpintero.es\/es\/wp-json\/wp\/v2\/comments?post=541"}],"wp:featuredmedia":[{"embeddable":true,"href":"https:\/\/pablocarpintero.es\/es\/wp-json\/wp\/v2\/media\/911"}],"wp:attachment":[{"href":"https:\/\/pablocarpintero.es\/es\/wp-json\/wp\/v2\/media?parent=541"}],"wp:term":[{"taxonomy":"product_brand","embeddable":true,"href":"https:\/\/pablocarpintero.es\/es\/wp-json\/wp\/v2\/product_brand?post=541"},{"taxonomy":"product_cat","embeddable":true,"href":"https:\/\/pablocarpintero.es\/es\/wp-json\/wp\/v2\/product_cat?post=541"},{"taxonomy":"product_tag","embeddable":true,"href":"https:\/\/pablocarpintero.es\/es\/wp-json\/wp\/v2\/product_tag?post=541"}],"curies":[{"name":"wp","href":"https:\/\/api.w.org\/{rel}","templated":true}]}}

<p>Fabricada siguiendo el modelo que tocó en el grupo “A Requinta de Reis” del ayuntamiento de Teo, seguramente una de las primeras requintas que salió del taller de García Riobó, un estupendo instrumento afinado en Fa# y, por lo tanto, diseñado para tocar con gaitas en Si natural. Se puede fabricar con anillas de bronce, como el original, o con ellas en imitación de marfil. El boj puede ser de color natural o teñido.</p>

<p>Fabricada seguindo o modelo que tocou no grupo “A Requinta de Reis” do concello de Teo, seguramente unha das primeiras requintas que saíu do taller de Riobó, un estupendo instrumento afinado en Fa# e polo tanto deseñado para tocar con gaitas tumbais en Si natural. Pódese fabricar coas anelas de bronce, como a orixinal, ou [&hellip;]</p>

<!-- This site is optimized with the Yoast SEO plugin v27.2 - https://yoast.com/product/yoast-seo-wordpress/ -->
<title>Requinta de Reis - Pablo Carpintero</title>
<meta name="robots" content="index, follow, max-snippet:-1, max-image-preview:large, max-video-preview:-1" />
<link rel="canonical" href="https://pablocarpintero.es/es/producto/requinta-de-reis/" />
<meta property="og:locale" content="es_ES" />
<meta property="og:type" content="article" />
<meta property="og:title" content="Requinta de Reis - Pablo Carpintero" />
<meta property="og:description" content="Fabricada seguindo o modelo que tocou no grupo “A Requinta de Reis” do concello de Teo, seguramente unha das primeiras requintas que saíu do taller de Riobó, un estupendo instrumento afinado en Fa# e polo tanto deseñado para tocar con gaitas tumbais en Si natural. Pódese fabricar coas anelas de bronce, como a orixinal, ou [&hellip;]" />
<meta property="og:url" content="https://pablocarpintero.es/es/producto/requinta-de-reis/" />
<meta property="og:site_name" content="Pablo Carpintero" />
<meta property="article:modified_time" content="2026-04-05T06:50:20+00:00" />
<meta property="og:image" content="https://pablocarpintero.es/wp-content/uploads/2021/10/Requinta-Pablo-carpintero-5-1.jpg" />
	<meta property="og:image:width" content="2052" />
	<meta property="og:image:height" content="1307" />
	<meta property="og:image:type" content="image/jpeg" />
<meta name="twitter:card" content="summary_large_image" />
<meta name="twitter:label1" content="Tiempo de lectura" />
	<meta name="twitter:data1" content="1 minuto" />
<script type="application/ld+json" class="yoast-schema-graph">{"@context":"https://schema.org","@graph":[{"@type":"WebPage","@id":"https://pablocarpintero.es/producto/requinta-de-reis/","url":"https://pablocarpintero.es/producto/requinta-de-reis/","name":"Requinta de Reis - Pablo Carpintero","isPartOf":{"@id":"https://pablocarpintero.es/#website"},"primaryImageOfPage":{"@id":"https://pablocarpintero.es/producto/requinta-de-reis/#primaryimage"},"image":{"@id":"https://pablocarpintero.es/producto/requinta-de-reis/#primaryimage"},"thumbnailUrl":"https://pablocarpintero.es/wp-content/uploads/2021/10/Requinta-Pablo-carpintero-5-1.jpg","datePublished":"2021-10-24T20:54:47+00:00","dateModified":"2026-04-05T06:50:20+00:00","breadcrumb":{"@id":"https://pablocarpintero.es/producto/requinta-de-reis/#breadcrumb"},"inLanguage":"es","potentialAction":[{"@type":"ReadAction","target":["https://pablocarpintero.es/producto/requinta-de-reis/"]}]},{"@type":"ImageObject","inLanguage":"es","@id":"https://pablocarpintero.es/producto/requinta-de-reis/#primaryimage","url":"https://pablocarpintero.es/wp-content/uploads/2021/10/Requinta-Pablo-carpintero-5-1.jpg","contentUrl":"https://pablocarpintero.es/wp-content/uploads/2021/10/Requinta-Pablo-carpintero-5-1.jpg","width":2052,"height":1307},{"@type":"BreadcrumbList","@id":"https://pablocarpintero.es/producto/requinta-de-reis/#breadcrumb","itemListElement":[{"@type":"ListItem","position":1,"name":"Portada","item":"https://pablocarpintero.es/inicio/"},{"@type":"ListItem","position":2,"name":"Tienda","item":"https://pablocarpintero.es/tienda/"},{"@type":"ListItem","position":3,"name":"Requinta de Reis"}]},{"@type":"WebSite","@id":"https://pablocarpintero.es/#website","url":"https://pablocarpintero.es/","name":"Pablo Carpintero","description":"Otro sitio realizado con WordPress","potentialAction":[{"@type":"SearchAction","target":{"@type":"EntryPoint","urlTemplate":"https://pablocarpintero.es/?s={search_term_string}"},"query-input":{"@type":"PropertyValueSpecification","valueRequired":true,"valueName":"search_term_string"}}],"inLanguage":"es"}]}</script>
<!-- / Yoast SEO plugin. -->

Fabricada seguindo o modelo que tocou no grupo “A Requinta de Reis” do concello de Teo, seguramente unha das primeiras requintas que saíu do taller de Riobó, un estupendo instrumento afinado en Fa# e polo tanto deseñado para tocar con gaitas tumbais en Si natural. Pódese fabricar coas anelas de bronce, como a orixinal, ou [&hellip;]
