{"id":594,"date":"2021-10-24T22:28:57","date_gmt":"2021-10-24T22:28:57","guid":{"rendered":"https:\/\/pablocarpintero.es\/?post_type=product&#038;p=594"},"modified":"2025-09-05T05:05:27","modified_gmt":"2025-09-05T05:05:27","slug":"pandeira-de-piornedo","status":"publish","type":"product","link":"https:\/\/pablocarpintero.es\/es\/producto\/pandeira-de-piornedo\/","title":{"rendered":"Pandera gallega de Piornedo dos Ancares"},"content":{"rendered":"<p>Esta es la pandera de m\u00e1s di\u00e1metro que hemos hallado hasta la fecha, nada menos que 49 cm. Lleva un anillo de refuerzo en el marco y nueve agujeros para las sonajas ligeramente desviados. En cada uno de estos agujeros se alojan cuatro sonajas rizadas: dos exteriores bastante grandes y dos interiores m\u00e1s peque\u00f1as.<\/p>\n<p>&nbsp;<\/p>\n<p>Puedes escuchar este y otros modelos de panderas gallegas que hemos replicado en el siguiente v\u00eddeo:<\/p>\n<p>&nbsp;<\/p>\n<div  class='avia-video av-x4l4-9c3d7f1c61481e5188e91398bf9e1349 avia-video-16-9 av-no-preview-image avia-video-load-always av-lazyload-immediate av-lazyload-video-embed'  itemprop=\"video\" itemtype=\"https:\/\/schema.org\/VideoObject\"  data-original_url='https:\/\/www.youtube.com\/watch?v=jin-JEfjfPI'><script type='text\/html' class='av-video-tmpl'><div class='avia-iframe-wrap'><iframe loading=\"lazy\" title=\"Pandeiras galegas\" width=\"1500\" height=\"844\" src=\"https:\/\/www.youtube.com\/embed\/jin-JEfjfPI?feature=oembed&autoplay=0&loop=0&controls=1&mute=0\" frameborder=\"0\" allow=\"accelerometer; autoplay; clipboard-write; encrypted-media; gyroscope; picture-in-picture\" allowfullscreen><\/iframe><\/div><\/script><div class='av-click-to-play-overlay'><div class=\"avia_playpause_icon\"><\/div><\/div><\/div>","protected":false},"excerpt":{"rendered":"<p>Esta \u00e9 a pandeira de m\u00e1is di\u00e1metro que temos achado ata a data, nada menos que 49 cm. Leva un anel de reforzo no marco e nove furados para cernellas lixeiramente desviados para permitir unha maior facilidade na execuci\u00f3n do toque de volta. En cada un destes furados al\u00f3xanse catro ferre\u00f1as rizadas: d\u00faas exteriores, bastante [&hellip;]<\/p>\n","protected":false},"featured_media":1058,"comment_status":"open","ping_status":"closed","template":"","meta":{"give_campaign_id":0,"_joinchat":[]},"product_brand":[],"product_cat":[18,39],"product_tag":[],"class_list":{"0":"post-594","1":"product","2":"type-product","3":"status-publish","4":"has-post-thumbnail","6":"product_cat-instrumentos-musicales","7":"product_cat-pandeiras","9":"first","10":"instock","11":"taxable","12":"shipping-taxable","13":"purchasable","14":"product-type-simple"},"yoast_head":"<!-- This site is optimized with the Yoast SEO plugin v27.2 - https:\/\/yoast.com\/product\/yoast-seo-wordpress\/ -->\n<title>Pandeira galega de Piornedo - Pablo Carpintero<\/title>\n<meta name=\"robots\" content=\"index, follow, max-snippet:-1, max-image-preview:large, max-video-preview:-1\" \/>\n<link rel=\"canonical\" href=\"https:\/\/pablocarpintero.es\/es\/producto\/pandeira-de-piornedo\/\" \/>\n<meta property=\"og:locale\" content=\"es_ES\" \/>\n<meta property=\"og:type\" content=\"article\" \/>\n<meta property=\"og:title\" content=\"Pandeira galega de Piornedo - Pablo Carpintero\" \/>\n<meta property=\"og:description\" content=\"Esta \u00e9 a pandeira de m\u00e1is di\u00e1metro que temos achado ata a data, nada menos que 49 cm. Leva un anel de reforzo no marco e nove furados para cernellas lixeiramente desviados para permitir unha maior facilidade na execuci\u00f3n do toque de volta. En cada un destes furados al\u00f3xanse catro ferre\u00f1as rizadas: d\u00faas exteriores, bastante [&hellip;]\" \/>\n<meta property=\"og:url\" content=\"https:\/\/pablocarpintero.es\/es\/producto\/pandeira-de-piornedo\/\" \/>\n<meta property=\"og:site_name\" content=\"Pablo Carpintero\" \/>\n<meta property=\"article:modified_time\" content=\"2025-09-05T05:05:27+00:00\" \/>\n<meta property=\"og:image\" content=\"https:\/\/pablocarpintero.es\/wp-content\/uploads\/2021\/10\/Pandeira-de-Piornedo-1-Pablo-Carpintero-3.jpg\" \/>\n\t<meta property=\"og:image:width\" content=\"2091\" \/>\n\t<meta property=\"og:image:height\" content=\"1394\" \/>\n\t<meta property=\"og:image:type\" content=\"image\/jpeg\" \/>\n<meta name=\"twitter:card\" content=\"summary_large_image\" \/>\n<meta name=\"twitter:label1\" content=\"Tiempo de lectura\" \/>\n\t<meta name=\"twitter:data1\" content=\"1 minuto\" \/>\n<script type=\"application\/ld+json\" class=\"yoast-schema-graph\">{\"@context\":\"https:\/\/schema.org\",\"@graph\":[{\"@type\":\"WebPage\",\"@id\":\"https:\/\/pablocarpintero.es\/producto\/pandeira-de-piornedo\/\",\"url\":\"https:\/\/pablocarpintero.es\/producto\/pandeira-de-piornedo\/\",\"name\":\"Pandeira galega de Piornedo - Pablo Carpintero\",\"isPartOf\":{\"@id\":\"https:\/\/pablocarpintero.es\/#website\"},\"primaryImageOfPage\":{\"@id\":\"https:\/\/pablocarpintero.es\/producto\/pandeira-de-piornedo\/#primaryimage\"},\"image\":{\"@id\":\"https:\/\/pablocarpintero.es\/producto\/pandeira-de-piornedo\/#primaryimage\"},\"thumbnailUrl\":\"https:\/\/pablocarpintero.es\/wp-content\/uploads\/2021\/10\/Pandeira-de-Piornedo-1-Pablo-Carpintero-3.jpg\",\"datePublished\":\"2021-10-24T22:28:57+00:00\",\"dateModified\":\"2025-09-05T05:05:27+00:00\",\"breadcrumb\":{\"@id\":\"https:\/\/pablocarpintero.es\/producto\/pandeira-de-piornedo\/#breadcrumb\"},\"inLanguage\":\"es\",\"potentialAction\":[{\"@type\":\"ReadAction\",\"target\":[\"https:\/\/pablocarpintero.es\/producto\/pandeira-de-piornedo\/\"]}]},{\"@type\":\"ImageObject\",\"inLanguage\":\"es\",\"@id\":\"https:\/\/pablocarpintero.es\/producto\/pandeira-de-piornedo\/#primaryimage\",\"url\":\"https:\/\/pablocarpintero.es\/wp-content\/uploads\/2021\/10\/Pandeira-de-Piornedo-1-Pablo-Carpintero-3.jpg\",\"contentUrl\":\"https:\/\/pablocarpintero.es\/wp-content\/uploads\/2021\/10\/Pandeira-de-Piornedo-1-Pablo-Carpintero-3.jpg\",\"width\":2091,\"height\":1394},{\"@type\":\"BreadcrumbList\",\"@id\":\"https:\/\/pablocarpintero.es\/producto\/pandeira-de-piornedo\/#breadcrumb\",\"itemListElement\":[{\"@type\":\"ListItem\",\"position\":1,\"name\":\"Portada\",\"item\":\"https:\/\/pablocarpintero.es\/inicio\/\"},{\"@type\":\"ListItem\",\"position\":2,\"name\":\"Tienda\",\"item\":\"https:\/\/pablocarpintero.es\/tienda\/\"},{\"@type\":\"ListItem\",\"position\":3,\"name\":\"Pandeira galega de Piornedo\"}]},{\"@type\":\"WebSite\",\"@id\":\"https:\/\/pablocarpintero.es\/#website\",\"url\":\"https:\/\/pablocarpintero.es\/\",\"name\":\"Pablo Carpintero\",\"description\":\"Otro sitio realizado con WordPress\",\"potentialAction\":[{\"@type\":\"SearchAction\",\"target\":{\"@type\":\"EntryPoint\",\"urlTemplate\":\"https:\/\/pablocarpintero.es\/?s={search_term_string}\"},\"query-input\":{\"@type\":\"PropertyValueSpecification\",\"valueRequired\":true,\"valueName\":\"search_term_string\"}}],\"inLanguage\":\"es\"}]}<\/script>\n<!-- \/ Yoast SEO plugin. -->","yoast_head_json":{"title":"Pandeira galega de Piornedo - Pablo Carpintero","robots":{"index":"index","follow":"follow","max-snippet":"max-snippet:-1","max-image-preview":"max-image-preview:large","max-video-preview":"max-video-preview:-1"},"canonical":"https:\/\/pablocarpintero.es\/es\/producto\/pandeira-de-piornedo\/","og_locale":"es_ES","og_type":"article","og_title":"Pandeira galega de Piornedo - Pablo Carpintero","og_description":"Esta \u00e9 a pandeira de m\u00e1is di\u00e1metro que temos achado ata a data, nada menos que 49 cm. Leva un anel de reforzo no marco e nove furados para cernellas lixeiramente desviados para permitir unha maior facilidade na execuci\u00f3n do toque de volta. En cada un destes furados al\u00f3xanse catro ferre\u00f1as rizadas: d\u00faas exteriores, bastante [&hellip;]","og_url":"https:\/\/pablocarpintero.es\/es\/producto\/pandeira-de-piornedo\/","og_site_name":"Pablo Carpintero","article_modified_time":"2025-09-05T05:05:27+00:00","og_image":[{"width":2091,"height":1394,"url":"https:\/\/pablocarpintero.es\/wp-content\/uploads\/2021\/10\/Pandeira-de-Piornedo-1-Pablo-Carpintero-3.jpg","type":"image\/jpeg"}],"twitter_card":"summary_large_image","twitter_misc":{"Tiempo de lectura":"1 minuto"},"schema":{"@context":"https:\/\/schema.org","@graph":[{"@type":"WebPage","@id":"https:\/\/pablocarpintero.es\/producto\/pandeira-de-piornedo\/","url":"https:\/\/pablocarpintero.es\/producto\/pandeira-de-piornedo\/","name":"Pandeira galega de Piornedo - Pablo Carpintero","isPartOf":{"@id":"https:\/\/pablocarpintero.es\/#website"},"primaryImageOfPage":{"@id":"https:\/\/pablocarpintero.es\/producto\/pandeira-de-piornedo\/#primaryimage"},"image":{"@id":"https:\/\/pablocarpintero.es\/producto\/pandeira-de-piornedo\/#primaryimage"},"thumbnailUrl":"https:\/\/pablocarpintero.es\/wp-content\/uploads\/2021\/10\/Pandeira-de-Piornedo-1-Pablo-Carpintero-3.jpg","datePublished":"2021-10-24T22:28:57+00:00","dateModified":"2025-09-05T05:05:27+00:00","breadcrumb":{"@id":"https:\/\/pablocarpintero.es\/producto\/pandeira-de-piornedo\/#breadcrumb"},"inLanguage":"es","potentialAction":[{"@type":"ReadAction","target":["https:\/\/pablocarpintero.es\/producto\/pandeira-de-piornedo\/"]}]},{"@type":"ImageObject","inLanguage":"es","@id":"https:\/\/pablocarpintero.es\/producto\/pandeira-de-piornedo\/#primaryimage","url":"https:\/\/pablocarpintero.es\/wp-content\/uploads\/2021\/10\/Pandeira-de-Piornedo-1-Pablo-Carpintero-3.jpg","contentUrl":"https:\/\/pablocarpintero.es\/wp-content\/uploads\/2021\/10\/Pandeira-de-Piornedo-1-Pablo-Carpintero-3.jpg","width":2091,"height":1394},{"@type":"BreadcrumbList","@id":"https:\/\/pablocarpintero.es\/producto\/pandeira-de-piornedo\/#breadcrumb","itemListElement":[{"@type":"ListItem","position":1,"name":"Portada","item":"https:\/\/pablocarpintero.es\/inicio\/"},{"@type":"ListItem","position":2,"name":"Tienda","item":"https:\/\/pablocarpintero.es\/tienda\/"},{"@type":"ListItem","position":3,"name":"Pandeira galega de Piornedo"}]},{"@type":"WebSite","@id":"https:\/\/pablocarpintero.es\/#website","url":"https:\/\/pablocarpintero.es\/","name":"Pablo Carpintero","description":"Otro sitio realizado con WordPress","potentialAction":[{"@type":"SearchAction","target":{"@type":"EntryPoint","urlTemplate":"https:\/\/pablocarpintero.es\/?s={search_term_string}"},"query-input":{"@type":"PropertyValueSpecification","valueRequired":true,"valueName":"search_term_string"}}],"inLanguage":"es"}]}},"_links":{"self":[{"href":"https:\/\/pablocarpintero.es\/es\/wp-json\/wp\/v2\/product\/594","targetHints":{"allow":["GET"]}}],"collection":[{"href":"https:\/\/pablocarpintero.es\/es\/wp-json\/wp\/v2\/product"}],"about":[{"href":"https:\/\/pablocarpintero.es\/es\/wp-json\/wp\/v2\/types\/product"}],"replies":[{"embeddable":true,"href":"https:\/\/pablocarpintero.es\/es\/wp-json\/wp\/v2\/comments?post=594"}],"wp:featuredmedia":[{"embeddable":true,"href":"https:\/\/pablocarpintero.es\/es\/wp-json\/wp\/v2\/media\/1058"}],"wp:attachment":[{"href":"https:\/\/pablocarpintero.es\/es\/wp-json\/wp\/v2\/media?parent=594"}],"wp:term":[{"taxonomy":"product_brand","embeddable":true,"href":"https:\/\/pablocarpintero.es\/es\/wp-json\/wp\/v2\/product_brand?post=594"},{"taxonomy":"product_cat","embeddable":true,"href":"https:\/\/pablocarpintero.es\/es\/wp-json\/wp\/v2\/product_cat?post=594"},{"taxonomy":"product_tag","embeddable":true,"href":"https:\/\/pablocarpintero.es\/es\/wp-json\/wp\/v2\/product_tag?post=594"}],"curies":[{"name":"wp","href":"https:\/\/api.w.org\/{rel}","templated":true}]}}

<p>Esta es la pandera de más diámetro que hemos hallado hasta la fecha, nada menos que 49 cm. Lleva un anillo de refuerzo en el marco y nueve agujeros para las sonajas ligeramente desviados. En cada uno de estos agujeros se alojan cuatro sonajas rizadas: dos exteriores bastante grandes y dos interiores más pequeñas.</p>
<p>&nbsp;</p>
<p>Puedes escuchar este y otros modelos de panderas gallegas que hemos replicado en el siguiente vídeo:</p>
<p>&nbsp;</p>
<div  class='avia-video av-x4l4-9c3d7f1c61481e5188e91398bf9e1349 avia-video-16-9 av-no-preview-image avia-video-load-always av-lazyload-immediate av-lazyload-video-embed'  itemprop="video" itemtype="https://schema.org/VideoObject"  data-original_url='https://www.youtube.com/watch?v=jin-JEfjfPI'><script type='text/html' class='av-video-tmpl'><div class='avia-iframe-wrap'><iframe loading="lazy" title="Pandeiras galegas" width="1500" height="844" src="https://www.youtube.com/embed/jin-JEfjfPI?feature=oembed&autoplay=0&loop=0&controls=1&mute=0" frameborder="0" allow="accelerometer; autoplay; clipboard-write; encrypted-media; gyroscope; picture-in-picture" allowfullscreen></iframe></div></script><div class='av-click-to-play-overlay'><div class="avia_playpause_icon"></div></div></div>

<p>Esta é a pandeira de máis diámetro que temos achado ata a data, nada menos que 49 cm. Leva un anel de reforzo no marco e nove furados para cernellas lixeiramente desviados para permitir unha maior facilidade na execución do toque de volta. En cada un destes furados alóxanse catro ferreñas rizadas: dúas exteriores, bastante [&hellip;]</p>

<!-- This site is optimized with the Yoast SEO plugin v27.2 - https://yoast.com/product/yoast-seo-wordpress/ -->
<title>Pandeira galega de Piornedo - Pablo Carpintero</title>
<meta name="robots" content="index, follow, max-snippet:-1, max-image-preview:large, max-video-preview:-1" />
<link rel="canonical" href="https://pablocarpintero.es/es/producto/pandeira-de-piornedo/" />
<meta property="og:locale" content="es_ES" />
<meta property="og:type" content="article" />
<meta property="og:title" content="Pandeira galega de Piornedo - Pablo Carpintero" />
<meta property="og:description" content="Esta é a pandeira de máis diámetro que temos achado ata a data, nada menos que 49 cm. Leva un anel de reforzo no marco e nove furados para cernellas lixeiramente desviados para permitir unha maior facilidade na execución do toque de volta. En cada un destes furados alóxanse catro ferreñas rizadas: dúas exteriores, bastante [&hellip;]" />
<meta property="og:url" content="https://pablocarpintero.es/es/producto/pandeira-de-piornedo/" />
<meta property="og:site_name" content="Pablo Carpintero" />
<meta property="article:modified_time" content="2025-09-05T05:05:27+00:00" />
<meta property="og:image" content="https://pablocarpintero.es/wp-content/uploads/2021/10/Pandeira-de-Piornedo-1-Pablo-Carpintero-3.jpg" />
	<meta property="og:image:width" content="2091" />
	<meta property="og:image:height" content="1394" />
	<meta property="og:image:type" content="image/jpeg" />
<meta name="twitter:card" content="summary_large_image" />
<meta name="twitter:label1" content="Tiempo de lectura" />
	<meta name="twitter:data1" content="1 minuto" />
<script type="application/ld+json" class="yoast-schema-graph">{"@context":"https://schema.org","@graph":[{"@type":"WebPage","@id":"https://pablocarpintero.es/producto/pandeira-de-piornedo/","url":"https://pablocarpintero.es/producto/pandeira-de-piornedo/","name":"Pandeira galega de Piornedo - Pablo Carpintero","isPartOf":{"@id":"https://pablocarpintero.es/#website"},"primaryImageOfPage":{"@id":"https://pablocarpintero.es/producto/pandeira-de-piornedo/#primaryimage"},"image":{"@id":"https://pablocarpintero.es/producto/pandeira-de-piornedo/#primaryimage"},"thumbnailUrl":"https://pablocarpintero.es/wp-content/uploads/2021/10/Pandeira-de-Piornedo-1-Pablo-Carpintero-3.jpg","datePublished":"2021-10-24T22:28:57+00:00","dateModified":"2025-09-05T05:05:27+00:00","breadcrumb":{"@id":"https://pablocarpintero.es/producto/pandeira-de-piornedo/#breadcrumb"},"inLanguage":"es","potentialAction":[{"@type":"ReadAction","target":["https://pablocarpintero.es/producto/pandeira-de-piornedo/"]}]},{"@type":"ImageObject","inLanguage":"es","@id":"https://pablocarpintero.es/producto/pandeira-de-piornedo/#primaryimage","url":"https://pablocarpintero.es/wp-content/uploads/2021/10/Pandeira-de-Piornedo-1-Pablo-Carpintero-3.jpg","contentUrl":"https://pablocarpintero.es/wp-content/uploads/2021/10/Pandeira-de-Piornedo-1-Pablo-Carpintero-3.jpg","width":2091,"height":1394},{"@type":"BreadcrumbList","@id":"https://pablocarpintero.es/producto/pandeira-de-piornedo/#breadcrumb","itemListElement":[{"@type":"ListItem","position":1,"name":"Portada","item":"https://pablocarpintero.es/inicio/"},{"@type":"ListItem","position":2,"name":"Tienda","item":"https://pablocarpintero.es/tienda/"},{"@type":"ListItem","position":3,"name":"Pandeira galega de Piornedo"}]},{"@type":"WebSite","@id":"https://pablocarpintero.es/#website","url":"https://pablocarpintero.es/","name":"Pablo Carpintero","description":"Otro sitio realizado con WordPress","potentialAction":[{"@type":"SearchAction","target":{"@type":"EntryPoint","urlTemplate":"https://pablocarpintero.es/?s={search_term_string}"},"query-input":{"@type":"PropertyValueSpecification","valueRequired":true,"valueName":"search_term_string"}}],"inLanguage":"es"}]}</script>
<!-- / Yoast SEO plugin. -->

Esta é a pandeira de máis diámetro que temos achado ata a data, nada menos que 49 cm. Leva un anel de reforzo no marco e nove furados para cernellas lixeiramente desviados para permitir unha maior facilidade na execución do toque de volta. En cada un destes furados alóxanse catro ferreñas rizadas: dúas exteriores, bastante [&hellip;]
